2024: Jan | Feb | Mar | Apr | May | Jun | Jul | Aug | Sep | Oct | Nov | Dec
2023: Jan | Feb | Mar | Apr | May | Jun | Jul | Aug | Sep | Oct | Nov | Dec
2022: Jan | Feb | Mar | Apr | May | Jun | Jul | Aug | Sep | Oct | Nov | Dec
2021: Jan | Feb | Mar | Apr | May | Jun | Jul | Aug | Sep | Oct | Nov | Dec
2020: Jan | Feb | Mar | Apr | May | Jun | Jul | Aug | Sep | Oct | Nov | Dec
2019: Jan | Feb | Mar | Apr | May | Jun | Jul | Aug | Sep | Oct | Nov | Dec
2018: Jan | Feb | Mar | Apr | May | Jun | Jul | Aug | Sep | Oct | Nov | Dec
2017: Jan | Feb | Mar | Apr | May | Jun | Jul | Aug | Sep | Oct | Nov | Dec
2016: Jan | Feb | Mar | Apr | May | Jun | Jul | Aug | Sep | Oct | Nov | Dec
2015: Jan | Feb | Mar | Apr | May | Jun | Jul | Aug | Sep | Oct | Nov | Dec
2014: Jan | Feb | Mar | Apr | May | Jun | Jul | Aug | Sep | Oct | Nov | Dec
2013: Jan | Feb | Mar | Apr | May | Jun | Jul | Aug | Sep | Oct | Nov | Dec
2012: Jan | Feb | Mar | Apr | May | Jun | Jul | Aug | Sep | Oct | Nov | Dec
2011: Jan | Feb | Mar | Apr | May | Jun | Jul | Aug | Sep | Oct | Nov | Dec
2010: Jan | Feb | Mar | Apr | May | Jun | Jul | Aug | Sep | Oct | Nov | Dec
2009: Jan | Feb | Mar | Apr | May | Jun | Jul | Aug | Sep | Oct | Nov | Dec
2008: Jan | Feb | Mar | Apr | May | Jun | Jul | Aug | Sep | Oct | Nov | Dec
Report for 2018 05
MONTHLY CLIMATOLOGICAL SUMMARY FOR 5/2018
HEAT COOL
MEAN DEG DEG WIND SPEED DOM MEAN MEAN
DAY TEMP HIGH TIME LOW TIME DAYS DAYS RAIN AVG HI TIME DIR BAROM HUM
---------------------------------------------------------------------------------------
1 53.3 63.5 2:15pm 42.8 1:59am 12 0 0.00 2 16 9:53pm NW 29.86 68
2 56.5 66.6 4:18pm 46.5 6:15am 9 0 0.00 1 16 1:32pm E 29.97 60
3 58.9 68.0 5:37pm 50.1 5:50am 7 1 0.00 2 16 1:01am E 30.17 63
4 63.5 74.3 1:11pm 54.5 6:09am 4 3 0.00 2 19 5:14am ESE 30.19 64
5 64.2 77.4 1:23pm 58.0 4:43am 3 2 0.00 2 18 1:17am E 30.02 59
6 61.1 73.1 1:32pm 51.5 6:54am 5 1 0.00 2 19 4:08am ESE 30.02 65
7 63.9 75.3 2:54pm 54.8 7:24am 4 3 0.00 2 15 4:13am E 30.08 52
8 65.4 78.4 3:20pm 56.4 5:50am 3 4 0.00 2 13 6:37am E 30.03 56
9 63.3 74.4 1:49pm 55.6 6:40am 4 2 0.00 2 15 3:35pm SE 29.99 59
10 61.7 70.4 3:59pm 53.2 6:06am 5 1 0.00 1 18 1:56am NW 29.91 58
11 60.3 70.9 3:23pm 51.9 6:34am 6 1 0.00 3 31 4:32pm N 29.80 46
12 57.4 68.7 1:19pm 50.7 5:43am 8 0 0.07 3 21 7:00pm ESE 29.85 55
13 59.1 67.7 2:05pm 52.4 3:09am 6 0 0.00 3 19 4:14am ESE 29.95 63
14 60.0 68.7 3:13pm 52.3 7:37am 6 1 0.00 2 18 3:10am S 29.92 69
15 58.9 68.2 1:14pm 50.9 11:59pm 7 0 0.00 2 18 4:59am ESE 29.96 68
16 49.0 52.3 2:41pm 46.0 6:26am 16 0 0.06 1 21 10:46am SE 30.05 87
17 56.8 65.9 4:06pm 48.1 3:46am 8 0 0.00 1 11 1:46pm WNW 30.02 78
18 61.0 71.0 5:36pm 52.3 5:27am 5 1 0.00 1 13 2:34pm W 29.93 74
19 62.6 71.9 2:18pm 55.3 11:56pm 4 2 0.00 3 15 3:18am ESE 29.88 67
20 58.0 66.6 3:42pm 48.0 6:27am 7 0 0.00 2 13 12:28am ESE 29.87 73
21 58.7 68.6 5:48pm 49.9 3:37am 7 1 0.04 1 12 3:51pm SE 29.82 75
22 62.1 70.8 5:09pm 54.0 6:04am 4 1 0.00 2 15 12:39pm ESE 29.83 75
23 62.9 71.4 1:52pm 55.3 11:01pm 3 1 0.00 2 19 1:24pm ESE 29.87 73
24 61.0 70.1 1:15pm 50.4 11:59pm 5 1 0.00 2 19 3:34am E 29.96 70
25 47.8 50.5 12:00am 46.0 11:19pm 17 0 0.29 1 13 7:10am SSE 30.08 92
26 51.4 58.2 4:40pm 45.4 1:13am 14 0 0.00 0 10 12:23pm NNE 30.08 88
27 61.4 73.9 5:49pm 49.2 3:36am 6 2 0.00 2 14 4:50am N 29.99 71
28 68.3 80.1 5:34pm 59.3 5:13am 2 5 0.00 2 18 5:27am E 29.92 57
29 72.7 84.5 2:35pm 63.8 6:35am 0 8 0.00 3 19 5:14am ESE 29.78 48
30 65.8 75.6 1:54pm 53.6 11:33pm 2 3 0.00 6 23 4:19pm SSE 29.69 49
31 53.3 62.6 2:10pm 45.0 6:47am 12 0 0.00 4 22 5:47am SSE 29.89 57
---------------------------------------------------------------------------------------
TOT 60.0 84.5 5/29/18 42.8 5/1/18 199 45 0.47 2 31 5/11/18 ESE 29.95 66
HEAT BASE: 65.0
COOL BASE: 65.0