2024: Jan | Feb | Mar | Apr | May | Jun | Jul | Aug | Sep | Oct | Nov | Dec
2023: Jan | Feb | Mar | Apr | May | Jun | Jul | Aug | Sep | Oct | Nov | Dec
2022: Jan | Feb | Mar | Apr | May | Jun | Jul | Aug | Sep | Oct | Nov | Dec
2021: Jan | Feb | Mar | Apr | May | Jun | Jul | Aug | Sep | Oct | Nov | Dec
2020: Jan | Feb | Mar | Apr | May | Jun | Jul | Aug | Sep | Oct | Nov | Dec
2019: Jan | Feb | Mar | Apr | May | Jun | Jul | Aug | Sep | Oct | Nov | Dec
2018: Jan | Feb | Mar | Apr | May | Jun | Jul | Aug | Sep | Oct | Nov | Dec
2017: Jan | Feb | Mar | Apr | May | Jun | Jul | Aug | Sep | Oct | Nov | Dec
2016: Jan | Feb | Mar | Apr | May | Jun | Jul | Aug | Sep | Oct | Nov | Dec
2015: Jan | Feb | Mar | Apr | May | Jun | Jul | Aug | Sep | Oct | Nov | Dec
2014: Jan | Feb | Mar | Apr | May | Jun | Jul | Aug | Sep | Oct | Nov | Dec
2013: Jan | Feb | Mar | Apr | May | Jun | Jul | Aug | Sep | Oct | Nov | Dec
2012: Jan | Feb | Mar | Apr | May | Jun | Jul | Aug | Sep | Oct | Nov | Dec
2011: Jan | Feb | Mar | Apr | May | Jun | Jul | Aug | Sep | Oct | Nov | Dec
2010: Jan | Feb | Mar | Apr | May | Jun | Jul | Aug | Sep | Oct | Nov | Dec
2009: Jan | Feb | Mar | Apr | May | Jun | Jul | Aug | Sep | Oct | Nov | Dec
2008: Jan | Feb | Mar | Apr | May | Jun | Jul | Aug | Sep | Oct | Nov | Dec
Report for 2018 07
MONTHLY CLIMATOLOGICAL SUMMARY FOR 7/2018
HEAT COOL
MEAN DEG DEG WIND SPEED DOM MEAN MEAN
DAY TEMP HIGH TIME LOW TIME DAYS DAYS RAIN AVG HI TIME DIR BAROM HUM
---------------------------------------------------------------------------------------
1 78.7 90.1 3:28pm 69.8 4:58am 0 14 0.00 1 16 12:22am E 29.87 37
2 76.9 87.5 2:15pm 68.5 7:12am 0 12 0.00 1 13 1:07am E 29.83 47
3 72.4 81.9 2:36pm 65.8 11:26pm 0 7 0.00 2 20 12:29pm ESE 29.77 52
4 68.1 77.7 1:59pm 61.4 2:23am 1 4 0.00 2 16 3:50am ESE 29.90 59
5 69.2 81.9 1:40pm 60.2 6:46am 1 6 0.00 2 18 12:48pm ESE 30.09 54
6 72.4 84.5 2:38pm 66.3 12:45am 0 7 0.00 2 18 7:51am E 30.11 43
7 76.1 87.4 2:27pm 68.1 6:50am 0 11 0.00 2 16 12:16am E 29.98 42
8 76.7 90.4 1:56pm 68.5 6:44am 0 12 0.00 2 18 6:11am ESE 29.94 34
9 75.4 87.6 3:25pm 67.1 7:04am 0 10 0.00 1 16 7:06am ESE 29.99 30
10 76.0 87.7 1:50pm 67.9 6:59am 0 11 0.00 2 15 2:18am ESE 29.95 35
11 77.3 89.9 1:48pm 68.3 7:15am 0 12 0.00 3 19 2:32am E 29.85 40
12 77.6 87.8 2:11pm 69.8 7:12am 0 13 0.00 1 13 2:01am E 29.89 43
13 75.0 83.5 2:56pm 70.6 3:05am 0 10 0.00 0 11 2:53am ENE 29.98 51
14 78.6 88.8 2:14pm 70.1 6:49am 0 14 0.00 1 12 7:18am ESE 29.95 51
15 79.5 89.5 2:50pm 72.6 6:14am 0 15 0.00 2 14 6:30am E 29.89 52
16 79.6 91.0 3:37pm 71.0 6:35am 0 15 0.00 2 16 3:27am E 29.90 50
17 79.2 91.0 2:40pm 70.5 6:45am 0 14 0.00 1 14 6:22am E 29.92 42
18 80.4 91.9 1:40pm 71.0 6:04am 0 15 0.00 2 19 6:23am E 29.92 40
19 80.8 92.4 2:58pm 72.8 6:45am 0 16 0.00 2 18 6:37am ESE 29.86 41
20 77.8 87.9 1:25pm 71.2 6:35am 0 13 0.00 2 18 6:52am ESE 29.86 44
21 77.2 86.0 2:12pm 70.6 7:26am 0 12 0.00 2 16 4:37am ESE 29.91 48
22 77.2 86.3 2:47pm 70.5 6:17am 0 12 0.00 1 13 5:44am E 30.00 56
23 78.3 89.5 2:09pm 69.5 6:54am 0 13 0.00 1 11 3:12pm W 29.99 57
24 80.4 90.9 2:20pm 72.7 6:29am 0 15 0.00 1 13 2:42am E 29.98 51
25 81.8 93.8 1:34pm 73.3 7:06am 0 17 0.00 3 21 1:59am E 29.99 41
26 82.0 93.2 3:39pm 74.3 5:53am 0 17 0.00 2 13 11:14pm E 29.91 39
27 81.6 93.3 3:40pm 74.8 6:45am 0 17 0.00 2 18 7:29am ESE 29.86 36
28 79.8 91.5 2:28pm 72.3 6:17am 0 15 0.00 2 18 7:18am E 29.87 37
29 78.2 87.5 2:41pm 70.6 7:33am 0 13 0.00 2 14 2:09am E 29.92 41
30 78.4 89.8 3:32pm 71.3 8:16am 0 13 0.00 1 15 2:08am E 29.91 42
31 80.2 91.0 3:26pm 73.4 8:04am 0 15 0.00 2 15 7:56am E 29.89 44
---------------------------------------------------------------------------------------
TOT 77.5 93.8 7/25/18 60.2 7/5/18 2 390 0.00 2 21 7/25/18 E 29.92 45
HEAT BASE: 65.0
COOL BASE: 65.0