2024: Jan | Feb | Mar | Apr | May | Jun | Jul | Aug | Sep | Oct | Nov | Dec
2023: Jan | Feb | Mar | Apr | May | Jun | Jul | Aug | Sep | Oct | Nov | Dec
2022: Jan | Feb | Mar | Apr | May | Jun | Jul | Aug | Sep | Oct | Nov | Dec
2021: Jan | Feb | Mar | Apr | May | Jun | Jul | Aug | Sep | Oct | Nov | Dec
2020: Jan | Feb | Mar | Apr | May | Jun | Jul | Aug | Sep | Oct | Nov | Dec
2019: Jan | Feb | Mar | Apr | May | Jun | Jul | Aug | Sep | Oct | Nov | Dec
2018: Jan | Feb | Mar | Apr | May | Jun | Jul | Aug | Sep | Oct | Nov | Dec
2017: Jan | Feb | Mar | Apr | May | Jun | Jul | Aug | Sep | Oct | Nov | Dec
2016: Jan | Feb | Mar | Apr | May | Jun | Jul | Aug | Sep | Oct | Nov | Dec
2015: Jan | Feb | Mar | Apr | May | Jun | Jul | Aug | Sep | Oct | Nov | Dec
2014: Jan | Feb | Mar | Apr | May | Jun | Jul | Aug | Sep | Oct | Nov | Dec
2013: Jan | Feb | Mar | Apr | May | Jun | Jul | Aug | Sep | Oct | Nov | Dec
2012: Jan | Feb | Mar | Apr | May | Jun | Jul | Aug | Sep | Oct | Nov | Dec
2011: Jan | Feb | Mar | Apr | May | Jun | Jul | Aug | Sep | Oct | Nov | Dec
2010: Jan | Feb | Mar | Apr | May | Jun | Jul | Aug | Sep | Oct | Nov | Dec
2009: Jan | Feb | Mar | Apr | May | Jun | Jul | Aug | Sep | Oct | Nov | Dec
2008: Jan | Feb | Mar | Apr | May | Jun | Jul | Aug | Sep | Oct | Nov | Dec
Report for 2018 10
MONTHLY CLIMATOLOGICAL SUMMARY FOR 10/2018
HEAT COOL
MEAN DEG DEG WIND SPEED DOM MEAN MEAN
DAY TEMP HIGH TIME LOW TIME DAYS DAYS RAIN AVG HI TIME DIR BAROM HUM
---------------------------------------------------------------------------------------
1 63.9 74.3 3:02pm 57.2 7:17am 3 2 0.00 2 21 1:31am SSE 29.86 55
2 66.4 76.9 2:08pm 60.3 3:58am 2 3 0.00 2 18 7:11am ESE 29.82 54
3 61.6 67.7 2:34pm 54.7 9:16pm 4 0 0.57 2 16 6:24pm ESE 29.88 73
4 55.0 56.7 5:18pm 52.8 11:59pm 10 0 0.35 1 15 9:58am ESE 29.99 94
5 55.5 63.9 2:52pm 48.1 7:17am 10 0 0.00 0 12 12:05am E 30.06 85
6 57.5 65.8 4:16pm 50.9 7:50am 8 0 0.01 1 17 2:04pm N 29.92 69
7 58.1 70.5 3:30pm 49.6 8:06am 7 1 0.00 1 21 11:23pm NE 29.91 44
8 60.2 69.1 4:10pm 54.4 6:35am 5 1 0.00 1 22 7:37am ENE 29.84 44
9 61.0 70.4 2:20pm 54.0 7:53am 5 1 0.00 1 14 9:49pm ESE 29.81 55
10 59.1 66.4 12:45pm 54.3 6:53am 6 0 0.00 2 20 12:39am ESE 29.78 61
11 58.1 64.8 4:39pm 51.5 7:58am 7 0 0.00 1 21 10:56pm E 29.84 65
12 63.1 73.4 1:26pm 57.1 12:37am 4 2 0.00 4 26 2:09am E 29.89 39
13 63.0 72.1 2:05pm 56.3 7:55am 4 2 0.00 2 25 11:23pm E 29.85 34
14 62.5 72.9 2:14pm 53.4 9:57pm 4 1 0.00 6 43 6:42pm E 29.95 22
15 62.5 72.8 1:48pm 55.4 5:02am 4 2 0.00 6 44 2:30am E 30.12 17
16 65.4 75.6 12:44pm 60.2 6:57am 2 2 0.00 4 34 12:51am E 30.07 21
17 61.5 70.8 2:17pm 55.0 6:43am 5 1 0.00 1 16 12:00am ESE 30.09 29
18 61.2 71.7 2:44pm 54.2 6:45am 5 1 0.00 1 15 7:17am E 30.13 34
19 64.1 75.2 2:45pm 55.6 7:43am 3 2 0.00 1 23 8:25pm E 30.12 31
20 65.8 74.9 2:15pm 60.5 11:55pm 2 3 0.00 2 20 12:21am E 30.01 30
21 63.3 74.4 2:33pm 56.7 6:44am 4 2 0.00 2 19 4:31am E 29.96 31
22 61.3 71.6 1:48pm 54.6 6:38am 5 1 0.00 1 14 2:51pm E 29.94 33
23 59.7 69.7 12:16pm 54.4 6:44am 6 1 0.00 2 18 5:00am E 29.99 38
24 59.8 69.8 2:09pm 54.1 5:09am 6 1 0.00 1 19 5:40am E 30.05 37
25 61.5 72.7 3:28pm 53.8 7:24am 5 2 0.00 1 16 3:13am E 30.11 38
26 63.5 73.3 3:41pm 57.3 5:55am 3 2 0.00 1 15 6:17am E 30.10 45
27 64.4 74.3 2:57pm 59.1 7:47am 3 2 0.00 1 18 5:23am ESE 30.06 47
28 60.9 68.8 1:10pm 54.9 11:59pm 5 1 0.00 2 19 4:00am ESE 30.08 57
29 54.5 60.0 1:50pm 49.3 11:51pm 10 0 0.00 0 14 10:26pm NNW 30.12 69
30 55.7 65.4 4:02pm 48.6 1:43am 9 0 0.00 2 21 11:04pm E 30.09 39
31 57.5 65.6 2:44pm 51.2 8:25am 7 0 0.00 2 21 1:39am E 30.14 34
---------------------------------------------------------------------------------------
TOT 60.9 76.9 10/2/18 48.1 10/5/18 163 36 0.92 2 43 10/14/18 E 29.99 46
HEAT BASE: 65.0
COOL BASE: 65.0