2024: Jan | Feb | Mar | Apr | May | Jun | Jul | Aug | Sep | Oct | Nov | Dec
2023: Jan | Feb | Mar | Apr | May | Jun | Jul | Aug | Sep | Oct | Nov | Dec
2022: Jan | Feb | Mar | Apr | May | Jun | Jul | Aug | Sep | Oct | Nov | Dec
2021: Jan | Feb | Mar | Apr | May | Jun | Jul | Aug | Sep | Oct | Nov | Dec
2020: Jan | Feb | Mar | Apr | May | Jun | Jul | Aug | Sep | Oct | Nov | Dec
2019: Jan | Feb | Mar | Apr | May | Jun | Jul | Aug | Sep | Oct | Nov | Dec
2018: Jan | Feb | Mar | Apr | May | Jun | Jul | Aug | Sep | Oct | Nov | Dec
2017: Jan | Feb | Mar | Apr | May | Jun | Jul | Aug | Sep | Oct | Nov | Dec
2016: Jan | Feb | Mar | Apr | May | Jun | Jul | Aug | Sep | Oct | Nov | Dec
2015: Jan | Feb | Mar | Apr | May | Jun | Jul | Aug | Sep | Oct | Nov | Dec
2014: Jan | Feb | Mar | Apr | May | Jun | Jul | Aug | Sep | Oct | Nov | Dec
2013: Jan | Feb | Mar | Apr | May | Jun | Jul | Aug | Sep | Oct | Nov | Dec
2012: Jan | Feb | Mar | Apr | May | Jun | Jul | Aug | Sep | Oct | Nov | Dec
2011: Jan | Feb | Mar | Apr | May | Jun | Jul | Aug | Sep | Oct | Nov | Dec
2010: Jan | Feb | Mar | Apr | May | Jun | Jul | Aug | Sep | Oct | Nov | Dec
2009: Jan | Feb | Mar | Apr | May | Jun | Jul | Aug | Sep | Oct | Nov | Dec
2008: Jan | Feb | Mar | Apr | May | Jun | Jul | Aug | Sep | Oct | Nov | Dec
Report for 2018 12
MONTHLY CLIMATOLOGICAL SUMMARY FOR 12/2018
HEAT COOL
MEAN DEG DEG WIND SPEED DOM MEAN MEAN
DAY TEMP HIGH TIME LOW TIME DAYS DAYS RAIN AVG HI TIME DIR BAROM HUM
---------------------------------------------------------------------------------------
1 37.2 41.3 2:07pm 33.2 11:03pm 28 0 0.88 3 25 6:40am SSE 30.04 96
2 35.1 41.5 2:03pm 31.7 7:22am 30 0 0.00 1 16 11:58pm E 30.19 95
3 37.6 44.2 2:32pm 31.7 6:46am 27 0 0.00 3 21 6:59am E 30.26 78
4 44.0 47.9 2:46pm 40.2 12:00am 21 0 0.00 2 21 6:37am E 30.09 76
5 42.9 47.2 2:34pm 39.0 4:37am 22 0 0.17 1 21 5:41am ESE 29.97 90
6 44.9 51.3 2:41pm 41.4 8:12am 20 0 0.00 1 13 11:23pm E 30.00 84
7 44.3 51.3 2:36pm 39.8 5:52am 21 0 0.00 1 18 2:57am E 30.21 83
8 44.0 52.0 2:15pm 39.3 7:44am 21 0 0.00 1 15 1:59am E 30.37 83
9 43.8 51.7 1:11pm 39.6 5:51am 21 0 0.00 2 19 3:18am E 30.36 72
10 44.2 50.1 2:09pm 40.7 11:53pm 21 0 0.00 1 20 1:02am E 30.24 75
11 42.3 48.5 1:13pm 39.5 7:59pm 23 0 0.00 0 12 5:12am E 30.22 78
12 45.2 53.8 2:35pm 38.5 7:50am 20 0 0.00 1 18 1:29am ESE 30.31 75
13 45.7 52.5 2:06pm 39.7 7:27am 19 0 0.00 1 16 2:54am ESE 30.30 61
14 47.5 52.3 10:20am 43.8 12:29am 17 0 0.00 4 24 9:57am SE 30.16 60
15 46.3 53.2 1:26pm 42.2 11:58pm 19 0 0.00 1 19 9:44pm ESE 30.15 69
16 45.6 52.6 12:58pm 41.4 3:54am 19 0 0.72 4 34 10:14pm SE 30.14 65
17 42.7 46.4 1:48pm 37.8 8:10am 22 0 0.44 2 24 12:24am ESE 30.23 93
18 45.0 51.3 2:12pm 39.8 7:28am 20 0 0.00 1 20 7:18pm ESE 30.38 83
19 47.1 55.7 1:50pm 42.0 7:50am 18 0 0.00 1 16 10:14pm E 30.30 81
20 46.7 54.5 12:27pm 41.1 3:53am 18 0 0.06 1 17 10:05am ESE 30.20 75
21 46.0 49.7 3:36pm 42.9 11:45pm 19 0 0.38 1 20 12:39am ESE 30.13 95
22 44.9 49.4 11:14am 40.8 7:50am 20 0 0.00 2 21 3:17am E 30.19 82
23 45.3 49.8 2:07pm 43.4 3:57am 20 0 0.06 1 18 5:41pm ESE 30.28 84
24 44.6 46.1 4:15pm 39.3 11:59pm 20 0 1.70 3 29 5:08pm S 30.07 95
25 40.0 47.6 1:48pm 34.5 7:56am 25 0 0.09 1 13 2:50pm N 30.01 87
26 40.2 47.4 1:24pm 35.6 1:58am 25 0 0.00 0 15 5:25am E 30.17 77
27 38.2 45.6 1:12pm 33.8 7:31am 27 0 0.00 2 27 3:33pm NNE 30.20 67
28 37.0 45.8 2:42pm 30.2 8:13am 28 0 0.00 1 12 3:49am N 30.30 53
29 41.4 48.1 1:55pm 36.8 7:25am 24 0 0.00 0 16 12:59am ENE 30.39 59
30 41.4 48.9 1:34pm 35.8 6:13am 24 0 0.00 0 7 2:17am NNW 30.20 81
31 36.5 44.0 1:34pm 30.6 11:56pm 29 0 0.00 2 29 4:00am NE 30.10 54
---------------------------------------------------------------------------------------
TOT 42.8 55.7 12/19/18 30.2 12/28/18 687 0 4.51 1 34 12/16/18 ESE 30.20 78
HEAT BASE: 65.0
COOL BASE: 65.0