2024: Jan | Feb | Mar | Apr | May | Jun | Jul | Aug | Sep | Oct | Nov | Dec
2023: Jan | Feb | Mar | Apr | May | Jun | Jul | Aug | Sep | Oct | Nov | Dec
2022: Jan | Feb | Mar | Apr | May | Jun | Jul | Aug | Sep | Oct | Nov | Dec
2021: Jan | Feb | Mar | Apr | May | Jun | Jul | Aug | Sep | Oct | Nov | Dec
2020: Jan | Feb | Mar | Apr | May | Jun | Jul | Aug | Sep | Oct | Nov | Dec
2019: Jan | Feb | Mar | Apr | May | Jun | Jul | Aug | Sep | Oct | Nov | Dec
2018: Jan | Feb | Mar | Apr | May | Jun | Jul | Aug | Sep | Oct | Nov | Dec
2017: Jan | Feb | Mar | Apr | May | Jun | Jul | Aug | Sep | Oct | Nov | Dec
2016: Jan | Feb | Mar | Apr | May | Jun | Jul | Aug | Sep | Oct | Nov | Dec
2015: Jan | Feb | Mar | Apr | May | Jun | Jul | Aug | Sep | Oct | Nov | Dec
2014: Jan | Feb | Mar | Apr | May | Jun | Jul | Aug | Sep | Oct | Nov | Dec
2013: Jan | Feb | Mar | Apr | May | Jun | Jul | Aug | Sep | Oct | Nov | Dec
2012: Jan | Feb | Mar | Apr | May | Jun | Jul | Aug | Sep | Oct | Nov | Dec
2011: Jan | Feb | Mar | Apr | May | Jun | Jul | Aug | Sep | Oct | Nov | Dec
2010: Jan | Feb | Mar | Apr | May | Jun | Jul | Aug | Sep | Oct | Nov | Dec
2009: Jan | Feb | Mar | Apr | May | Jun | Jul | Aug | Sep | Oct | Nov | Dec
2008: Jan | Feb | Mar | Apr | May | Jun | Jul | Aug | Sep | Oct | Nov | Dec
Report for 2019 01
MONTHLY CLIMATOLOGICAL SUMMARY FOR 1/2019
HEAT COOL
MEAN DEG DEG WIND SPEED DOM MEAN MEAN
DAY TEMP HIGH TIME LOW TIME DAYS DAYS RAIN AVG HI TIME DIR BAROM HUM
---------------------------------------------------------------------------------------
1 38.5 49.0 3:00pm 29.7 2:14am 26 0 0.00 2 31 6:19am E 30.27 42
2 36.8 44.8 2:51pm 31.7 7:14am 28 0 0.00 0 15 11:44pm ESE 30.31 73
3 42.3 51.4 2:14pm 36.3 12:00am 23 0 0.00 1 16 4:59am E 30.28 63
4 43.5 51.0 1:30pm 39.7 7:24am 21 0 0.00 1 15 3:58am ESE 30.05 61
5 40.1 44.8 10:02am 37.7 1:51pm 25 0 0.46 10 41 12:18pm SE 29.84 77
6 38.5 43.6 11:52pm 35.9 4:14pm 27 0 1.64 12 41 8:14pm SSE 29.92 96
7 44.6 47.1 2:35pm 42.7 11:40pm 20 0 0.36 4 33 1:37am S 30.19 97
8 46.9 52.2 2:58pm 42.7 12:00am 18 0 0.05 4 26 8:00pm SE 30.10 88
9 46.2 47.5 2:19pm 44.2 10:05pm 19 0 1.08 8 42 3:59am SSE 30.11 96
10 44.3 50.7 2:19pm 39.9 7:46am 21 0 0.02 1 16 6:21am ESE 30.20 93
11 44.2 52.9 12:26pm 37.8 7:57am 21 0 0.00 1 22 9:32am E 30.04 75
12 45.2 52.1 1:16pm 41.4 7:21am 20 0 0.00 1 15 4:59am E 30.06 74
13 44.2 51.0 2:36pm 40.4 7:56am 21 0 0.00 2 24 1:15am E 30.09 75
14 43.4 49.9 1:35pm 39.4 4:22am 22 0 0.18 1 21 8:33am ESE 29.99 64
15 40.8 44.1 10:47pm 39.3 5:31am 24 0 1.58 4 38 9:54pm SE 29.92 95
16 45.7 48.4 1:04pm 44.0 12:00am 19 0 2.34 13 46 7:59pm SSE 29.95 95
17 43.7 46.5 1:12am 42.1 10:44am 21 0 1.13 8 35 12:22am SSW 30.05 97
18 43.9 47.0 2:38pm 40.7 7:22am 21 0 0.03 1 16 7:42pm ESE 30.39 96
19 48.8 55.5 2:50pm 44.1 12:01am 16 0 0.03 2 21 12:41am ESE 30.38 96
20 45.3 48.2 5:05am 35.4 11:59pm 20 0 1.22 7 28 3:46pm SSW 30.04 97
21 35.9 42.3 2:53pm 32.3 10:39pm 29 0 0.32 1 14 12:01am NNW 30.23 94
22 39.2 49.3 1:35pm 31.9 2:42am 26 0 0.00 1 22 3:22am E 30.45 75
23 43.1 51.7 1:54pm 36.0 4:41am 22 0 0.00 1 13 3:42am ESE 30.46 80
24 46.1 54.0 3:06pm 41.8 11:58pm 19 0 0.00 1 23 8:01pm E 30.30 72
25 48.7 58.8 2:50pm 41.4 12:19am 16 0 0.00 1 13 12:41am E 30.30 53
26 53.1 60.1 2:25pm 47.2 7:41am 12 0 0.00 2 25 4:44am E 30.33 48
27 54.2 64.1 3:05pm 48.0 7:54am 11 0 0.00 1 15 1:41am E 30.22 49
28 52.5 59.6 3:51pm 47.8 7:58am 12 0 0.00 1 12 12:00am E 30.07 58
29 52.3 59.1 1:49pm 48.4 8:05pm 13 0 0.00 1 19 10:45pm ESE 30.00 70
30 50.9 59.5 3:26pm 46.9 3:11am 14 0 0.00 1 16 8:35pm ESE 29.95 72
31 49.7 57.9 1:41pm 45.3 11:54pm 15 0 0.00 1 15 1:27pm ESE 29.93 78
---------------------------------------------------------------------------------------
TOT 44.9 64.1 1/27/19 29.7 1/1/19 622 0 10.44 3 45 1/16/19 E 30.14 77
HEAT BASE: 65.0
COOL BASE: 65.0