NOAA-reports For Foresthill Weather.com
2021: Jan | Feb | Mar | Apr | May | Jun | Jul | Aug | Sep | Oct | Nov | Dec 
 2020: Jan | Feb | Mar | Apr | May | Jun | Jul | Aug | Sep | Oct | Nov | Dec 
 2019: Jan | Feb | Mar | Apr | May | Jun | Jul | Aug | Sep | Oct | Nov | Dec 
2018: Jan | Feb | Mar | Apr | May | Jun | Jul | Aug | Sep | Oct | Nov | Dec 
2017: Jan | Feb | Mar | Apr | May | Jun | Jul | Aug | Sep | Oct | Nov | Dec 
2016: Jan | Feb | Mar | Apr | May | Jun | Jul | Aug | Sep | Oct | Nov | Dec 
2015: Jan | Feb | Mar | Apr | May | Jun | Jul | Aug | Sep | Oct | Nov | Dec 
2014: Jan | Feb | Mar | Apr | May | Jun | Jul | Aug | Sep | Oct | Nov | Dec 
2013: Jan | Feb | Mar | Apr | May | Jun | Jul | Aug | Sep | Oct | Nov | Dec 
2012: Jan | Feb | Mar | Apr | May | Jun | Jul | Aug | Sep | Oct | Nov | Dec 
2011: Jan | Feb | Mar | Apr | May | Jun | Jul | Aug | Sep | Oct | Nov | Dec 
2010: Jan | Feb | Mar | Apr | May | Jun | Jul | Aug | Sep | Oct | Nov | Dec 
2009: Jan | Feb | Mar | Apr | May | Jun | Jul | Aug | Sep | Oct | Nov | Dec 
2008: Jan | Feb | Mar | Apr | May | Jun | Jul | Aug | Sep | Oct | Nov | Dec 

Report for 2021 10
MONTHLY CLIMATOLOGICAL SUMMARY FOR 10/2021 HEAT COOL MEAN DEG DEG WIND SPEED DOM MEAN MEAN DAY TEMP HIGH TIME LOW TIME DAYS DAYS RAIN AVG HI TIME DIR BAROM HUM --------------------------------------------------------------------------------------- 1 68.9 83.3 1:09pm 59.4 6:21am 2 6 0.00 2 16 8:11am E 30.00 27 2 71.1 86.5 1:31pm 61.8 6:57am 1 7 0.00 3 18 4:42am ESE 30.01 27 3 71.1 83.4 1:54pm 63.5 5:02am 0 6 0.00 3 18 11:47pm E 29.97 29 4 72.1 87.6 1:14pm 62.3 6:49am 0 8 0.00 4 19 12:13am ESE 29.92 21 5 66.9 78.3 1:17pm 60.5 6:48am 1 3 0.00 4 20 2:07am ESE 29.91 28 6 61.5 71.1 2:33pm 53.5 11:58pm 5 1 0.00 3 19 1:24pm SSE 29.95 43 7 57.9 68.3 1:34pm 48.9 10:51pm 7 0 0.03 1 17 3:44pm SSW 29.95 54 8 49.3 57.5 2:11pm 43.7 11:12pm 16 0 0.19 2 20 5:35am S 30.05 74 9 53.2 66.2 2:34pm 43.3 7:35am 12 0 0.00 2 15 1:29pm E 30.20 58 10 58.0 70.6 2:13pm 49.9 7:49am 8 1 0.00 1 15 9:22pm E 30.09 44 11 49.0 58.3 2:10pm 39.1 7:46am 16 0 0.00 3 30 3:18pm NNE 29.92 45 12 49.3 63.6 1:52pm 39.2 7:27am 16 0 0.00 2 20 12:27am N 30.03 30 13 53.2 64.9 1:58pm 46.5 4:45am 12 0 0.00 1 18 12:05am ESE 30.03 29 14 55.5 68.7 1:38pm 45.0 3:26am 10 1 0.00 2 14 2:58pm E 30.11 39 15 61.5 76.1 2:32pm 51.1 7:05am 6 2 0.00 2 19 1:46am ESE 30.17 28 16 63.9 79.6 1:36pm 55.2 3:03am 4 3 0.00 2 13 8:26am ESE 30.04 30 17 56.1 58.3 12:00am 54.4 4:56am 2 0 0.00 3 16 3:08am ESE 29.93 35 --------------------------------------------------------------------------------------- TOT 60.1 87.6 10/4/21 39.1 10/11/21 117 38 0.22 2 30 10/11/21 ESE 30.02 38 HEAT BASE: 65.0 COOL BASE: 65.0
powered by Cumulus v1.9.3 (1059)
Ambient Weather VWS v14.00
Top Website Map Copyright © 2007 - noaa Foresthillweather.com Never base important decisions on this or any weather information obtained from the Internet