NOAA-reports For Foresthill Weather.com
2024: Jan | Feb | Mar | Apr | May | Jun | Jul | Aug | Sep | Oct | Nov | Dec 
2023: Jan | Feb | Mar | Apr | May | Jun | Jul | Aug | Sep | Oct | Nov | Dec 
2022: Jan | Feb | Mar | Apr | May | Jun | Jul | Aug | Sep | Oct | Nov | Dec 
2021: Jan | Feb | Mar | Apr | May | Jun | Jul | Aug | Sep | Oct | Nov | Dec 
2020: Jan | Feb | Mar | Apr | May | Jun | Jul | Aug | Sep | Oct | Nov | Dec 
2019: Jan | Feb | Mar | Apr | May | Jun | Jul | Aug | Sep | Oct | Nov | Dec 
2018: Jan | Feb | Mar | Apr | May | Jun | Jul | Aug | Sep | Oct | Nov | Dec 
2017: Jan | Feb | Mar | Apr | May | Jun | Jul | Aug | Sep | Oct | Nov | Dec 
2016: Jan | Feb | Mar | Apr | May | Jun | Jul | Aug | Sep | Oct | Nov | Dec 
2015: Jan | Feb | Mar | Apr | May | Jun | Jul | Aug | Sep | Oct | Nov | Dec 
2014: Jan | Feb | Mar | Apr | May | Jun | Jul | Aug | Sep | Oct | Nov | Dec 
2013: Jan | Feb | Mar | Apr | May | Jun | Jul | Aug | Sep | Oct | Nov | Dec 
2012: Jan | Feb | Mar | Apr | May | Jun | Jul | Aug | Sep | Oct | Nov | Dec 
2011: Jan | Feb | Mar | Apr | May | Jun | Jul | Aug | Sep | Oct | Nov | Dec 
2010: Jan | Feb | Mar | Apr | May | Jun | Jul | Aug | Sep | Oct | Nov | Dec 
2009: Jan | Feb | Mar | Apr | May | Jun | Jul | Aug | Sep | Oct | Nov | Dec 
2008: Jan | Feb | Mar | Apr | May | Jun | Jul | Aug | Sep | Oct | Nov | Dec 

Report for 2024 04
MONTHLY CLIMATOLOGICAL SUMMARY FOR 4/2024 HEAT COOL MEAN DEG DEG WIND SPEED DOM MEAN MEAN DAY TEMP HIGH TIME LOW TIME DAYS DAYS RAIN AVG HI TIME DIR BAROM HUM --------------------------------------------------------------------------------------- 1 50.1 63.1 5:13pm 39.3 3:46am 15 0 0.00 1 19 1:28pm WNW 30.08 62 2 55.7 67.0 1:49pm 47.5 1:57am 9 0 0.00 3 15 3:43pm ESE 30.28 64 3 54.9 67.6 12:51pm 43.4 11:56pm 10 0 0.01 6 24 2:54pm ESE 30.09 72 4 35.3 43.4 12:00am 31.1 9:57pm 30 0 0.40 4 22 1:02am SSE 29.80 87 5 33.7 37.8 5:50pm 31.6 3:13am 31 0 0.36 0 11 12:17pm S 29.96 94 6 38.5 48.9 4:55pm 30.5 7:02am 26 0 0.00 3 15 7:29am ESE 30.33 81 7 41.6 53.2 4:52pm 33.2 6:36am 23 0 0.06 2 18 1:53pm WNW 30.22 78 8 50.2 66.4 2:42pm 36.6 1:05am 15 0 0.00 2 21 11:32pm NNE 30.14 55 9 56.2 67.3 2:23pm 46.7 6:45am 9 0 0.00 2 19 12:00am E 30.16 49 10 59.1 72.1 2:49pm 48.5 6:24am 7 2 0.00 1 11 4:01pm ESE 30.12 63 11 63.8 76.9 2:04pm 53.6 6:53am 5 4 0.00 4 20 6:38am ESE 29.92 55 12 56.2 62.8 12:37pm 45.3 11:33pm 9 0 0.00 4 20 4:46am ESE 29.72 64 13 41.5 47.9 8:53am 36.9 12:06pm 24 0 0.41 3 24 6:01am S 29.92 91 14 40.9 47.3 1:41pm 36.3 5:19am 24 0 0.08 1 13 5:22am WSW 30.15 91 15 47.9 59.6 5:39pm 37.1 7:01am 17 0 0.00 1 15 3:08pm W 30.20 82 16 53.9 66.4 5:29pm 43.4 7:04am 11 0 0.00 1 12 1:26pm W 30.15 79 17 51.0 53.7 12:00am 49.4 6:07am 4 0 0.00 3 14 5:49am E 30.10 76 --------------------------------------------------------------------------------------- TOT 48.8 76.9 4/11/24 30.5 4/6/24 270 6 1.32 2 24 4/3/24 ESE 30.08 73 HEAT BASE: 65.0 COOL BASE: 65.0
powered by Cumulus v1.9.3 (1059)
Ambient Weather VWS v14.00
Weather-Display (10.37S-(b58))
Virtual VP software
Top Website Map Copyright © 2007 - noaa Foresthillweather.com Never base important decisions on this or any weather information obtained from the Internet