NOAA-reports For Foresthill Weather.com
2020: Jan | Feb | Mar | Apr | May | Jun | Jul | Aug | Sep | Oct | Nov | Dec 
 2019: Jan | Feb | Mar | Apr | May | Jun | Jul | Aug | Sep | Oct | Nov | Dec 
2018: Jan | Feb | Mar | Apr | May | Jun | Jul | Aug | Sep | Oct | Nov | Dec 
2017: Jan | Feb | Mar | Apr | May | Jun | Jul | Aug | Sep | Oct | Nov | Dec 
2016: Jan | Feb | Mar | Apr | May | Jun | Jul | Aug | Sep | Oct | Nov | Dec 
2015: Jan | Feb | Mar | Apr | May | Jun | Jul | Aug | Sep | Oct | Nov | Dec 
2014: Jan | Feb | Mar | Apr | May | Jun | Jul | Aug | Sep | Oct | Nov | Dec 
2013: Jan | Feb | Mar | Apr | May | Jun | Jul | Aug | Sep | Oct | Nov | Dec 
2012: Jan | Feb | Mar | Apr | May | Jun | Jul | Aug | Sep | Oct | Nov | Dec 
2011: Jan | Feb | Mar | Apr | May | Jun | Jul | Aug | Sep | Oct | Nov | Dec 
2010: Jan | Feb | Mar | Apr | May | Jun | Jul | Aug | Sep | Oct | Nov | Dec 
2009: Jan | Feb | Mar | Apr | May | Jun | Jul | Aug | Sep | Oct | Nov | Dec 
2008: Jan | Feb | Mar | Apr | May | Jun | Jul | Aug | Sep | Oct | Nov | Dec 

Report for 2020 10
MONTHLY CLIMATOLOGICAL SUMMARY FOR 10/2020 HEAT COOL MEAN DEG DEG WIND SPEED DOM MEAN MEAN DAY TEMP HIGH TIME LOW TIME DAYS DAYS RAIN AVG HI TIME DIR BAROM HUM --------------------------------------------------------------------------------------- 1 80.7 94.7 2:42pm 74.2 1:27am 0 16 0.00 3 22 3:37am ESE 29.97 22 2 77.4 90.0 2:10pm 69.9 6:44am 0 12 0.00 2 15 2:22am ESE 29.96 27 3 76.1 89.6 2:14pm 68.2 7:39am 0 11 0.00 1 13 6:04am ESE 29.91 26 4 74.4 88.5 2:38pm 66.2 7:17am 0 9 0.00 3 20 6:29am ESE 29.97 24 5 74.2 90.3 3:04pm 64.6 5:53am 0 9 0.00 2 16 11:54pm E 30.02 22 6 74.2 89.8 1:40pm 65.1 7:00am 0 9 0.00 2 16 12:36am ESE 29.98 21 7 72.3 86.1 1:51pm 65.1 11:57pm 0 7 0.00 2 19 11:45pm ESE 29.89 24 8 66.9 77.4 2:56pm 58.8 11:59pm 1 3 0.00 1 19 2:17am ESE 29.89 32 9 62.7 75.1 2:43pm 56.6 7:25am 4 2 0.00 2 15 4:35am ESE 29.93 41 10 60.2 69.5 12:04pm 54.9 6:49am 5 1 0.00 2 20 10:33am ESE 29.97 59 11 61.8 74.6 3:01pm 52.2 7:31am 5 2 0.00 1 14 1:14am WNW 30.08 61 12 67.4 83.4 2:05pm 57.6 4:50am 2 5 0.00 1 15 6:42am ESE 30.11 36 13 70.1 85.6 1:57pm 61.2 4:41am 1 6 0.00 2 14 5:40am ESE 30.10 30 14 71.8 86.6 2:06pm 61.9 7:39am 1 7 0.00 2 18 11:24pm E 30.08 37 15 74.1 86.3 1:49pm 65.8 6:13am 0 9 0.00 2 20 1:48am E 30.01 29 16 75.9 89.2 1:58pm 68.9 12:47am 0 11 0.00 5 29 2:04am ESE 29.98 22 17 73.8 89.3 2:15pm 65.1 7:19am 0 9 0.00 3 20 12:41am ESE 29.95 22 18 71.5 85.6 2:45pm 63.7 7:49am 0 7 0.00 3 20 1:24am ESE 29.99 29 19 70.4 85.5 1:45pm 62.3 6:00am 1 6 0.00 3 22 7:56am ESE 29.97 33 20 69.5 84.2 1:54pm 60.9 5:56am 1 5 0.00 1 10 1:26pm ESE 29.89 35 21 68.0 83.2 2:27pm 60.4 5:43am 1 4 0.00 2 16 8:58am ESE 29.82 35 22 64.8 77.8 1:42pm 58.7 8:08pm 3 3 0.00 2 16 10:22pm ESE 29.83 35 23 61.9 74.9 2:15pm 55.0 11:41pm 5 2 0.00 2 19 8:23am ESE 29.93 40 24 58.1 70.2 1:20pm 50.6 11:47pm 8 1 0.00 2 17 6:15am ESE 29.95 50 25 52.0 63.1 2:24pm 43.2 11:30pm 13 0 0.00 2 30 7:09pm WNW 29.95 52 26 52.9 69.3 3:04pm 41.1 2:51am 13 0 0.00 2 23 1:21pm E 30.18 15 27 60.1 71.7 2:57pm 51.0 4:34am 6 1 0.00 1 23 5:13am NNW 30.13 26 28 58.3 73.4 2:44pm 50.1 6:51am 8 1 0.00 1 9 7:54am SE 30.11 35 29 61.6 75.7 1:15pm 53.5 6:20am 6 2 0.00 1 15 10:19pm ESE 30.10 27 30 57.6 58.6 12:00am 57.3 2:10am 2 0 0.00 2 15 3:45am E 30.07 28 --------------------------------------------------------------------------------------- TOT 67.6 94.7 10/1/20 41.1 10/26/20 86 162 0.00 2 30 10/25/20 ESE 29.99 33 HEAT BASE: 65.0 COOL BASE: 65.0
powered by Cumulus v1.9.3 (1059)
Ambient Weather VWS v14.00
Top Website Map Copyright © 2007 - noaa Foresthillweather.com Never base important decisions on this or any weather information obtained from the Internet