NOAA-reports For Foresthill Weather.com
2019: Jan | Feb | Mar | Apr | May | Jun | Jul | Aug | Sep | Oct | Nov | Dec 
2018: Jan | Feb | Mar | Apr | May | Jun | Jul | Aug | Sep | Oct | Nov | Dec 
2017: Jan | Feb | Mar | Apr | May | Jun | Jul | Aug | Sep | Oct | Nov | Dec 
2016: Jan | Feb | Mar | Apr | May | Jun | Jul | Aug | Sep | Oct | Nov | Dec 
2015: Jan | Feb | Mar | Apr | May | Jun | Jul | Aug | Sep | Oct | Nov | Dec 
2014: Jan | Feb | Mar | Apr | May | Jun | Jul | Aug | Sep | Oct | Nov | Dec 
2013: Jan | Feb | Mar | Apr | May | Jun | Jul | Aug | Sep | Oct | Nov | Dec 
2012: Jan | Feb | Mar | Apr | May | Jun | Jul | Aug | Sep | Oct | Nov | Dec 
2011: Jan | Feb | Mar | Apr | May | Jun | Jul | Aug | Sep | Oct | Nov | Dec 
2010: Jan | Feb | Mar | Apr | May | Jun | Jul | Aug | Sep | Oct | Nov | Dec 
2009: Jan | Feb | Mar | Apr | May | Jun | Jul | Aug | Sep | Oct | Nov | Dec 
2008: Jan | Feb | Mar | Apr | May | Jun | Jul | Aug | Sep | Oct | Nov | Dec 

Report for 2019 05
MONTHLY CLIMATOLOGICAL SUMMARY FOR 5/2019 HEAT COOL MEAN DEG DEG WIND SPEED DOM MEAN MEAN DAY TEMP HIGH TIME LOW TIME DAYS DAYS RAIN AVG HI TIME DIR BAROM HUM --------------------------------------------------------------------------------------- 1 55.2 66.6 2:05pm 45.3 12:00am 10 0 0.00 3 22 1:50am E 30.04 48 2 57.9 69.7 2:29pm 47.9 6:37am 8 1 0.00 2 19 5:48am E 30.03 49 3 60.9 73.1 1:36pm 50.9 5:34am 6 2 0.00 2 16 2:36pm E 29.96 46 4 62.3 74.1 2:22pm 53.5 6:35am 5 2 0.00 2 16 3:19am E 29.87 43 5 59.1 68.7 1:33pm 52.6 5:56am 6 0 0.00 2 21 8:48pm E 29.77 53 6 54.3 62.5 1:50pm 46.3 6:49am 11 0 0.00 1 17 3:00pm S 29.86 73 7 57.4 67.4 2:04pm 47.9 6:02am 8 0 0.00 1 14 2:15pm WSW 30.02 75 8 60.9 70.7 2:25pm 51.6 6:22am 6 1 0.00 1 16 11:41pm W 29.93 74 9 62.5 71.1 1:13pm 56.9 4:30am 4 1 0.00 2 20 10:30pm E 29.74 61 10 64.2 78.6 2:46pm 54.2 6:25am 4 3 0.00 2 23 1:41pm N 29.80 42 11 61.8 71.9 2:08pm 51.5 5:12am 5 2 0.00 1 14 5:13am SE 29.92 61 12 64.8 75.4 1:49pm 56.3 6:38am 3 3 0.00 2 16 2:48am ESE 29.93 60 13 64.0 73.7 2:15pm 57.3 6:37am 3 2 0.00 3 20 3:19am ESE 29.95 54 14 60.9 71.7 1:38pm 54.1 6:06am 5 1 0.00 2 19 2:58am ESE 29.97 56 15 52.5 57.7 12:16am 48.8 8:40am 13 0 0.60 3 36 11:02pm SSE 29.81 86 16 44.0 49.2 12:00am 41.5 7:39am 21 0 1.44 5 35 12:59am S 29.86 95 17 45.3 52.6 4:20pm 41.5 6:15am 20 0 0.13 2 18 12:05am S 30.12 92 18 45.5 52.5 1:02pm 42.0 6:05am 19 0 0.39 2 28 7:15pm ESE 29.95 90 19 42.4 47.1 5:59pm 38.8 10:36am 23 0 0.88 2 28 2:25am SSE 29.84 93 20 45.6 54.8 1:47pm 37.2 5:52am 19 0 0.00 2 19 9:51pm SSW 30.00 83 21 43.0 46.6 3:38pm 40.8 10:58pm 22 0 1.32 2 22 12:06am S 29.89 95 22 48.3 59.4 3:51pm 40.7 12:31am 17 0 0.05 2 18 3:36pm NNW 29.85 90 23 52.5 58.4 1:05pm 48.8 3:58am 12 0 0.16 2 15 10:25pm ESE 29.85 88 24 52.0 62.2 1:33pm 46.1 6:15am 8 0 0.01 2 18 5:43am ESE 30.02 90 --------------------------------------------------------------------------------------- TOT 54.9 78.6 5/10/19 37.2 5/20/19 258 20 4.98 2 36 5/15/19 ESE 29.91 70 HEAT BASE: 65.0 COOL BASE: 65.0
powered by Cumulus v1.9.3 (1059)
Ambient Weather VWS v14.00
Top Contact Website Map Copyright © 2007 - noaa Foresthillweather.com Never base important decisions on this or any weather information obtained from the Internet