NOAA-reports For Foresthill Weather.com
2017: Jan | Feb | Mar | Apr | May | Jun | Jul | Aug | Sep | Oct | Nov | Dec 
2016: Jan | Feb | Mar | Apr | May | Jun | Jul | Aug | Sep | Oct | Nov | Dec 
2015: Jan | Feb | Mar | Apr | May | Jun | Jul | Aug | Sep | Oct | Nov | Dec 
2014: Jan | Feb | Mar | Apr | May | Jun | Jul | Aug | Sep | Oct | Nov | Dec 
2013: Jan | Feb | Mar | Apr | May | Jun | Jul | Aug | Sep | Oct | Nov | Dec 
2012: Jan | Feb | Mar | Apr | May | Jun | Jul | Aug | Sep | Oct | Nov | Dec 
2011: Jan | Feb | Mar | Apr | May | Jun | Jul | Aug | Sep | Oct | Nov | Dec 
2010: Jan | Feb | Mar | Apr | May | Jun | Jul | Aug | Sep | Oct | Nov | Dec 
2009: Jan | Feb | Mar | Apr | May | Jun | Jul | Aug | Sep | Oct | Nov | Dec 
2008: Jan | Feb | Mar | Apr | May | Jun | Jul | Aug | Sep | Oct | Nov | Dec 

Report for 2017 11
MONTHLY CLIMATOLOGICAL SUMMARY FOR 11/2017 HEAT COOL MEAN DEG DEG WIND SPEED DOM MEAN MEAN DAY TEMP HIGH TIME LOW TIME DAYS DAYS RAIN AVG HI TIME DIR BAROM HUM --------------------------------------------------------------------------------------- 1 51.4 60.0 3:25pm 45.4 8:00am 14 0 0.00 1 10 8:48pm SE 29.97 78 2 3 48.0 49.2 2:39pm 47.3 6:57pm 10 0 0.37 2 20 7:40am SE 30.06 87 4 46.7 48.1 12:53am 44.0 11:39pm 15 0 0.63 3 23 9:06am S 30.04 89 5 41.7 47.7 2:56pm 37.5 3:40am 23 0 0.01 1 10 5:31am SSE 30.15 88 6 44.1 50.6 1:13pm 40.9 12:00am 21 0 0.00 1 13 11:09pm ESE 30.19 86 7 46.1 56.0 2:00pm 39.3 6:05am 19 0 0.00 2 18 9:42pm ESE 30.19 75 8 50.5 55.7 3:03pm 44.0 12:44am 14 0 0.14 5 31 8:57pm SSE 30.04 72 9 50.2 52.3 12:00am 47.4 11:59pm 15 0 1.08 4 33 1:53am S 30.05 88 10 48.8 51.4 12:20pm 46.0 7:21am 15 0 0.19 0 10 6:17pm SE 30.10 89 11 48.1 54.2 1:42pm 43.2 7:19am 17 0 0.01 1 13 7:23am ESE 30.12 88 12 48.3 54.6 12:47pm 44.3 7:02am 17 0 0.00 1 13 10:22am ESE 30.16 86 13 49.0 53.0 12:28pm 45.8 12:00am 16 0 0.60 1 14 10:52pm SE 30.23 86 14 48.6 53.1 1:59pm 45.5 7:54am 16 0 0.01 1 13 8:51am SSW 30.23 88 15 47.8 51.1 6:59pm 46.0 9:07am 17 0 1.02 5 28 10:30pm SE 30.04 89 16 48.1 50.5 4:36am 45.1 9:54pm 17 0 3.97 5 28 4:38am S 29.90 90 17 43.4 47.4 2:46pm 41.3 7:32am 22 0 0.42 1 22 10:58pm E 30.17 89 18 45.4 55.3 2:11pm 38.6 7:25am 20 0 0.00 2 22 1:37am ESE 30.26 78 19 46.5 58.8 2:41pm 40.2 6:36am 18 0 0.00 1 20 11:34pm ESE 30.19 75 20 49.9 51.9 8:59pm 47.6 4:33am 15 0 0.21 2 23 5:36am SE 30.18 85 21 56.6 65.7 1:45pm 50.7 3:54am 7 0 0.01 2 19 7:06am E 30.22 86 --------------------------------------------------------------------------------------- TOT 47.9 65.7 11/21/17 37.5 11/5/17 328 0 8.67 2 33 11/9/17 ESE 30.12 85 HEAT BASE: 65.0 COOL BASE: 65.0
powered by Cumulus v1.9.3 (1059)
Ambient Weather VWS v14.00
Top Contact Website Map Copyright © 2007 - noaa Foresthillweather.com Never base important decisions on this or any weather information obtained from the Internet