NOAA-reports For Foresthill Weather.com
2018: Jan | Feb | Mar | Apr | May | Jun | Jul | Aug | Sep | Oct | Nov | Dec 
 2017: Jan | Feb | Mar | Apr | May | Jun | Jul | Aug | Sep | Oct | Nov | Dec 
2016: Jan | Feb | Mar | Apr | May | Jun | Jul | Aug | Sep | Oct | Nov | Dec 
2015: Jan | Feb | Mar | Apr | May | Jun | Jul | Aug | Sep | Oct | Nov | Dec 
2014: Jan | Feb | Mar | Apr | May | Jun | Jul | Aug | Sep | Oct | Nov | Dec 
2013: Jan | Feb | Mar | Apr | May | Jun | Jul | Aug | Sep | Oct | Nov | Dec 
2012: Jan | Feb | Mar | Apr | May | Jun | Jul | Aug | Sep | Oct | Nov | Dec 
2011: Jan | Feb | Mar | Apr | May | Jun | Jul | Aug | Sep | Oct | Nov | Dec 
2010: Jan | Feb | Mar | Apr | May | Jun | Jul | Aug | Sep | Oct | Nov | Dec 
2009: Jan | Feb | Mar | Apr | May | Jun | Jul | Aug | Sep | Oct | Nov | Dec 
2008: Jan | Feb | Mar | Apr | May | Jun | Jul | Aug | Sep | Oct | Nov | Dec 

Report for 2018 02
MONTHLY CLIMATOLOGICAL SUMMARY FOR 2/2018 HEAT COOL MEAN DEG DEG WIND SPEED DOM MEAN MEAN DAY TEMP HIGH TIME LOW TIME DAYS DAYS RAIN AVG HI TIME DIR BAROM HUM --------------------------------------------------------------------------------------- 1 55.6 64.1 3:17pm 50.2 12:59am 9 0 0.00 2 18 11:28pm ESE 30.14 54 2 56.6 66.4 2:02pm 49.1 7:13am 8 0 0.00 1 14 12:05am E 30.19 57 3 58.9 67.9 1:52pm 52.8 7:29am 6 0 0.00 1 23 9:55pm E 30.18 46 4 57.3 65.7 2:38pm 52.3 7:19am 8 0 0.00 1 15 5:13am E 30.14 53 5 56.4 65.1 1:29pm 51.0 10:19pm 9 0 0.00 2 16 2:31am E 30.06 53 6 57.5 67.6 1:57pm 46.7 6:41am 8 0 0.00 3 19 7:55pm E 30.10 45 7 64.1 66.8 1:56pm 59.2 10:33am 1 0 0.00 2 16 2:56am E 30.24 42 8 65.5 67.9 2:52pm 59.8 10:28am 0 1 0.00 3 20 7:14am E 30.16 41 9 62.0 66.2 12:00am 51.6 11:59pm 4 1 0.00 2 13 2:24am E 30.03 49 10 51.3 61.4 2:37pm 44.2 8:50pm 14 0 0.00 2 28 11:54pm ESE 29.97 43 11 45.7 50.9 9:55am 37.8 11:34pm 19 0 0.00 6 31 2:01pm SE 29.90 49 12 39.6 46.0 1:35pm 33.5 7:03am 25 0 0.28 2 31 8:36pm E 29.92 75 13 42.9 54.9 2:19pm 35.0 7:37am 22 0 0.00 1 30 4:26am E 30.20 53 14 43.4 51.9 1:43pm 37.5 11:15pm 22 0 0.00 3 20 12:13am ESE 30.22 55 15 44.2 54.2 2:02pm 35.9 5:44am 21 0 0.00 1 19 8:09am E 30.29 49 16 46.6 56.7 2:43pm 39.1 5:56am 18 0 0.00 1 13 12:17am ESE 30.27 47 17 48.7 58.6 2:54pm 42.0 6:06am 16 0 0.00 2 14 3:35am ESE 30.17 59 18 40.2 46.5 2:20am 29.9 11:42pm 25 0 0.02 5 29 3:04pm S 29.92 74 19 29.9 37.3 1:43pm 26.9 7:36am 35 0 0.00 0 16 11:54pm E 30.04 72 20 31.5 40.4 2:19pm 25.4 7:05am 34 0 0.00 2 18 1:52am E 30.27 53 21 34.2 43.3 2:17pm 28.2 2:48am 31 0 0.00 1 15 3:38am E 30.26 52 22 31.8 37.7 1:55pm 25.4 11:46pm 33 0 0.24 3 20 5:52am S 30.21 81 23 26.9 37.1 2:58pm 21.9 6:18am 24 0 0.00 1 15 7:21am E 30.36 87 --------------------------------------------------------------------------------------- TOT 47.8 67.9 2/3/18 21.9 2/23/18 392 2 0.55 2 31 2/12/18 E 30.14 56 HEAT BASE: 65.0 COOL BASE: 65.0
powered by Cumulus v1.9.3 (1059)
Ambient Weather VWS v14.00
Top Contact Website Map Copyright © 2007 - noaa Foresthillweather.com Never base important decisions on this or any weather information obtained from the Internet