NOAA-reports For Foresthill Weather.com
2018: Jan | Feb | Mar | Apr | May | Jun | Jul | Aug | Sep | Oct | Nov | Dec 
2017: Jan | Feb | Mar | Apr | May | Jun | Jul | Aug | Sep | Oct | Nov | Dec 
2016: Jan | Feb | Mar | Apr | May | Jun | Jul | Aug | Sep | Oct | Nov | Dec 
2015: Jan | Feb | Mar | Apr | May | Jun | Jul | Aug | Sep | Oct | Nov | Dec 
2014: Jan | Feb | Mar | Apr | May | Jun | Jul | Aug | Sep | Oct | Nov | Dec 
2013: Jan | Feb | Mar | Apr | May | Jun | Jul | Aug | Sep | Oct | Nov | Dec 
2012: Jan | Feb | Mar | Apr | May | Jun | Jul | Aug | Sep | Oct | Nov | Dec 
2011: Jan | Feb | Mar | Apr | May | Jun | Jul | Aug | Sep | Oct | Nov | Dec 
2010: Jan | Feb | Mar | Apr | May | Jun | Jul | Aug | Sep | Oct | Nov | Dec 
2009: Jan | Feb | Mar | Apr | May | Jun | Jul | Aug | Sep | Oct | Nov | Dec 
2008: Jan | Feb | Mar | Apr | May | Jun | Jul | Aug | Sep | Oct | Nov | Dec 

Report for 2018 10
MONTHLY CLIMATOLOGICAL SUMMARY FOR 10/2018 HEAT COOL MEAN DEG DEG WIND SPEED DOM MEAN MEAN DAY TEMP HIGH TIME LOW TIME DAYS DAYS RAIN AVG HI TIME DIR BAROM HUM --------------------------------------------------------------------------------------- 1 63.9 74.3 3:02pm 57.2 7:17am 3 2 0.00 2 21 1:31am SSE 29.86 55 2 66.4 76.9 2:08pm 60.3 3:58am 2 3 0.00 2 18 7:11am ESE 29.82 54 3 61.6 67.7 2:34pm 54.7 9:16pm 4 0 0.57 2 16 6:24pm ESE 29.88 73 4 55.0 56.7 5:18pm 52.8 11:59pm 10 0 0.35 1 15 9:58am ESE 29.99 94 5 55.5 63.9 2:52pm 48.1 7:17am 10 0 0.00 0 12 12:05am E 30.06 85 6 57.5 65.8 4:16pm 50.9 7:50am 8 0 0.01 1 17 2:04pm N 29.92 69 7 58.1 70.5 3:30pm 49.6 8:06am 7 1 0.00 1 21 11:23pm NE 29.91 44 8 60.2 69.1 4:10pm 54.4 6:35am 5 1 0.00 1 22 7:37am ENE 29.84 44 9 61.0 70.4 2:20pm 54.0 7:53am 5 1 0.00 1 14 9:49pm ESE 29.81 55 10 59.1 66.4 12:45pm 54.3 6:53am 6 0 0.00 2 20 12:39am ESE 29.78 61 11 58.1 64.8 4:39pm 51.5 7:58am 7 0 0.00 1 21 10:56pm E 29.84 65 12 63.1 73.4 1:26pm 57.1 12:37am 4 2 0.00 4 26 2:09am E 29.89 39 13 63.0 72.1 2:05pm 56.3 7:55am 4 2 0.00 2 25 11:23pm E 29.85 34 14 62.5 72.9 2:14pm 53.4 9:57pm 4 1 0.00 6 43 6:42pm E 29.95 22 15 62.5 72.8 1:48pm 55.4 5:02am 4 2 0.00 6 44 2:30am E 30.12 17 16 65.4 75.6 12:44pm 60.2 6:57am 2 2 0.00 4 34 12:51am E 30.07 21 17 59.9 70.6 1:59pm 55.0 6:43am 3 0 0.00 1 16 12:00am ESE 30.09 28 --------------------------------------------------------------------------------------- TOT 60.8 76.9 10/2/18 48.1 10/5/18 87 17 0.92 2 43 10/14/18 E 29.92 51 HEAT BASE: 65.0 COOL BASE: 65.0
powered by Cumulus v1.9.3 (1059)
Ambient Weather VWS v14.00
Top Contact Website Map Copyright © 2007 - noaa Foresthillweather.com Never base important decisions on this or any weather information obtained from the Internet