NOAA-reports For Foresthill Weather.com
2017: Jan | Feb | Mar | Apr | May | Jun | Jul | Aug | Sep | Oct | Nov | Dec 
2016: Jan | Feb | Mar | Apr | May | Jun | Jul | Aug | Sep | Oct | Nov | Dec 
2015: Jan | Feb | Mar | Apr | May | Jun | Jul | Aug | Sep | Oct | Nov | Dec 
2014: Jan | Feb | Mar | Apr | May | Jun | Jul | Aug | Sep | Oct | Nov | Dec 
2013: Jan | Feb | Mar | Apr | May | Jun | Jul | Aug | Sep | Oct | Nov | Dec 
2012: Jan | Feb | Mar | Apr | May | Jun | Jul | Aug | Sep | Oct | Nov | Dec 
2011: Jan | Feb | Mar | Apr | May | Jun | Jul | Aug | Sep | Oct | Nov | Dec 
2010: Jan | Feb | Mar | Apr | May | Jun | Jul | Aug | Sep | Oct | Nov | Dec 
2009: Jan | Feb | Mar | Apr | May | Jun | Jul | Aug | Sep | Oct | Nov | Dec 
2008: Jan | Feb | Mar | Apr | May | Jun | Jul | Aug | Sep | Oct | Nov | Dec 

Report for 2017 09
MONTHLY CLIMATOLOGICAL SUMMARY FOR 9/2017 HEAT COOL MEAN DEG DEG WIND SPEED DOM MEAN MEAN DAY TEMP HIGH TIME LOW TIME DAYS DAYS RAIN AVG HI TIME DIR BAROM HUM --------------------------------------------------------------------------------------- 1 85.8 99.5 1:46pm 76.6 2:36am 0 21 0.00 3 21 9:26am E 29.83 24 2 86.1 99.8 2:45pm 77.7 5:44am 0 21 0.00 2 16 11:05pm ESE 29.83 26 3 85.4 95.6 3:33pm 78.7 7:58am 0 20 0.00 2 19 2:45am ESE 29.86 30 4 81.1 92.9 2:23pm 72.2 11:55pm 0 16 0.00 2 16 12:39am E 29.81 41 5 74.3 84.6 2:38pm 69.2 7:46am 0 9 0.03 3 18 8:45pm ESE 29.90 65 6 74.3 85.0 2:02pm 68.0 7:16am 0 9 0.00 2 15 3:33am ESE 29.92 61 7 66.1 75.8 2:29pm 58.9 9:14am 2 3 0.00 1 13 12:41pm S 29.91 71 8 69.9 81.0 1:59pm 61.7 12:14am 1 6 0.00 3 18 6:58pm E 29.87 57 9 71.5 81.8 1:21pm 62.4 7:17am 0 7 0.00 3 18 3:59am E 29.95 48 10 75.1 87.4 3:27pm 65.9 5:51am 0 10 0.00 2 15 7:51am E 29.95 46 11 78.6 88.9 1:41pm 71.9 1:06am 0 14 0.00 2 26 7:57pm E 29.88 43 12 77.7 87.9 2:24pm 71.0 11:54pm 0 13 0.00 2 20 12:51am ESE 29.83 46 13 70.8 79.0 2:12pm 62.9 11:58pm 0 6 0.00 1 12 1:32pm ESE 29.77 62 14 61.5 66.6 5:04pm 56.4 7:46am 4 0 0.00 2 18 2:05pm SSE 29.83 79 15 63.7 73.1 2:54pm 57.2 12:40am 3 2 0.00 1 14 2:17pm W 29.91 72 16 65.5 75.4 2:23pm 57.6 7:10am 3 3 0.00 1 16 7:31am W 29.90 53 17 66.4 78.2 1:47pm 59.1 5:58am 2 4 0.00 3 18 6:06am E 29.92 49 18 63.0 71.6 2:16pm 56.1 11:57pm 3 1 0.00 5 20 10:20am S 29.90 59 19 57.6 66.8 3:07pm 49.8 7:08am 8 0 0.00 1 15 12:52am SE 29.97 66 20 57.2 62.9 12:47pm 52.0 11:57pm 8 0 0.02 3 25 6:16pm S 29.89 67 21 52.3 58.8 1:46pm 48.5 8:07am 13 0 0.00 1 19 1:10pm SSE 29.86 70 22 52.4 60.8 1:33pm 46.0 7:21am 13 0 0.00 1 14 1:06pm E 29.93 63 23 56.9 69.3 1:53pm 46.1 5:00am 8 1 0.00 2 24 9:56am E 29.93 41 --------------------------------------------------------------------------------------- TOT 69.3 99.8 9/2/17 46.0 9/22/17 66 165 0.05 2 25 9/11/17 E 29.89 54 HEAT BASE: 65.0 COOL BASE: 65.0
powered by Cumulus v1.9.3 (1059)
Ambient Weather VWS v14.00
Top Contact Website Map Copyright © 2007 - noaa Foresthillweather.com Never base important decisions on this or any weather information obtained from the Internet