2024: Jan | Feb | Mar | Apr | May | Jun | Jul | Aug | Sep | Oct | Nov | Dec
2023: Jan | Feb | Mar | Apr | May | Jun | Jul | Aug | Sep | Oct | Nov | Dec
2022: Jan | Feb | Mar | Apr | May | Jun | Jul | Aug | Sep | Oct | Nov | Dec
2021: Jan | Feb | Mar | Apr | May | Jun | Jul | Aug | Sep | Oct | Nov | Dec
2020: Jan | Feb | Mar | Apr | May | Jun | Jul | Aug | Sep | Oct | Nov | Dec
2019: Jan | Feb | Mar | Apr | May | Jun | Jul | Aug | Sep | Oct | Nov | Dec
2018: Jan | Feb | Mar | Apr | May | Jun | Jul | Aug | Sep | Oct | Nov | Dec
2017: Jan | Feb | Mar | Apr | May | Jun | Jul | Aug | Sep | Oct | Nov | Dec
2016: Jan | Feb | Mar | Apr | May | Jun | Jul | Aug | Sep | Oct | Nov | Dec
2015: Jan | Feb | Mar | Apr | May | Jun | Jul | Aug | Sep | Oct | Nov | Dec
2014: Jan | Feb | Mar | Apr | May | Jun | Jul | Aug | Sep | Oct | Nov | Dec
2013: Jan | Feb | Mar | Apr | May | Jun | Jul | Aug | Sep | Oct | Nov | Dec
2012: Jan | Feb | Mar | Apr | May | Jun | Jul | Aug | Sep | Oct | Nov | Dec
2011: Jan | Feb | Mar | Apr | May | Jun | Jul | Aug | Sep | Oct | Nov | Dec
2010: Jan | Feb | Mar | Apr | May | Jun | Jul | Aug | Sep | Oct | Nov | Dec
2009: Jan | Feb | Mar | Apr | May | Jun | Jul | Aug | Sep | Oct | Nov | Dec
2008: Jan | Feb | Mar | Apr | May | Jun | Jul | Aug | Sep | Oct | Nov | Dec
Report for 2024 03
MONTHLY CLIMATOLOGICAL SUMMARY FOR 3/2024
HEAT COOL
MEAN DEG DEG WIND SPEED DOM MEAN MEAN
DAY TEMP HIGH TIME LOW TIME DAYS DAYS RAIN AVG HI TIME DIR BAROM HUM
---------------------------------------------------------------------------------------
1 40.2 41.9 2:18pm 38.4 11:34pm 25 0 1.35 10 43 7:23pm SW 29.89 96
2 33.8 38.7 12:00am 31.7 11:20am 31 0 1.02 7 35 12:00am SSW 29.83 96
3 34.4 36.6 5:40pm 32.7 4:08am 30 0 0.61 7 27 5:34pm SSW 30.05 96
4 35.7 38.9 3:13pm 32.4 6:34am 29 0 0.07 4 19 6:27pm SSE 30.20 95
5 42.1 50.0 1:44pm 35.5 3:21am 23 0 0.00 5 19 8:55am SE 30.11 85
6 42.6 53.6 1:23pm 37.7 10:30pm 22 0 0.28 2 16 5:50am E 29.95 85
7 43.2 52.4 3:55pm 35.9 3:49am 22 0 0.00 1 16 10:21pm NW 30.03 87
8 48.0 61.0 1:47pm 38.4 2:49am 17 0 0.00 4 24 4:54am ESE 30.20 67
9 45.0 54.9 1:48pm 40.6 6:53am 20 0 0.00 3 19 9:51am SE 30.17 83
10 44.3 53.7 2:34pm 38.3 7:25am 20 0 0.00 2 17 1:28pm ESE 30.12 84
11 44.1 50.1 1:36pm 40.6 3:33am 21 0 0.28 2 18 12:36pm SE 30.11 85
12 43.0 46.8 4:36pm 39.3 11:58pm 22 0 0.54 3 21 7:58am SE 30.18 96
13 44.3 56.2 5:15pm 34.8 7:29am 21 0 0.00 3 25 11:55pm N 30.20 73
14 48.2 62.0 2:29pm 36.8 8:17am 17 0 0.00 3 25 12:00am N 30.09 40
15 52.6 66.6 2:58pm 42.3 5:54am 13 0 0.00 3 34 10:26am E 29.92 39
16 53.0 64.4 2:25pm 44.0 7:42am 12 0 0.00 2 20 12:44am ESE 30.01 53
17 53.9 66.2 3:37pm 43.6 5:41am 11 0 0.00 1 15 7:14am WNW 30.09 62
18 55.9 69.1 3:25pm 46.6 6:40am 10 1 0.00 2 12 4:47pm SE 30.11 68
---------------------------------------------------------------------------------------
TOT 44.7 69.1 3/18/24 31.7 3/2/24 365 1 4.14 4 43 3/1/24 ESE 30.07 77
HEAT BASE: 65.0
COOL BASE: 65.0