NOAA-reports For Foresthill Weather.com
2018: Jan | Feb | Mar | Apr | May | Jun | Jul | Aug | Sep | Oct | Nov | Dec 
2017: Jan | Feb | Mar | Apr | May | Jun | Jul | Aug | Sep | Oct | Nov | Dec 
2016: Jan | Feb | Mar | Apr | May | Jun | Jul | Aug | Sep | Oct | Nov | Dec 
2015: Jan | Feb | Mar | Apr | May | Jun | Jul | Aug | Sep | Oct | Nov | Dec 
2014: Jan | Feb | Mar | Apr | May | Jun | Jul | Aug | Sep | Oct | Nov | Dec 
2013: Jan | Feb | Mar | Apr | May | Jun | Jul | Aug | Sep | Oct | Nov | Dec 
2012: Jan | Feb | Mar | Apr | May | Jun | Jul | Aug | Sep | Oct | Nov | Dec 
2011: Jan | Feb | Mar | Apr | May | Jun | Jul | Aug | Sep | Oct | Nov | Dec 
2010: Jan | Feb | Mar | Apr | May | Jun | Jul | Aug | Sep | Oct | Nov | Dec 
2009: Jan | Feb | Mar | Apr | May | Jun | Jul | Aug | Sep | Oct | Nov | Dec 
2008: Jan | Feb | Mar | Apr | May | Jun | Jul | Aug | Sep | Oct | Nov | Dec 

Report for 2018 04
MONTHLY CLIMATOLOGICAL SUMMARY FOR 4/2018 HEAT COOL MEAN DEG DEG WIND SPEED DOM MEAN MEAN DAY TEMP HIGH TIME LOW TIME DAYS DAYS RAIN AVG HI TIME DIR BAROM HUM --------------------------------------------------------------------------------------- 1 58.8 71.2 1:28pm 49.8 6:36am 7 1 0.00 1 20 12:00am ESE 29.93 43 2 55.9 65.9 1:43pm 49.0 6:50am 9 0 0.00 1 18 3:10pm ESE 29.88 55 3 56.5 67.5 3:17pm 47.9 5:48am 9 0 0.00 2 13 7:27am ESE 29.99 48 4 58.1 69.7 12:55pm 50.0 6:47am 8 1 0.00 2 15 8:08am ESE 30.06 46 5 54.5 63.7 1:27pm 46.1 10:38pm 11 0 0.13 2 25 11:31pm SE 30.06 57 6 49.6 53.4 10:52pm 46.1 1:11am 15 0 2.13 7 28 1:21pm SSE 29.99 95 7 51.4 54.7 4:09pm 44.7 10:36pm 14 0 1.25 6 26 1:09am S 29.98 90 8 48.7 59.3 4:29pm 39.2 7:02am 16 0 0.00 0 11 6:15pm NW 30.19 78 9 57.9 69.4 3:32pm 46.3 2:33am 8 1 0.00 2 20 11:34pm E 30.10 65 10 56.0 62.3 2:04pm 48.5 11:59pm 9 0 0.00 1 26 12:45am SE 30.06 68 11 47.4 55.8 1:06pm 37.0 10:05pm 18 0 0.49 4 23 8:32pm ESE 29.99 74 12 40.2 47.1 4:34pm 35.4 7:30am 25 0 0.05 0 14 12:20am W 30.25 82 13 47.5 60.8 4:02pm 34.7 5:53am 17 0 0.00 0 10 1:17pm WNW 30.42 66 14 55.2 68.0 2:20pm 45.4 6:36am 10 0 0.00 2 13 2:16pm E 30.28 65 15 50.3 59.9 12:18pm 38.6 9:53pm 15 0 0.43 5 26 1:58pm SE 29.94 71 16 36.9 39.7 12:00am 33.5 11:53pm 28 0 0.22 2 18 7:02am S 30.03 94 17 40.5 51.8 2:20pm 31.8 6:46am 24 0 0.01 0 9 2:36pm ESE 30.32 81 18 44.1 49.7 2:09pm 39.7 10:50pm 21 0 0.00 1 13 3:05am ESE 30.12 79 19 37.5 39.8 12:00am 36.0 6:58am 9 0 0.00 0 4 5:10am NNW 30.05 87 --------------------------------------------------------------------------------------- TOT 50.3 71.2 4/1/18 31.8 4/17/18 273 3 4.71 2 28 4/6/18 ESE 30.09 70 HEAT BASE: 65.0 COOL BASE: 65.0
powered by Cumulus v1.9.3 (1059)
Ambient Weather VWS v14.00
Top Contact Website Map Copyright © 2007 - noaa Foresthillweather.com Never base important decisions on this or any weather information obtained from the Internet