NOAA-reports For Foresthill Weather.com
2019: Jan | Feb | Mar | Apr | May | Jun | Jul | Aug | Sep | Oct | Nov | Dec 
2018: Jan | Feb | Mar | Apr | May | Jun | Jul | Aug | Sep | Oct | Nov | Dec 
2017: Jan | Feb | Mar | Apr | May | Jun | Jul | Aug | Sep | Oct | Nov | Dec 
2016: Jan | Feb | Mar | Apr | May | Jun | Jul | Aug | Sep | Oct | Nov | Dec 
2015: Jan | Feb | Mar | Apr | May | Jun | Jul | Aug | Sep | Oct | Nov | Dec 
2014: Jan | Feb | Mar | Apr | May | Jun | Jul | Aug | Sep | Oct | Nov | Dec 
2013: Jan | Feb | Mar | Apr | May | Jun | Jul | Aug | Sep | Oct | Nov | Dec 
2012: Jan | Feb | Mar | Apr | May | Jun | Jul | Aug | Sep | Oct | Nov | Dec 
2011: Jan | Feb | Mar | Apr | May | Jun | Jul | Aug | Sep | Oct | Nov | Dec 
2010: Jan | Feb | Mar | Apr | May | Jun | Jul | Aug | Sep | Oct | Nov | Dec 
2009: Jan | Feb | Mar | Apr | May | Jun | Jul | Aug | Sep | Oct | Nov | Dec 
2008: Jan | Feb | Mar | Apr | May | Jun | Jul | Aug | Sep | Oct | Nov | Dec 

Report for 2019 08
MONTHLY CLIMATOLOGICAL SUMMARY FOR 8/2019 HEAT COOL MEAN DEG DEG WIND SPEED DOM MEAN MEAN DAY TEMP HIGH TIME LOW TIME DAYS DAYS RAIN AVG HI TIME DIR BAROM HUM --------------------------------------------------------------------------------------- 1 73.8 85.3 2:36pm 66.3 6:46am 0 9 0.00 3 20 12:50am ESE 29.95 43 2 73.2 84.0 1:57pm 65.2 7:39am 0 8 0.00 1 16 4:21am E 29.98 44 3 74.3 86.1 2:18pm 64.8 6:56am 0 9 0.00 1 10 2:14pm E 29.92 47 4 75.9 88.4 2:23pm 67.8 7:46am 0 11 0.00 2 20 5:57am ESE 29.92 44 5 74.9 88.1 1:12pm 68.5 6:15am 0 10 0.00 2 19 1:12am ESE 29.92 43 6 77.5 87.1 3:58pm 71.7 11:46pm 0 13 0.00 2 18 3:21am ESE 29.87 44 7 76.2 87.2 2:14pm 68.5 11:59pm 0 11 0.00 2 16 6:02am ESE 29.85 45 8 71.6 84.3 2:05pm 63.5 11:22pm 0 7 0.00 2 18 10:50am ESE 29.88 46 9 67.4 76.6 2:37pm 61.9 7:11am 1 3 0.00 2 14 11:38am ESE 29.90 52 10 64.5 72.0 4:15pm 58.5 6:13am 3 2 0.00 2 18 3:58pm ESE 29.94 61 11 66.4 77.8 2:24pm 57.1 6:54am 3 4 0.00 1 14 4:10pm E 30.01 58 12 70.4 82.0 2:56pm 60.7 4:42am 1 7 0.00 1 12 6:58am ESE 29.98 53 13 74.2 86.3 3:24pm 64.8 5:51am 0 9 0.00 1 14 7:35am E 29.96 47 14 77.7 89.2 2:36pm 68.0 7:19am 0 13 0.00 2 14 12:00am E 29.96 40 15 79.3 90.8 1:40pm 69.7 7:36am 0 14 0.00 1 15 1:17am E 29.91 40 16 79.6 92.2 2:12pm 70.8 6:30am 0 15 0.00 2 16 7:25am ESE 29.82 39 17 77.2 89.5 1:42pm 69.7 7:35am 0 12 0.00 2 18 2:58am ESE 29.74 41 18 73.3 85.5 2:23pm 65.2 11:33pm 0 8 0.00 2 19 2:10am ESE 29.79 48 19 64.6 65.2 12:00am 63.8 1:33am 0 0 0.00 1 14 5:43am ESE 29.86 63 --------------------------------------------------------------------------------------- TOT 73.6 92.2 8/16/19 57.1 8/11/19 7 165 0.00 2 20 8/1/19 ESE 29.91 47 HEAT BASE: 65.0 COOL BASE: 65.0
powered by Cumulus v1.9.3 (1059)
Ambient Weather VWS v14.00
Top Contact Website Map Copyright © 2007 - noaa Foresthillweather.com Never base important decisions on this or any weather information obtained from the Internet