NOAA-reports For Foresthill Weather.com
2018: Jan | Feb | Mar | Apr | May | Jun | Jul | Aug | Sep | Oct | Nov | Dec 
 2017: Jan | Feb | Mar | Apr | May | Jun | Jul | Aug | Sep | Oct | Nov | Dec 
2016: Jan | Feb | Mar | Apr | May | Jun | Jul | Aug | Sep | Oct | Nov | Dec 
2015: Jan | Feb | Mar | Apr | May | Jun | Jul | Aug | Sep | Oct | Nov | Dec 
2014: Jan | Feb | Mar | Apr | May | Jun | Jul | Aug | Sep | Oct | Nov | Dec 
2013: Jan | Feb | Mar | Apr | May | Jun | Jul | Aug | Sep | Oct | Nov | Dec 
2012: Jan | Feb | Mar | Apr | May | Jun | Jul | Aug | Sep | Oct | Nov | Dec 
2011: Jan | Feb | Mar | Apr | May | Jun | Jul | Aug | Sep | Oct | Nov | Dec 
2010: Jan | Feb | Mar | Apr | May | Jun | Jul | Aug | Sep | Oct | Nov | Dec 
2009: Jan | Feb | Mar | Apr | May | Jun | Jul | Aug | Sep | Oct | Nov | Dec 
2008: Jan | Feb | Mar | Apr | May | Jun | Jul | Aug | Sep | Oct | Nov | Dec 

Report for 2008 08
MONTHLY CLIMATOLOGICAL SUMMARY FOR 8/2008 HEAT COOL MEAN DEG DEG WIND SPEED DOM MEAN MEAN DAY TEMP HIGH TIME LOW TIME DAYS DAYS RAIN AVG HI TIME DIR BAROM HUM --------------------------------------------------------------------------------------- 1 75.2 89.2 4:00pm 64.9 4:09am 0 10 0.00 5 16 3:52am E 29.98 27 2 75.8 90.1 2:54pm 66.0 6:22am 0 11 0.00 5 16 1:29pm E 29.95 26 3 75.1 88.9 3:40pm 66.2 6:05am 0 10 0.00 6 18 3:45am E 29.94 26 4 76.8 91.0 3:30pm 66.9 5:16am 0 12 0.00 6 21 3:05am E 29.98 22 5 76.9 88.9 2:03pm 68.7 6:22am 0 12 0.00 5 18 3:27am E 30.01 22 6 78.2 90.9 3:39pm 68.7 6:34am 0 13 0.00 4 18 4:46pm E 30.01 27 7 77.6 90.7 2:47pm 69.6 5:44am 0 13 0.00 5 18 12:38pm E 29.96 29 8 73.3 85.5 3:49pm 64.9 11:31pm 0 8 0.00 5 16 5:01pm E 29.97 32 9 71.1 83.7 2:55pm 62.6 6:25am 0 6 0.00 6 21 2:05pm E 30.03 28 10 72.9 87.6 2:42pm 61.9 3:31am 1 8 0.00 5 19 1:59pm E 30.06 25 11 75.8 91.4 3:17pm 63.3 5:48am 0 11 0.00 4 16 1:47pm E 29.98 25 12 78.2 91.8 3:30pm 67.8 5:50am 0 13 0.00 5 18 3:11pm E 29.92 26 13 80.1 95.9 3:47pm 68.7 5:55am 0 15 0.00 4 14 11:53pm E 29.91 27 14 83.3 97.7 2:35pm 73.9 5:45am 0 18 0.00 5 17 1:51pm E 29.95 25 15 83.8 97.3 2:58pm 73.0 6:25am 0 19 0.00 6 19 2:40pm E 29.94 24 16 82.3 95.7 3:05pm 73.2 11:59pm 0 17 0.00 6 19 2:57am E 29.90 23 17 76.2 87.6 2:45pm 67.8 11:38pm 0 11 0.00 5 18 3:29am SE 29.91 29 18 70.8 83.3 3:03pm 63.7 10:22pm 0 6 0.00 5 21 3:57pm ESE 29.96 34 19 67.6 78.8 4:25pm 59.0 5:34am 1 4 0.00 4 15 1:37pm ESE 30.00 41 20 70.4 83.7 3:33pm 59.7 5:24am 1 7 0.00 4 16 2:34pm E 29.96 36 21 72.6 84.6 3:07pm 64.2 6:16am 0 8 0.00 4 18 1:15pm E 29.91 43 22 75.0 88.5 3:46pm 66.0 6:36am 0 10 0.00 5 16 12:48pm E 29.92 42 23 77.1 90.9 2:59pm 67.8 4:54am 0 12 0.00 5 19 1:57pm E 29.96 33 24 79.2 94.5 3:45pm 69.6 6:08am 0 14 0.00 6 16 6:22am E 29.96 29 25 76.9 90.3 2:40pm 68.2 7:50am 0 12 0.00 6 20 10:22am ESE 29.90 28 26 75.6 90.1 1:50pm 65.1 6:39am 0 11 0.00 4 19 2:06am E 29.88 29 27 78.6 94.3 3:38pm 66.2 5:09am 0 14 0.00 4 17 2:03pm E 29.93 27 28 82.1 97.0 2:40pm 71.1 6:13am 0 17 0.00 5 16 7:50am E 29.90 24 29 82.8 97.5 3:05pm 74.1 2:24am 0 18 0.00 4 18 3:07pm E 29.85 22 30 79.1 93.2 2:45pm 69.4 11:57pm 0 14 0.00 6 20 2:25pm E 29.76 23 31 65.7 75.2 3:46pm 57.9 11:59pm 2 3 0.00 4 18 5:15am SSE 29.79 26 --------------------------------------------------------------------------------------- TOT 76.3 97.7 8/14/08 57.9 8/31/08 6 357 0.00 5 21 8/4/08 E 29.94 28 HEAT BASE: 65.0 COOL BASE: 65.0
powered by Cumulus v1.9.3 (1059)
Ambient Weather VWS v14.00
Top Contact Website Map Copyright © 2007 - noaa Foresthillweather.com Never base important decisions on this or any weather information obtained from the Internet