NOAA-reports For Foresthill Weather.com
2018: Jan | Feb | Mar | Apr | May | Jun | Jul | Aug | Sep | Oct | Nov | Dec 
2017: Jan | Feb | Mar | Apr | May | Jun | Jul | Aug | Sep | Oct | Nov | Dec 
2016: Jan | Feb | Mar | Apr | May | Jun | Jul | Aug | Sep | Oct | Nov | Dec 
2015: Jan | Feb | Mar | Apr | May | Jun | Jul | Aug | Sep | Oct | Nov | Dec 
2014: Jan | Feb | Mar | Apr | May | Jun | Jul | Aug | Sep | Oct | Nov | Dec 
2013: Jan | Feb | Mar | Apr | May | Jun | Jul | Aug | Sep | Oct | Nov | Dec 
2012: Jan | Feb | Mar | Apr | May | Jun | Jul | Aug | Sep | Oct | Nov | Dec 
2011: Jan | Feb | Mar | Apr | May | Jun | Jul | Aug | Sep | Oct | Nov | Dec 
2010: Jan | Feb | Mar | Apr | May | Jun | Jul | Aug | Sep | Oct | Nov | Dec 
2009: Jan | Feb | Mar | Apr | May | Jun | Jul | Aug | Sep | Oct | Nov | Dec 
2008: Jan | Feb | Mar | Apr | May | Jun | Jul | Aug | Sep | Oct | Nov | Dec 

Report for 2008 10
MONTHLY CLIMATOLOGICAL SUMMARY FOR 10/2008 HEAT COOL MEAN DEG DEG WIND SPEED DOM MEAN MEAN DAY TEMP HIGH TIME LOW TIME DAYS DAYS RAIN AVG HI TIME DIR BAROM HUM --------------------------------------------------------------------------------------- 1 72.4 85.5 2:40pm 65.7 1:48am 0 7 0.00 5 17 3:06pm E 30.08 30 2 64.5 70.3 4:17pm 57.2 11:54pm 2 1 0.00 4 18 1:39pm S 29.91 50 3 56.7 65.3 11:30am 52.9 10:40pm 8 0 0.47 4 16 2:29am ESE 29.88 78 4 53.2 55.8 4:14pm 50.5 11:56pm 12 0 0.47 5 24 1:39am S 29.83 98 5 54.5 65.1 3:41pm 47.5 6:39am 10 0 0.00 4 16 8:42am E 29.98 78 6 58.3 72.3 3:36pm 49.5 6:25am 8 1 0.00 3 13 4:52am E 30.10 61 7 64.7 79.3 3:24pm 55.9 3:23am 4 3 0.00 5 14 4:05am E 30.17 41 8 64.7 77.0 3:16pm 58.1 5:50am 3 3 0.00 5 13 6:26am E 30.02 34 9 55.5 63.1 3:05pm 44.6 11:58pm 9 0 0.00 5 19 4:33pm E 29.92 41 10 45.0 55.9 3:08pm 35.8 7:22am 20 0 0.00 4 28 3:37pm N 29.88 37 11 45.6 57.2 3:14pm 38.7 7:13am 19 0 0.00 5 25 5:02pm N 29.93 34 12 48.1 63.3 3:57pm 37.6 5:20am 17 0 0.00 4 20 3:53pm N 30.12 29 13 57.3 72.9 3:42pm 44.8 7:17am 9 1 0.00 4 21 2:53pm N 30.25 26 14 59.2 72.3 3:24pm 49.8 5:07am 7 1 0.00 2 14 11:41pm E 30.17 31 15 62.7 75.9 3:13pm 55.0 6:12am 4 2 0.00 5 16 7:53am E 30.11 31 16 65.6 78.6 3:16pm 57.9 4:35am 3 3 0.00 5 18 8:36am E 30.12 28 17 67.5 79.9 3:33pm 60.3 7:22am 1 4 0.00 6 19 11:49pm E 30.12 25 18 63.5 68.9 12:41pm 59.0 11:52pm 2 1 0.00 5 20 8:19am E 30.07 30 19 61.9 72.0 3:20pm 55.6 6:19am 4 1 0.00 5 16 12:58am E 30.07 39 20 60.9 70.3 3:03pm 54.1 7:35am 4 1 0.00 4 16 12:05am E 30.17 40 21 64.4 72.7 3:02pm 52.9 1:47am 2 1 0.00 5 28 11:13pm E 30.16 30 22 67.5 77.5 3:31pm 60.4 2:50am 1 3 0.00 6 27 6:39am E 30.16 23 23 66.8 78.4 3:12pm 60.1 6:37am 2 3 0.00 6 19 2:13am E 30.12 23 24 65.3 77.4 3:11pm 58.3 5:50am 2 3 0.00 5 16 7:00am E 30.11 25 25 65.8 78.4 3:14pm 59.4 6:12am 2 3 0.00 6 19 4:08am E 30.13 26 26 67.0 78.6 3:19pm 60.8 7:15am 1 3 0.00 5 16 3:44am E 30.15 25 27 66.6 78.8 3:13pm 61.0 5:43am 1 3 0.00 5 18 5:05am E 30.21 25 28 65.7 77.0 3:09pm 59.2 3:12am 2 3 0.00 5 19 11:37pm E 30.22 23 29 66.4 77.7 3:00pm 60.3 4:00am 2 3 0.00 6 21 12:22am E 30.10 25 30 61.5 71.2 11:56am 50.7 9:44pm 4 1 0.04 6 27 10:03pm E 30.00 38 31 53.9 60.1 3:27pm 50.5 7:57am 11 0 0.63 5 28 4:31pm SE 30.16 91 --------------------------------------------------------------------------------------- TOT 61.0 85.5 10/1/08 35.8 10/10/08 178 57 1.61 5 28 10/21/08 E 30.08 39 HEAT BASE: 65.0 COOL BASE: 65.0
powered by Cumulus v1.9.3 (1059)
Ambient Weather VWS v14.00
Top Contact Website Map Copyright © 2007 - noaa Foresthillweather.com Never base important decisions on this or any weather information obtained from the Internet