NOAA-reports For Foresthill Weather.com
2018: Jan | Feb | Mar | Apr | May | Jun | Jul | Aug | Sep | Oct | Nov | Dec 
 2017: Jan | Feb | Mar | Apr | May | Jun | Jul | Aug | Sep | Oct | Nov | Dec 
2016: Jan | Feb | Mar | Apr | May | Jun | Jul | Aug | Sep | Oct | Nov | Dec 
2015: Jan | Feb | Mar | Apr | May | Jun | Jul | Aug | Sep | Oct | Nov | Dec 
2014: Jan | Feb | Mar | Apr | May | Jun | Jul | Aug | Sep | Oct | Nov | Dec 
2013: Jan | Feb | Mar | Apr | May | Jun | Jul | Aug | Sep | Oct | Nov | Dec 
2012: Jan | Feb | Mar | Apr | May | Jun | Jul | Aug | Sep | Oct | Nov | Dec 
2011: Jan | Feb | Mar | Apr | May | Jun | Jul | Aug | Sep | Oct | Nov | Dec 
2010: Jan | Feb | Mar | Apr | May | Jun | Jul | Aug | Sep | Oct | Nov | Dec 
2009: Jan | Feb | Mar | Apr | May | Jun | Jul | Aug | Sep | Oct | Nov | Dec 
2008: Jan | Feb | Mar | Apr | May | Jun | Jul | Aug | Sep | Oct | Nov | Dec 

Report for 2008 11
MONTHLY CLIMATOLOGICAL SUMMARY FOR 11/2008 HEAT COOL MEAN DEG DEG WIND SPEED DOM MEAN MEAN DAY TEMP HIGH TIME LOW TIME DAYS DAYS RAIN AVG HI TIME DIR BAROM HUM --------------------------------------------------------------------------------------- 1 51.3 52.3 8:11am 49.5 2:33pm 14 0 2.87 7 41 11:07pm SSE 30.03 98 2 49.1 51.1 3:57pm 46.4 11:52pm 16 0 0.71 4 28 1:52am SSW 30.03 98 3 46.1 48.7 11:02am 44.1 7:47pm 19 0 1.10 6 38 6:26pm ESE 29.91 97 4 42.0 48.2 2:38pm 37.2 11:49pm 23 0 0.00 4 19 12:47am E 30.04 92 5 42.7 50.0 1:48pm 34.9 6:01am 22 0 0.00 4 13 12:52am E 30.22 77 6 50.0 59.7 2:12pm 42.4 2:08am 15 0 0.00 4 15 12:15pm E 30.28 78 7 53.8 63.7 2:25pm 46.8 6:02am 11 0 0.00 3 20 11:24pm E 30.21 66 8 51.5 57.9 11:23am 44.2 11:55pm 14 0 0.47 6 24 7:08pm ESE 29.98 74 9 44.6 48.6 2:39pm 41.4 6:25am 20 0 0.16 2 13 1:23pm E 29.83 98 10 45.3 52.0 2:20pm 40.1 5:05am 20 0 0.00 3 15 3:34am E 30.05 89 11 47.7 54.5 2:34pm 42.6 6:01am 17 0 0.00 3 14 2:25am E 30.22 82 12 52.6 59.4 1:55pm 48.2 12:00am 12 0 0.00 3 9 1:06am N 30.25 84 13 55.3 65.1 1:24pm 47.3 5:06am 10 0 0.00 4 17 1:28pm E 30.19 65 14 62.0 72.1 2:06pm 55.0 2:29am 4 1 0.00 3 19 4:15pm E 30.18 45 15 62.5 68.5 1:51pm 58.5 11:57pm 3 1 0.00 3 20 8:10am E 30.19 40 16 61.1 69.6 12:54pm 55.2 5:52am 5 1 0.00 4 20 7:09am E 30.18 41 17 62.0 70.5 1:13pm 56.5 1:51am 4 1 0.00 6 19 5:22am E 30.22 36 18 60.7 69.1 1:00pm 56.8 7:20am 5 1 0.00 6 20 9:59pm E 30.19 36 19 57.0 65.3 1:41pm 52.5 11:22pm 8 0 0.00 6 19 12:15am E 30.13 44 20 51.5 57.4 2:01pm 46.2 7:10am 13 0 0.00 4 16 7:52am ESE 30.18 69 21 49.6 57.9 1:53pm 44.4 3:07am 15 0 0.00 4 18 5:42am E 30.12 65 22 49.9 57.2 12:25pm 44.2 5:08am 15 0 0.00 5 19 12:45am E 30.11 56 23 51.7 59.9 1:51pm 46.9 1:19am 13 0 0.00 5 20 6:56am E 30.08 48 24 54.7 64.9 12:22pm 49.5 2:33am 10 0 0.00 6 21 2:14am E 30.07 41 25 51.9 56.7 11:51am 49.1 5:42am 13 0 0.00 3 17 12:00am E 30.03 58 26 48.0 49.8 12:00am 46.0 10:29pm 17 0 0.12 4 15 8:13pm E 29.90 94 27 48.7 54.1 1:27pm 43.4 7:16am 17 0 0.00 3 14 12:07am NE 30.06 89 28 46.5 59.0 11:12pm 42.1 5:37am 18 0 0.00 3 16 11:11pm NE 30.17 84 29 63.1 69.2 12:23pm 55.8 6:49am 3 1 0.00 6 28 9:08pm E 30.17 39 30 58.0 69.0 2:32pm 47.0 6:48pm 7 0 0.00 4 26 10:17pm ESE 30.16 44 --------------------------------------------------------------------------------------- TOT 52.5 72.1 11/14/08 34.9 11/5/08 385 5 5.43 4 41 11/1/08 E 30.12 67 HEAT BASE: 65.0 COOL BASE: 65.0
powered by Cumulus v1.9.3 (1059)
Ambient Weather VWS v14.00
Top Contact Website Map Copyright © 2007 - noaa Foresthillweather.com Never base important decisions on this or any weather information obtained from the Internet