NOAA-reports For Foresthill Weather.com
2018: Jan | Feb | Mar | Apr | May | Jun | Jul | Aug | Sep | Oct | Nov | Dec 
 2017: Jan | Feb | Mar | Apr | May | Jun | Jul | Aug | Sep | Oct | Nov | Dec 
2016: Jan | Feb | Mar | Apr | May | Jun | Jul | Aug | Sep | Oct | Nov | Dec 
2015: Jan | Feb | Mar | Apr | May | Jun | Jul | Aug | Sep | Oct | Nov | Dec 
2014: Jan | Feb | Mar | Apr | May | Jun | Jul | Aug | Sep | Oct | Nov | Dec 
2013: Jan | Feb | Mar | Apr | May | Jun | Jul | Aug | Sep | Oct | Nov | Dec 
2012: Jan | Feb | Mar | Apr | May | Jun | Jul | Aug | Sep | Oct | Nov | Dec 
2011: Jan | Feb | Mar | Apr | May | Jun | Jul | Aug | Sep | Oct | Nov | Dec 
2010: Jan | Feb | Mar | Apr | May | Jun | Jul | Aug | Sep | Oct | Nov | Dec 
2009: Jan | Feb | Mar | Apr | May | Jun | Jul | Aug | Sep | Oct | Nov | Dec 
2008: Jan | Feb | Mar | Apr | May | Jun | Jul | Aug | Sep | Oct | Nov | Dec 

Report for 2009 09
MONTHLY CLIMATOLOGICAL SUMMARY FOR 9/2009 HEAT COOL MEAN DEG DEG WIND SPEED DOM MEAN MEAN DAY TEMP HIGH TIME LOW TIME DAYS DAYS RAIN AVG HI TIME DIR BAROM HUM --------------------------------------------------------------------------------------- 1 74.2 87.3 2:52pm 64.4 6:01am 0 9 0.00 6 25 11:51am ESE 30.00 38 2 78.7 90.9 1:42pm 70.4 2:33am 0 14 0.00 6 25 3:07am ESE 30.03 29 3 77.5 90.6 2:34pm 69.1 6:47am 0 11 0.00 6 20 1:42pm ESE 30.03 30 4 75.7 87.6 3:04pm 67.5 11:56pm 0 11 0.00 7 28 6:29am ESE 29.95 28 5 69.8 80.3 2:00pm 61.6 6:45am 0 5 0.00 6 23 1:43am ESE 29.95 38 6 64.4 74.6 2:57pm 56.8 5:35am 3 2 0.00 5 23 6:39am SE 30.02 56 7 64.9 78.0 3:19pm 54.4 6:46am 4 4 0.00 4 18 12:58pm WNW 29.96 42 8 67.9 80.8 2:42pm 57.1 6:48am 3 5 0.00 4 16 12:42pm E 29.89 37 9 72.2 84.4 2:26pm 63.0 7:22am 0 8 0.00 5 19 11:33pm E 29.99 36 10 76.1 89.6 3:03pm 66.2 4:25am 0 11 0.00 4 22 5:52am E 30.06 34 11 79.4 93.2 2:08pm 70.6 5:29am 0 14 0.00 6 23 5:07am ESE 30.00 31 12 75.4 83.3 12:33pm 69.1 11:57pm 0 10 0.00 5 31 1:58pm ESE 29.86 38 13 64.8 72.7 2:02pm 57.8 9:30am 2 2 0.00 6 24 3:15pm SE 29.82 53 14 59.1 65.1 5:18pm 55.0 11:59pm 6 0 0.12 3 16 2:03pm SSW 29.98 81 15 62.6 75.7 3:16pm 52.6 6:24am 5 3 0.00 3 16 3:25pm WSW 30.05 69 16 68.5 79.6 4:14pm 60.2 6:01am 2 5 0.00 4 23 6:49am WNW 30.05 57 17 71.2 84.0 2:59pm 61.3 7:27am 1 7 0.00 5 18 4:12am E 29.98 48 18 76.7 90.6 2:51pm 68.7 6:50am 0 12 0.00 6 22 4:54am ESE 29.93 37 19 73.7 85.5 3:01pm 66.7 7:07am 0 9 0.00 5 25 4:00pm ESE 29.98 39 20 74.4 88.3 2:19pm 65.1 4:26am 0 9 0.00 6 25 7:42am E 30.01 33 21 78.7 90.3 2:10pm 69.6 1:21am 0 14 0.00 7 31 7:32am E 30.03 22 22 80.7 93.8 2:48pm 73.7 7:12am 0 16 0.00 7 31 2:04am ESE 30.05 12 23 79.1 90.9 2:05pm 72.0 8:18am 0 14 0.00 5 23 3:28am ESE 30.02 16 24 77.4 90.3 2:45pm 69.7 5:07am 0 12 0.00 6 23 12:47am ESE 29.99 24 25 77.6 91.1 2:54pm 67.8 7:03am 0 13 0.00 5 18 7:55am ESE 30.01 28 26 81.0 94.5 4:14pm 71.5 3:18am 0 16 0.00 5 24 4:57am E 30.03 21 27 80.1 93.0 2:33pm 71.9 7:56am 0 15 0.00 6 25 3:13am ESE 29.93 23 28 75.3 86.4 2:39pm 65.9 11:55pm 0 10 0.00 7 26 3:15am S 29.82 27 29 57.1 65.9 12:00am 48.7 11:56pm 8 0 0.00 5 28 6:51am S 29.88 43 30 53.9 63.7 1:59pm 46.0 7:36am 11 0 0.00 7 30 2:00pm E 30.08 42 --------------------------------------------------------------------------------------- TOT 72.3 94.5 9/26/09 46.0 9/30/09 44 261 0.12 5 31 9/12/09 ESE 29.98 37 HEAT BASE: 65.0 COOL BASE: 65.0
powered by Cumulus v1.9.3 (1059)
Ambient Weather VWS v14.00
Top Contact Website Map Copyright © 2007 - noaa Foresthillweather.com Never base important decisions on this or any weather information obtained from the Internet