NOAA-reports For Foresthill Weather.com
2018: Jan | Feb | Mar | Apr | May | Jun | Jul | Aug | Sep | Oct | Nov | Dec 
2017: Jan | Feb | Mar | Apr | May | Jun | Jul | Aug | Sep | Oct | Nov | Dec 
2016: Jan | Feb | Mar | Apr | May | Jun | Jul | Aug | Sep | Oct | Nov | Dec 
2015: Jan | Feb | Mar | Apr | May | Jun | Jul | Aug | Sep | Oct | Nov | Dec 
2014: Jan | Feb | Mar | Apr | May | Jun | Jul | Aug | Sep | Oct | Nov | Dec 
2013: Jan | Feb | Mar | Apr | May | Jun | Jul | Aug | Sep | Oct | Nov | Dec 
2012: Jan | Feb | Mar | Apr | May | Jun | Jul | Aug | Sep | Oct | Nov | Dec 
2011: Jan | Feb | Mar | Apr | May | Jun | Jul | Aug | Sep | Oct | Nov | Dec 
2010: Jan | Feb | Mar | Apr | May | Jun | Jul | Aug | Sep | Oct | Nov | Dec 
2009: Jan | Feb | Mar | Apr | May | Jun | Jul | Aug | Sep | Oct | Nov | Dec 
2008: Jan | Feb | Mar | Apr | May | Jun | Jul | Aug | Sep | Oct | Nov | Dec 

Report for 2010 02
MONTHLY CLIMATOLOGICAL SUMMARY FOR 2/2010 HEAT COOL MEAN DEG DEG WIND SPEED DOM MEAN MEAN DAY TEMP HIGH TIME LOW TIME DAYS DAYS RAIN AVG HI TIME DIR BAROM HUM --------------------------------------------------------------------------------------- 1 43.0 49.1 2:54pm 39.2 3:17am 22 0 0.00 4 22 4:04am ESE 29.91 81 2 43.4 51.2 1:55pm 38.6 3:37am 22 0 0.01 5 23 2:17am ESE 29.84 80 3 43.3 49.2 3:09pm 40.3 10:47pm 22 0 0.17 4 19 9:18pm ESE 29.82 90 4 43.7 48.7 2:37pm 40.4 12:32am 21 0 0.20 8 41 6:06pm SE 29.78 86 5 43.9 47.7 2:55pm 41.1 2:30am 21 0 0.52 6 32 12:00am SSE 29.85 95 6 42.1 44.2 4:15am 40.1 7:40am 23 0 0.21 5 31 6:25am SSE 29.83 95 7 41.3 43.8 4:05pm 39.8 1:54am 24 0 0.01 2 14 10:54am WNW 29.91 94 8 40.9 44.3 3:47pm 36.2 4:55am 24 0 0.19 3 20 9:57pm ESE 29.94 92 9 40.4 43.1 3:59pm 37.0 11:55pm 25 0 0.33 5 25 5:03am SSE 29.86 95 10 40.4 47.4 2:29pm 33.9 3:41am 25 0 0.00 4 23 7:24am SW 29.99 88 11 43.5 47.2 2:55pm 40.5 7:53am 22 0 0.00 4 16 2:31pm ESE 30.10 91 12 45.7 52.5 2:24pm 41.4 1:26am 19 0 0.01 4 23 8:20am SE 30.16 90 13 46.5 56.3 2:31pm 39.2 6:34am 18 0 0.00 5 22 2:11am E 30.14 76 14 48.8 58.4 1:51pm 41.8 5:23am 16 0 0.00 5 22 2:20am ESE 30.13 67 15 51.5 60.8 2:32pm 44.1 7:19am 13 0 0.00 4 16 1:27am E 30.08 68 16 50.5 58.9 2:53pm 44.5 4:34am 14 0 0.00 4 19 9:57pm ESE 30.06 82 17 52.6 62.8 1:49pm 45.8 7:09am 12 0 0.00 5 22 10:45pm ESE 30.00 71 18 51.0 60.3 1:59pm 46.1 7:19am 14 0 0.00 6 25 6:31am ESE 29.90 73 19 46.8 52.5 2:19pm 43.2 5:46am 18 0 0.00 4 19 1:26am ESE 29.82 84 20 41.9 44.2 11:13am 39.5 11:54pm 23 0 1.42 4 32 11:53pm E 29.82 93 21 37.5 40.0 12:02pm 34.0 11:52pm 28 0 0.59 6 31 12:29am S 29.90 95 22 38.7 50.8 2:48pm 31.3 5:07am 26 0 0.00 5 30 5:41am E 30.05 81 23 39.7 44.0 12:52pm 36.4 5:10am 25 0 0.47 9 46 11:42pm ESE 30.11 84 24 43.6 45.8 2:48pm 40.7 9:21pm 21 0 0.73 5 32 1:49am S 30.05 95 25 44.0 53.1 2:06pm 36.6 6:37am 21 0 0.00 5 25 6:36am ESE 30.13 88 26 44.9 50.6 11:48am 40.9 11:57pm 20 0 1.42 8 50 2:52pm SE 29.86 88 27 42.3 47.0 1:47pm 38.6 7:07am 23 0 0.64 5 23 12:57am E 29.70 94 28 45.8 55.7 2:03pm 38.6 5:19am 19 0 0.00 5 22 6:16am ESE 29.92 88 --------------------------------------------------------------------------------------- TOT 44.2 62.8 2/17/10 31.3 2/22/10 582 0 6.93 5 50 2/26/10 ESE 29.95 86 HEAT BASE: 65.0 COOL BASE: 65.0
powered by Cumulus v1.9.3 (1059)
Ambient Weather VWS v14.00
Top Contact Website Map Copyright © 2007 - noaa Foresthillweather.com Never base important decisions on this or any weather information obtained from the Internet