NOAA-reports For Foresthill Weather.com
2018: Jan | Feb | Mar | Apr | May | Jun | Jul | Aug | Sep | Oct | Nov | Dec 
 2017: Jan | Feb | Mar | Apr | May | Jun | Jul | Aug | Sep | Oct | Nov | Dec 
2016: Jan | Feb | Mar | Apr | May | Jun | Jul | Aug | Sep | Oct | Nov | Dec 
2015: Jan | Feb | Mar | Apr | May | Jun | Jul | Aug | Sep | Oct | Nov | Dec 
2014: Jan | Feb | Mar | Apr | May | Jun | Jul | Aug | Sep | Oct | Nov | Dec 
2013: Jan | Feb | Mar | Apr | May | Jun | Jul | Aug | Sep | Oct | Nov | Dec 
2012: Jan | Feb | Mar | Apr | May | Jun | Jul | Aug | Sep | Oct | Nov | Dec 
2011: Jan | Feb | Mar | Apr | May | Jun | Jul | Aug | Sep | Oct | Nov | Dec 
2010: Jan | Feb | Mar | Apr | May | Jun | Jul | Aug | Sep | Oct | Nov | Dec 
2009: Jan | Feb | Mar | Apr | May | Jun | Jul | Aug | Sep | Oct | Nov | Dec 
2008: Jan | Feb | Mar | Apr | May | Jun | Jul | Aug | Sep | Oct | Nov | Dec 

Report for 2010 05
MONTHLY CLIMATOLOGICAL SUMMARY FOR 5/2010 HEAT COOL MEAN DEG DEG WIND SPEED DOM MEAN MEAN DAY TEMP HIGH TIME LOW TIME DAYS DAYS RAIN AVG HI TIME DIR BAROM HUM --------------------------------------------------------------------------------------- 1 53.4 63.8 4:42pm 42.7 3:33am 12 0 0.00 5 19 12:39am E 29.94 60 2 56.7 67.6 4:47pm 45.4 6:41am 9 0 0.00 7 29 5:18pm NNW 30.00 47 3 61.4 73.3 2:13pm 52.3 6:44am 5 2 0.00 7 25 4:31am S 30.14 49 4 57.7 66.6 2:45pm 51.0 6:53am 7 0 0.00 5 19 5:09pm WNW 30.10 59 5 51.8 60.0 2:29pm 45.1 11:56pm 13 0 0.00 5 20 11:29am ESE 30.02 40 6 52.0 62.6 4:18pm 42.4 6:09am 13 0 0.00 7 25 1:10pm ESE 30.03 39 7 56.1 66.5 2:48pm 47.5 7:06am 9 0 0.00 6 29 1:54am E 30.02 37 8 53.7 62.8 2:18pm 44.9 6:38am 11 0 0.00 6 24 1:10am SE 29.98 57 9 46.0 48.8 3:11pm 41.8 7:27am 19 0 0.03 7 25 9:07am SSE 29.96 84 10 40.0 45.4 12:00am 34.2 11:09pm 25 0 0.94 7 42 1:43pm S 29.98 93 11 43.6 54.4 5:24pm 33.7 2:14am 21 0 0.03 5 26 5:11pm ESE 30.06 87 12 53.8 64.4 1:59pm 42.7 4:37am 11 0 0.00 5 25 1:08pm WNW 30.02 70 13 59.1 69.5 4:47pm 48.0 4:57am 7 1 0.00 6 28 7:10am ESE 29.94 56 14 61.5 71.3 2:00pm 52.3 6:16am 5 2 0.00 6 24 7:08am ESE 29.98 52 15 62.8 74.1 2:07pm 54.3 6:00am 5 2 0.00 5 24 4:21am ESE 30.00 54 16 62.6 72.4 1:35pm 54.6 11:50pm 4 2 0.00 5 29 1:19am SW 29.90 56 17 50.8 54.6 12:00am 48.5 11:30pm 14 0 0.09 6 30 3:23pm SSE 29.88 76 18 52.1 58.9 4:28pm 47.4 2:53am 13 0 0.04 3 18 12:34am SSW 30.03 85 19 52.1 59.2 11:01am 49.2 2:10am 13 0 0.11 5 22 10:40am ESE 30.08 86 20 52.3 61.4 2:27pm 45.7 6:41am 13 0 0.00 4 18 3:22pm WNW 30.07 76 21 46.3 51.7 4:34pm 38.6 11:41pm 19 0 0.14 7 32 6:50pm ESE 29.93 74 22 40.5 48.7 3:16pm 34.3 6:12am 25 0 0.01 4 24 4:29pm ESE 29.93 78 23 46.5 58.4 2:41pm 34.2 6:06am 19 0 0.00 5 31 4:24pm E 29.86 65 24 46.9 54.6 3:08pm 40.4 7:09am 18 0 0.00 7 30 6:36am SSW 29.98 70 25 47.4 57.7 12:36pm 40.9 5:46am 18 0 0.55 6 32 3:48pm ESE 29.93 81 26 46.9 51.4 5:06pm 43.2 11:57pm 18 0 0.85 5 28 7:43pm SSW 29.89 93 27 42.3 49.5 12:51pm 38.5 11:44pm 23 0 0.69 6 31 2:13pm ESE 29.92 93 28 45.1 53.8 5:39pm 38.0 5:32am 20 0 0.01 5 22 5:02pm ESE 30.09 88 29 55.7 68.1 4:33pm 43.1 3:24am 10 1 0.00 6 23 5:31am NW 30.08 68 30 62.8 74.3 3:22pm 53.7 1:06am 5 2 0.00 6 28 1:50am WSW 29.99 50 31 61.1 67.8 3:00pm 56.7 4:27am 4 0 0.00 5 23 5:53am S 29.96 64 --------------------------------------------------------------------------------------- TOT 52.3 74.3 5/30/10 33.7 5/11/10 406 12 3.49 6 42 5/10/10 ESE 29.99 67 HEAT BASE: 65.0 COOL BASE: 65.0
powered by Cumulus v1.9.3 (1059)
Ambient Weather VWS v14.00
Top Contact Website Map Copyright © 2007 - noaa Foresthillweather.com Never base important decisions on this or any weather information obtained from the Internet