NOAA-reports For Foresthill Weather.com
2018: Jan | Feb | Mar | Apr | May | Jun | Jul | Aug | Sep | Oct | Nov | Dec 
 2017: Jan | Feb | Mar | Apr | May | Jun | Jul | Aug | Sep | Oct | Nov | Dec 
2016: Jan | Feb | Mar | Apr | May | Jun | Jul | Aug | Sep | Oct | Nov | Dec 
2015: Jan | Feb | Mar | Apr | May | Jun | Jul | Aug | Sep | Oct | Nov | Dec 
2014: Jan | Feb | Mar | Apr | May | Jun | Jul | Aug | Sep | Oct | Nov | Dec 
2013: Jan | Feb | Mar | Apr | May | Jun | Jul | Aug | Sep | Oct | Nov | Dec 
2012: Jan | Feb | Mar | Apr | May | Jun | Jul | Aug | Sep | Oct | Nov | Dec 
2011: Jan | Feb | Mar | Apr | May | Jun | Jul | Aug | Sep | Oct | Nov | Dec 
2010: Jan | Feb | Mar | Apr | May | Jun | Jul | Aug | Sep | Oct | Nov | Dec 
2009: Jan | Feb | Mar | Apr | May | Jun | Jul | Aug | Sep | Oct | Nov | Dec 
2008: Jan | Feb | Mar | Apr | May | Jun | Jul | Aug | Sep | Oct | Nov | Dec 

Report for 2010 06
MONTHLY CLIMATOLOGICAL SUMMARY FOR 6/2010 HEAT COOL MEAN DEG DEG WIND SPEED DOM MEAN MEAN DAY TEMP HIGH TIME LOW TIME DAYS DAYS RAIN AVG HI TIME DIR BAROM HUM --------------------------------------------------------------------------------------- 1 59.6 66.6 3:08pm 52.3 6:36am 6 0 0.00 4 17 2:31pm SSE 29.98 74 2 62.4 72.6 2:25pm 54.3 5:38am 4 2 0.00 5 23 2:32pm SSW 30.01 73 3 62.6 70.5 2:19pm 57.5 6:00am 3 1 0.00 5 20 12:47pm S 29.99 79 4 60.3 66.6 5:10pm 55.3 6:50am 5 0 0.02 5 32 11:35am S 30.04 83 5 66.0 76.3 4:06pm 57.1 5:06am 3 4 0.00 5 22 4:42am ESE 30.06 74 6 68.2 78.6 1:56pm 60.0 6:52am 1 5 0.00 5 20 2:38pm ESE 30.05 70 7 66.1 75.8 2:18pm 58.0 6:51am 2 3 0.00 4 24 3:02am WSW 29.99 66 8 65.9 76.4 2:13pm 58.0 6:02am 2 3 0.00 5 19 3:00pm ESE 29.99 65 9 60.3 68.1 3:16pm 50.3 11:57pm 5 0 0.01 5 26 2:38pm SSE 30.02 73 10 54.1 62.8 5:27pm 45.2 6:25am 11 0 0.00 5 23 12:44pm NW 29.99 70 11 62.3 73.5 3:07pm 52.1 1:48am 5 2 0.00 6 30 3:24am NE 29.95 43 12 66.9 78.3 3:01pm 56.4 3:34am 3 5 0.00 5 41 7:08am NNW 29.98 41 13 70.0 80.6 2:20pm 60.3 4:17am 1 6 0.00 7 28 5:27am ESE 30.05 38 14 71.1 83.0 2:50pm 61.8 7:00am 1 7 0.00 6 24 1:28am ESE 30.00 46 15 65.7 74.6 2:30pm 57.5 11:56pm 2 3 0.00 5 26 2:23am SW 29.85 54 16 60.1 68.4 5:24pm 52.6 7:06am 6 1 0.00 3 23 2:01pm NW 29.93 58 17 62.2 75.0 2:29pm 51.6 6:31am 5 2 0.00 5 19 1:37am ESE 29.97 41 18 62.9 74.1 2:06pm 54.2 11:59pm 4 2 0.00 6 26 3:38pm ESE 29.92 49 19 57.5 66.5 2:47pm 49.7 7:02am 8 0 0.00 6 25 2:27pm S 30.01 64 20 58.7 70.5 2:25pm 49.2 6:21am 7 1 0.00 5 23 3:42am ESE 30.02 57 21 63.2 74.0 3:47pm 52.8 5:18am 4 3 0.00 4 18 1:51pm ESE 29.97 55 22 67.6 79.3 3:32pm 57.5 5:39am 2 5 0.00 4 17 6:46am ESE 30.03 55 23 70.5 81.4 3:08pm 62.1 6:57am 0 6 0.00 4 22 2:37am ESE 30.00 53 24 69.1 78.3 1:51pm 63.6 7:15am 0 4 0.00 4 19 5:16am ESE 29.97 54 25 66.3 76.0 2:02pm 56.6 6:57am 2 3 0.07 4 20 1:26pm WNW 29.96 70 26 70.7 81.9 5:22pm 60.5 6:03am 1 7 0.00 3 20 3:56pm WNW 29.95 68 27 76.0 87.2 2:31pm 67.4 4:20am 0 11 0.00 4 24 6:12am E 29.89 55 28 78.2 90.4 2:37pm 69.7 7:14am 0 13 0.00 4 19 6:35am ESE 29.86 54 29 75.6 84.7 1:38pm 68.3 11:58pm 0 11 0.00 5 24 5:51am ESE 29.88 54 30 69.7 79.8 3:08pm 62.5 11:59pm 0 5 0.00 5 24 3:21am ESE 29.92 48 --------------------------------------------------------------------------------------- TOT 65.7 90.4 6/28/10 45.2 6/10/10 95 114 0.10 5 41 6/12/10 ESE 29.97 59 HEAT BASE: 65.0 COOL BASE: 65.0
powered by Cumulus v1.9.3 (1059)
Ambient Weather VWS v14.00
Top Contact Website Map Copyright © 2007 - noaa Foresthillweather.com Never base important decisions on this or any weather information obtained from the Internet