NOAA-reports For Foresthill Weather.com
2018: Jan | Feb | Mar | Apr | May | Jun | Jul | Aug | Sep | Oct | Nov | Dec 
 2017: Jan | Feb | Mar | Apr | May | Jun | Jul | Aug | Sep | Oct | Nov | Dec 
2016: Jan | Feb | Mar | Apr | May | Jun | Jul | Aug | Sep | Oct | Nov | Dec 
2015: Jan | Feb | Mar | Apr | May | Jun | Jul | Aug | Sep | Oct | Nov | Dec 
2014: Jan | Feb | Mar | Apr | May | Jun | Jul | Aug | Sep | Oct | Nov | Dec 
2013: Jan | Feb | Mar | Apr | May | Jun | Jul | Aug | Sep | Oct | Nov | Dec 
2012: Jan | Feb | Mar | Apr | May | Jun | Jul | Aug | Sep | Oct | Nov | Dec 
2011: Jan | Feb | Mar | Apr | May | Jun | Jul | Aug | Sep | Oct | Nov | Dec 
2010: Jan | Feb | Mar | Apr | May | Jun | Jul | Aug | Sep | Oct | Nov | Dec 
2009: Jan | Feb | Mar | Apr | May | Jun | Jul | Aug | Sep | Oct | Nov | Dec 
2008: Jan | Feb | Mar | Apr | May | Jun | Jul | Aug | Sep | Oct | Nov | Dec 

Report for 2010 10
MONTHLY CLIMATOLOGICAL SUMMARY FOR 10/2010 HEAT COOL MEAN DEG DEG WIND SPEED DOM MEAN MEAN DAY TEMP HIGH TIME LOW TIME DAYS DAYS RAIN AVG HI TIME DIR BAROM HUM --------------------------------------------------------------------------------------- 1 76.6 86.6 2:16pm 71.7 7:34am 0 12 0.00 6 24 12:43am E 30.00 35 2 75.9 85.6 1:50pm 69.9 5:58am 0 11 0.00 5 26 12:36pm ESE 29.99 39 3 66.9 71.3 12:00am 58.0 11:56pm 1 3 0.03 5 28 5:37am ESE 29.96 68 4 56.6 61.3 2:42pm 51.4 8:55am 8 0 0.00 4 23 3:12pm S 29.90 75 5 55.5 63.7 3:13pm 50.2 5:49am 9 0 0.01 3 32 8:23pm ESE 29.92 77 6 53.5 61.6 2:21pm 48.8 4:57am 12 0 0.08 4 30 2:00am ESE 30.00 86 7 52.5 57.2 5:49pm 49.5 11:56pm 13 0 0.29 3 13 2:43pm SE 30.12 89 8 53.9 64.2 3:41pm 46.3 5:08am 11 0 0.00 4 16 4:57am E 30.17 77 9 60.3 72.3 2:33pm 51.6 6:35am 6 1 0.00 4 17 2:58pm E 30.21 64 10 65.1 75.5 2:59pm 58.7 5:16am 3 3 0.00 3 14 12:23am E 30.10 60 11 68.9 82.1 2:42pm 58.5 5:58am 2 6 0.00 5 31 10:41pm E 30.02 58 12 71.3 82.4 2:24pm 65.4 6:29am 0 6 0.00 7 29 1:38am ESE 30.09 38 13 71.8 83.1 2:53pm 65.5 7:37am 0 7 0.00 7 28 4:22am ESE 30.12 38 14 71.8 84.3 2:39pm 64.7 4:16am 0 7 0.00 6 29 7:23am ESE 30.13 34 15 70.8 82.3 2:15pm 64.4 7:08am 0 6 0.00 7 26 3:54am ESE 30.07 34 16 65.7 76.1 1:41pm 60.0 7:40am 2 3 0.00 6 25 12:06am ESE 30.04 41 17 55.9 61.8 2:17am 50.0 11:58pm 9 0 0.10 5 24 5:29am ESE 30.02 71 18 54.8 65.1 3:22pm 48.2 7:49am 10 0 0.00 3 13 4:06am ESE 30.00 83 19 59.3 70.2 3:38pm 50.1 7:30am 7 1 0.00 2 17 9:10am WNW 29.95 71 20 59.2 68.1 3:46pm 52.7 6:22am 6 0 0.00 3 16 4:24am SSE 29.98 76 21 54.4 62.5 2:10pm 48.9 11:54pm 11 0 0.00 4 17 5:14am ESE 30.01 78 22 52.3 60.4 2:09pm 47.9 5:13am 13 0 0.13 4 20 8:41pm ESE 29.99 80 23 47.8 50.3 12:00am 44.9 6:12am 17 0 1.27 7 34 10:22pm SSE 30.02 93 24 52.2 54.1 4:30pm 48.6 11:57pm 13 0 5.37 12 47 1:39pm S 29.92 94 25 46.1 51.3 4:13pm 41.7 11:50pm 19 0 0.00 4 29 1:08am SW 30.03 90 26 43.8 51.7 2:35pm 38.3 7:35am 21 0 0.01 5 25 9:48pm ESE 30.04 79 27 47.3 57.8 2:42pm 39.6 3:05am 18 0 0.00 6 26 5:33am SE 30.06 66 28 53.9 63.4 2:38pm 47.8 8:30am 11 0 0.00 7 31 1:42pm SE 30.02 56 29 53.5 61.1 12:50pm 49.0 7:33am 12 0 0.00 4 22 12:50am ESE 29.95 66 30 47.7 51.3 12:00am 46.0 7:39am 17 0 0.23 5 28 12:20pm S 29.98 91 31 49.3 56.8 2:54pm 44.2 8:10am 16 0 0.01 4 24 10:51pm ESE 30.18 88 --------------------------------------------------------------------------------------- TOT 58.5 86.6 10/1/10 38.3 10/26/10 266 65 7.53 5 47 10/24/10 ESE 30.03 68 HEAT BASE: 65.0 COOL BASE: 65.0
powered by Cumulus v1.9.3 (1059)
Ambient Weather VWS v14.00
Top Contact Website Map Copyright © 2007 - noaa Foresthillweather.com Never base important decisions on this or any weather information obtained from the Internet