NOAA-reports For Foresthill Weather.com
2018: Jan | Feb | Mar | Apr | May | Jun | Jul | Aug | Sep | Oct | Nov | Dec 
2017: Jan | Feb | Mar | Apr | May | Jun | Jul | Aug | Sep | Oct | Nov | Dec 
2016: Jan | Feb | Mar | Apr | May | Jun | Jul | Aug | Sep | Oct | Nov | Dec 
2015: Jan | Feb | Mar | Apr | May | Jun | Jul | Aug | Sep | Oct | Nov | Dec 
2014: Jan | Feb | Mar | Apr | May | Jun | Jul | Aug | Sep | Oct | Nov | Dec 
2013: Jan | Feb | Mar | Apr | May | Jun | Jul | Aug | Sep | Oct | Nov | Dec 
2012: Jan | Feb | Mar | Apr | May | Jun | Jul | Aug | Sep | Oct | Nov | Dec 
2011: Jan | Feb | Mar | Apr | May | Jun | Jul | Aug | Sep | Oct | Nov | Dec 
2010: Jan | Feb | Mar | Apr | May | Jun | Jul | Aug | Sep | Oct | Nov | Dec 
2009: Jan | Feb | Mar | Apr | May | Jun | Jul | Aug | Sep | Oct | Nov | Dec 
2008: Jan | Feb | Mar | Apr | May | Jun | Jul | Aug | Sep | Oct | Nov | Dec 

Report for 2011 03
MONTHLY CLIMATOLOGICAL SUMMARY FOR 3/2011 HEAT COOL MEAN DEG DEG WIND SPEED DOM MEAN MEAN DAY TEMP HIGH TIME LOW TIME DAYS DAYS RAIN AVG HI TIME DIR BAROM HUM --------------------------------------------------------------------------------------- 1 38.9 48.0 1:47pm 32.5 6:51am 26 0 0.00 7 25 3:23pm SE 30.03 70 2 41.8 45.4 3:12pm 37.0 3:17am 23 0 0.41 9 50 1:19am SSE 30.00 94 3 41.9 47.9 3:26pm 37.8 11:54pm 23 0 0.15 5 26 4:46am WSW 30.17 92 4 43.6 54.2 2:00pm 36.8 3:15am 21 0 0.00 6 28 4:05am ESE 30.24 72 5 46.5 57.5 1:52pm 40.7 3:33am 18 0 0.20 5 25 4:09am ESE 30.15 70 6 44.1 46.3 2:24pm 41.1 7:25am 21 0 1.51 5 24 6:59am ESE 29.87 95 7 41.0 45.6 12:00am 35.0 7:00am 24 0 0.08 4 37 5:02am WNW 29.92 87 8 44.9 54.7 1:28pm 37.0 5:57am 20 0 0.00 5 22 9:55pm ESE 30.18 81 9 48.7 57.4 2:54pm 42.8 5:01am 16 0 0.00 5 30 6:46am ESE 30.20 79 10 45.8 49.8 11:03am 42.8 9:15pm 19 0 0.38 6 26 5:53am SE 30.12 88 11 44.1 50.7 3:26pm 39.4 6:26am 21 0 0.01 3 16 10:51am ESE 30.10 87 12 44.7 53.7 2:05pm 38.9 4:43am 20 0 0.00 4 20 1:02pm ESE 30.13 75 13 46.2 51.8 3:28pm 40.5 12:00am 18 0 0.72 7 31 11:04pm SE 30.18 82 14 48.3 53.9 4:06pm 43.0 6:07am 17 0 0.99 6 31 4:30am ESE 30.23 95 15 45.9 49.5 7:36pm 43.9 10:29am 19 0 3.32 7 36 7:00am SE 30.12 96 16 42.0 44.8 12:00am 36.8 11:55pm 23 0 1.14 5 30 7:16am SW 30.14 94 17 39.8 49.4 3:10pm 32.6 7:35am 25 0 0.01 6 23 3:55am ESE 30.18 82 18 37.1 43.0 11:53am 32.6 5:06pm 28 0 0.65 7 55 1:07pm SSE 29.99 86 19 34.2 37.6 11:51pm 32.1 2:15am 31 0 0.76 10 49 11:35pm SSE 29.83 96 20 35.4 38.5 12:48am 33.7 11:39pm 30 0 0.45 10 56 2:11am SSE 29.55 96 21 34.9 39.1 2:23pm 32.9 5:26am 30 0 0.68 5 31 12:59pm SSE 29.80 97 22 36.6 42.2 2:12pm 33.0 6:49am 28 0 0.25 6 31 11:47pm SE 30.05 94 23 37.0 39.2 1:58pm 33.2 10:07pm 28 0 1.14 8 40 11:42am SE 29.83 96 24 34.4 36.3 4:13am 32.4 5:46pm 31 0 1.59 9 54 12:07pm S 29.77 97 25 35.1 38.5 5:05pm 32.6 12:00am 30 0 0.46 7 29 10:43am SSE 29.97 97 26 36.4 39.8 4:31pm 32.6 5:35am 29 0 1.09 8 38 9:23am SSE 29.90 98 27 39.0 43.1 4:54pm 35.7 5:11am 26 0 0.23 6 28 5:37pm SE 30.02 97 28 43.6 51.9 3:24pm 36.9 7:20am 21 0 0.09 4 24 2:07am WNW 30.09 94 29 47.1 57.7 3:17pm 38.8 4:57am 18 0 0.00 4 18 2:17pm ESE 30.18 83 30 57.6 70.5 2:28pm 44.4 1:25am 9 1 0.00 5 24 10:24pm N 30.19 70 31 61.5 75.6 2:50pm 52.3 3:42am 6 2 0.00 5 24 6:04am ESE 30.05 55 --------------------------------------------------------------------------------------- TOT 42.5 75.6 3/31/11 32.1 3/19/11 699 3 16.27 6 56 3/20/11 SE 30.04 87 HEAT BASE: 65.0 COOL BASE: 65.0
powered by Cumulus v1.9.3 (1059)
Ambient Weather VWS v14.00
Top Contact Website Map Copyright © 2007 - noaa Foresthillweather.com Never base important decisions on this or any weather information obtained from the Internet