NOAA-reports For Foresthill Weather.com
2018: Jan | Feb | Mar | Apr | May | Jun | Jul | Aug | Sep | Oct | Nov | Dec 
 2017: Jan | Feb | Mar | Apr | May | Jun | Jul | Aug | Sep | Oct | Nov | Dec 
2016: Jan | Feb | Mar | Apr | May | Jun | Jul | Aug | Sep | Oct | Nov | Dec 
2015: Jan | Feb | Mar | Apr | May | Jun | Jul | Aug | Sep | Oct | Nov | Dec 
2014: Jan | Feb | Mar | Apr | May | Jun | Jul | Aug | Sep | Oct | Nov | Dec 
2013: Jan | Feb | Mar | Apr | May | Jun | Jul | Aug | Sep | Oct | Nov | Dec 
2012: Jan | Feb | Mar | Apr | May | Jun | Jul | Aug | Sep | Oct | Nov | Dec 
2011: Jan | Feb | Mar | Apr | May | Jun | Jul | Aug | Sep | Oct | Nov | Dec 
2010: Jan | Feb | Mar | Apr | May | Jun | Jul | Aug | Sep | Oct | Nov | Dec 
2009: Jan | Feb | Mar | Apr | May | Jun | Jul | Aug | Sep | Oct | Nov | Dec 
2008: Jan | Feb | Mar | Apr | May | Jun | Jul | Aug | Sep | Oct | Nov | Dec 

Report for 2011 05
MONTHLY CLIMATOLOGICAL SUMMARY FOR 5/2011 HEAT COOL MEAN DEG DEG WIND SPEED DOM MEAN MEAN DAY TEMP HIGH TIME LOW TIME DAYS DAYS RAIN AVG HI TIME DIR BAROM HUM --------------------------------------------------------------------------------------- 1 55.9 68.7 4:20pm 42.6 6:22am 10 1 0.00 4 24 7:32am WNW 30.14 37 2 59.7 71.6 2:18pm 49.8 6:44am 7 1 0.00 6 26 6:42am ESE 30.17 43 3 59.7 71.8 2:05pm 49.6 6:28am 7 1 0.00 5 25 5:31am ESE 30.07 45 4 66.9 78.7 1:41pm 55.9 12:00am 2 4 0.00 7 34 4:03am E 29.98 33 5 68.0 80.2 1:58pm 58.9 5:58am 2 5 0.00 6 26 6:54am ESE 29.93 43 6 64.7 76.1 2:17pm 56.7 6:52am 3 3 0.00 6 26 1:31am ESE 29.82 48 7 57.3 65.4 2:24pm 48.6 11:57pm 8 0 0.00 7 25 3:05pm S 29.77 62 8 46.4 50.9 1:14pm 42.2 7:53am 19 0 0.00 7 26 12:48am S 29.80 79 9 46.6 56.4 4:14pm 39.5 7:03am 18 0 0.08 5 44 12:43pm N 29.87 75 10 54.4 64.8 5:03pm 42.2 5:17am 11 0 0.00 4 19 1:34pm NNE 29.90 59 11 58.1 68.9 2:50pm 50.5 6:24am 7 0 0.00 6 22 11:24am ESE 29.91 65 12 58.6 69.5 2:51pm 49.6 6:03am 7 1 0.00 5 22 6:29am WSW 30.02 57 13 60.5 72.2 1:55pm 51.2 4:47am 6 2 0.00 6 22 5:25am ESE 29.89 50 14 47.9 53.5 12:00am 41.0 11:55pm 17 0 0.02 5 24 12:38pm SSE 29.76 59 15 34.7 41.0 12:00am 32.8 7:14am 30 0 1.23 5 35 11:00am SE 29.91 93 16 39.2 47.1 2:39pm 33.3 5:48am 26 0 0.29 6 24 4:49pm ESE 29.99 91 17 41.6 43.8 4:37pm 38.9 1:19am 23 0 1.24 8 42 1:18pm S 29.81 95 18 44.2 51.1 1:43pm 38.0 2:36am 21 0 0.15 4 24 12:18am E 29.82 94 19 52.6 64.9 2:40pm 40.2 5:57am 12 0 0.00 5 23 3:05pm E 29.94 75 20 58.1 69.0 2:11pm 48.9 5:57am 8 1 0.00 5 23 1:18pm ESE 29.97 67 21 59.8 69.5 1:47pm 53.6 11:59pm 6 1 0.00 5 25 2:10pm ESE 29.87 62 22 56.8 65.6 3:03pm 49.6 11:57pm 8 0 0.00 5 23 2:40am ESE 29.82 68 23 52.2 60.4 2:16pm 45.1 5:11am 13 0 0.00 4 20 3:20pm SE 29.89 78 24 54.3 63.7 2:03pm 45.8 5:59am 11 0 0.00 5 24 12:20pm ESE 29.99 70 25 46.0 51.8 12:00am 40.4 2:57pm 19 0 0.43 4 30 12:46pm SE 29.97 82 26 47.2 57.3 3:25pm 39.1 3:41am 18 0 0.00 4 18 7:18am ESE 30.11 76 27 49.5 57.8 2:40pm 43.6 3:10am 16 0 0.00 5 20 8:49am SSE 30.05 80 28 44.1 49.5 12:07pm 38.9 10:27pm 21 0 0.20 5 22 9:14am ESE 29.84 87 29 44.6 54.7 5:34pm 35.5 5:40am 20 0 0.02 4 23 3:22pm NNW 29.83 85 30 49.8 58.9 2:19pm 42.4 5:03am 15 0 0.00 6 31 4:05pm SSW 29.96 76 31 48.9 57.8 2:13pm 44.2 6:15am 16 0 0.00 4 29 1:54pm SE 29.96 77 --------------------------------------------------------------------------------------- TOT 52.5 80.2 5/5/11 32.8 5/15/11 407 20 3.66 5 42 5/17/11 ESE 29.93 68 HEAT BASE: 65.0 COOL BASE: 65.0
powered by Cumulus v1.9.3 (1059)
Ambient Weather VWS v14.00
Top Contact Website Map Copyright © 2007 - noaa Foresthillweather.com Never base important decisions on this or any weather information obtained from the Internet