2024: Jan | Feb | Mar | Apr | May | Jun | Jul | Aug | Sep | Oct | Nov | Dec
2023: Jan | Feb | Mar | Apr | May | Jun | Jul | Aug | Sep | Oct | Nov | Dec
2022: Jan | Feb | Mar | Apr | May | Jun | Jul | Aug | Sep | Oct | Nov | Dec
2021: Jan | Feb | Mar | Apr | May | Jun | Jul | Aug | Sep | Oct | Nov | Dec
2020: Jan | Feb | Mar | Apr | May | Jun | Jul | Aug | Sep | Oct | Nov | Dec
2019: Jan | Feb | Mar | Apr | May | Jun | Jul | Aug | Sep | Oct | Nov | Dec
2018: Jan | Feb | Mar | Apr | May | Jun | Jul | Aug | Sep | Oct | Nov | Dec
2017: Jan | Feb | Mar | Apr | May | Jun | Jul | Aug | Sep | Oct | Nov | Dec
2016: Jan | Feb | Mar | Apr | May | Jun | Jul | Aug | Sep | Oct | Nov | Dec
2015: Jan | Feb | Mar | Apr | May | Jun | Jul | Aug | Sep | Oct | Nov | Dec
2014: Jan | Feb | Mar | Apr | May | Jun | Jul | Aug | Sep | Oct | Nov | Dec
2013: Jan | Feb | Mar | Apr | May | Jun | Jul | Aug | Sep | Oct | Nov | Dec
2012: Jan | Feb | Mar | Apr | May | Jun | Jul | Aug | Sep | Oct | Nov | Dec
2011: Jan | Feb | Mar | Apr | May | Jun | Jul | Aug | Sep | Oct | Nov | Dec
2010: Jan | Feb | Mar | Apr | May | Jun | Jul | Aug | Sep | Oct | Nov | Dec
2009: Jan | Feb | Mar | Apr | May | Jun | Jul | Aug | Sep | Oct | Nov | Dec
2008: Jan | Feb | Mar | Apr | May | Jun | Jul | Aug | Sep | Oct | Nov | Dec
Report for 2011 09
MONTHLY CLIMATOLOGICAL SUMMARY FOR 9/2011
HEAT COOL
MEAN DEG DEG WIND SPEED DOM MEAN MEAN
DAY TEMP HIGH TIME LOW TIME DAYS DAYS RAIN AVG HI TIME DIR BAROM HUM
---------------------------------------------------------------------------------------
1 71.4 82.9 1:54pm 62.9 6:15am 0 7 0.00 5 24 12:56am ESE 29.89 50
2 74.8 87.1 2:45pm 66.1 2:08am 0 10 0.00 4 26 5:05am E 29.93 38
3 74.6 86.4 2:19pm 68.2 7:56am 0 10 0.00 4 22 6:40am ESE 29.92 41
4 74.7 87.4 2:16pm 68.3 6:48am 0 10 0.00 5 24 1:50am ESE 29.93 45
5 73.6 84.9 2:09pm 66.5 7:07am 0 9 0.00 4 25 5:59am E 29.96 43
6 74.3 87.7 2:29pm 66.5 6:41am 0 9 0.00 5 24 7:17am ESE 30.04 32
7 74.7 87.8 2:51pm 67.6 5:35am 0 10 0.00 5 24 6:50am ESE 30.07 36
8 74.2 85.7 3:17pm 65.9 8:03am 0 9 0.00 3 17 12:04am E 30.06 43
9 77.9 89.6 4:14pm 69.5 4:11am 0 13 0.00 5 28 6:29am E 29.90 40
10 76.1 87.5 1:57pm 68.6 7:37am 0 11 0.00 5 25 4:35am E 29.83 40
11 69.2 78.2 2:34pm 63.9 11:57pm 0 4 0.01 5 23 7:15am ESE 29.97 58
12 67.8 78.1 4:01pm 60.9 5:14am 1 4 0.00 3 16 6:08am E 30.11 68
13 71.3 82.2 2:06pm 64.7 6:48am 0 6 0.00 4 22 6:27am ESE 30.09 59
14 70.3 80.3 3:19pm 62.8 6:22am 0 6 0.00 4 23 12:15am ESE 29.97 56
15 69.0 79.7 2:23pm 61.0 11:20pm 0 4 0.00 6 24 4:06am ESE 29.90 57
16 64.7 74.7 2:28pm 59.3 7:10am 3 2 0.00 5 24 11:52pm ESE 29.94 58
17 64.6 74.8 2:51pm 56.8 6:57am 3 3 0.00 4 24 12:00am E 30.08 53
18 67.4 79.7 3:28pm 58.4 6:22am 2 5 0.00 3 17 7:16am ESE 30.14 52
19 72.6 84.9 2:38pm 64.8 7:20am 0 8 0.00 5 24 4:48am ESE 30.08 51
20 73.6 86.7 2:52pm 65.5 7:23am 0 9 0.00 5 23 7:56am ESE 30.00 43
21 74.1 87.5 2:43pm 65.7 6:33am 0 9 0.00 4 22 10:28pm ESE 29.97 41
22 75.4 88.4 2:48pm 67.2 6:32am 0 10 0.00 4 23 12:55am E 30.01 38
23 76.9 90.8 2:42pm 68.9 6:53am 0 12 0.00 5 24 1:01am ESE 30.03 35
24 72.5 84.7 2:15pm 62.7 10:59pm 0 8 0.00 6 24 1:33am ESE 29.94 42
25 58.8 63.8 3:08pm 52.8 6:03am 6 0 0.00 4 17 7:33am SE 30.04 74
26 60.8 72.6 3:47pm 51.2 5:09am 6 2 0.00 2 18 7:06am E 30.12 69
27 67.1 78.7 2:46pm 59.0 4:11am 2 4 0.00 3 16 5:23am E 30.11 64
28 71.9 83.9 2:43pm 65.2 5:40am 0 7 0.00 5 24 6:32am ESE 30.07 49
29 75.6 89.2 2:19pm 67.5 4:49am 0 11 0.00 6 28 5:40am ESE 29.98 39
30 68.1 75.8 3:06pm 57.8 11:58pm 1 4 0.00 4 22 5:52am SE 29.94 54
---------------------------------------------------------------------------------------
TOT 71.3 90.8 9/23/11 51.2 9/26/11 26 214 0.01 4 28 9/29/11 ESE 30.00 49
HEAT BASE: 65.0
COOL BASE: 65.0