NOAA-reports For Foresthill Weather.com
2018: Jan | Feb | Mar | Apr | May | Jun | Jul | Aug | Sep | Oct | Nov | Dec 
 2017: Jan | Feb | Mar | Apr | May | Jun | Jul | Aug | Sep | Oct | Nov | Dec 
2016: Jan | Feb | Mar | Apr | May | Jun | Jul | Aug | Sep | Oct | Nov | Dec 
2015: Jan | Feb | Mar | Apr | May | Jun | Jul | Aug | Sep | Oct | Nov | Dec 
2014: Jan | Feb | Mar | Apr | May | Jun | Jul | Aug | Sep | Oct | Nov | Dec 
2013: Jan | Feb | Mar | Apr | May | Jun | Jul | Aug | Sep | Oct | Nov | Dec 
2012: Jan | Feb | Mar | Apr | May | Jun | Jul | Aug | Sep | Oct | Nov | Dec 
2011: Jan | Feb | Mar | Apr | May | Jun | Jul | Aug | Sep | Oct | Nov | Dec 
2010: Jan | Feb | Mar | Apr | May | Jun | Jul | Aug | Sep | Oct | Nov | Dec 
2009: Jan | Feb | Mar | Apr | May | Jun | Jul | Aug | Sep | Oct | Nov | Dec 
2008: Jan | Feb | Mar | Apr | May | Jun | Jul | Aug | Sep | Oct | Nov | Dec 

Report for 2012 03
MONTHLY CLIMATOLOGICAL SUMMARY FOR 3/2012 HEAT COOL MEAN DEG DEG WIND SPEED DOM MEAN MEAN DAY TEMP HIGH TIME LOW TIME DAYS DAYS RAIN AVG HI TIME DIR BAROM HUM --------------------------------------------------------------------------------------- 1 34.1 36.6 3:36pm 32.7 8:16am 31 0 1.09 6 22 6:22am S 30.30 95 2 38.4 50.1 3:55pm 30.3 6:53am 27 0 0.00 4 25 3:17am E 30.41 82 3 45.4 58.7 2:31pm 35.9 4:58am 20 0 0.00 4 20 10:35pm ESE 30.42 75 4 53.6 66.4 1:47pm 45.0 1:34am 12 0 0.00 6 22 10:00pm ESE 30.26 62 5 53.3 65.6 1:49pm 45.1 6:09am 12 0 0.00 7 22 2:53am ESE 30.08 54 6 38.2 49.7 12:00am 30.2 10:26pm 27 0 0.21 5 31 4:10pm N 29.95 69 7 40.0 52.7 3:59pm 28.6 5:17am 25 0 0.00 4 21 1:30am NNW 30.22 43 8 47.0 58.9 3:11pm 36.7 7:03am 18 0 0.00 3 19 11:07pm ESE 30.38 48 9 51.8 64.7 1:38pm 43.2 4:03am 13 0 0.00 5 21 11:43pm ESE 30.34 49 10 49.7 60.1 1:28pm 44.0 7:11am 15 0 0.00 7 23 4:27am SSE 30.07 56 11 43.7 47.1 2:01pm 40.3 9:39am 20 0 0.07 5 19 3:13am SSE 30.05 88 12 42.8 46.7 5:08pm 38.0 7:22am 22 0 0.00 4 18 11:40pm SSE 30.06 81 13 42.8 44.4 11:44pm 41.4 4:57am 22 0 1.51 11 33 8:04am SSE 30.04 93 14 46.2 48.0 3:57pm 44.4 12:00am 19 0 2.46 9 30 1:57am SSE 30.15 96 15 49.3 50.8 3:51pm 47.9 12:05am 16 0 1.10 6 20 1:56am S 30.17 96 16 46.3 49.5 12:00am 39.3 11:59pm 19 0 4.32 9 38 5:16pm S 29.92 96 17 35.8 39.4 11:47am 32.8 8:11am 29 0 0.55 2 20 12:14am SE 29.63 96 18 32.3 33.3 1:46pm 31.5 5:54am 33 0 1.04 1 19 3:56pm SSE 29.80 95 19 33.2 36.1 4:55pm 29.9 6:10am 32 0 0.00 1 13 10:33pm NE 30.12 95 20 39.5 46.7 4:00pm 33.8 12:40am 25 0 0.00 3 16 6:33am ESE 30.28 92 21 47.8 58.2 3:21pm 40.5 8:04am 17 0 0.00 4 17 2:23pm ESE 30.17 88 22 45.7 49.4 12:35pm 35.7 11:11pm 19 0 0.12 4 18 7:48pm S 29.99 92 23 41.6 52.7 3:03pm 32.3 7:29am 23 0 0.00 6 25 2:25am SE 30.07 75 24 43.6 47.7 2:03pm 38.8 11:41pm 21 0 0.00 4 24 6:47am SSE 29.91 76 25 39.6 42.9 4:15pm 33.7 7:41am 25 0 0.28 3 14 12:00am WNW 29.88 93 26 40.7 45.1 5:07pm 36.8 8:11am 24 0 0.00 6 20 9:27am S 30.10 89 27 43.2 48.8 2:47pm 39.5 7:14am 22 0 0.67 9 37 9:26pm SSE 30.05 85 28 45.2 50.6 4:30pm 40.8 12:00am 20 0 0.67 7 36 2:21am S 30.13 94 29 46.6 52.9 12:42pm 41.7 6:47am 18 0 0.03 3 19 11:35am ESE 30.17 89 30 50.5 59.7 2:37pm 44.9 4:17am 14 0 0.16 5 23 4:09am ESE 30.07 89 31 41.6 49.8 12:00am 33.5 3:34pm 23 0 1.67 8 37 9:08am S 29.88 94 --------------------------------------------------------------------------------------- TOT 43.5 66.4 3/4/12 28.6 3/7/12 665 0 15.95 5 38 3/16/12 SSE 30.10 81 HEAT BASE: 65.0 COOL BASE: 65.0
powered by Cumulus v1.9.3 (1059)
Ambient Weather VWS v14.00
Top Contact Website Map Copyright © 2007 - noaa Foresthillweather.com Never base important decisions on this or any weather information obtained from the Internet