NOAA-reports For Foresthill Weather.com
2018: Jan | Feb | Mar | Apr | May | Jun | Jul | Aug | Sep | Oct | Nov | Dec 
 2017: Jan | Feb | Mar | Apr | May | Jun | Jul | Aug | Sep | Oct | Nov | Dec 
2016: Jan | Feb | Mar | Apr | May | Jun | Jul | Aug | Sep | Oct | Nov | Dec 
2015: Jan | Feb | Mar | Apr | May | Jun | Jul | Aug | Sep | Oct | Nov | Dec 
2014: Jan | Feb | Mar | Apr | May | Jun | Jul | Aug | Sep | Oct | Nov | Dec 
2013: Jan | Feb | Mar | Apr | May | Jun | Jul | Aug | Sep | Oct | Nov | Dec 
2012: Jan | Feb | Mar | Apr | May | Jun | Jul | Aug | Sep | Oct | Nov | Dec 
2011: Jan | Feb | Mar | Apr | May | Jun | Jul | Aug | Sep | Oct | Nov | Dec 
2010: Jan | Feb | Mar | Apr | May | Jun | Jul | Aug | Sep | Oct | Nov | Dec 
2009: Jan | Feb | Mar | Apr | May | Jun | Jul | Aug | Sep | Oct | Nov | Dec 
2008: Jan | Feb | Mar | Apr | May | Jun | Jul | Aug | Sep | Oct | Nov | Dec 

Report for 2012 05
MONTHLY CLIMATOLOGICAL SUMMARY FOR 5/2012 HEAT COOL MEAN DEG DEG WIND SPEED DOM MEAN MEAN DAY TEMP HIGH TIME LOW TIME DAYS DAYS RAIN AVG HI TIME DIR BAROM HUM --------------------------------------------------------------------------------------- 1 58.2 66.4 2:50pm 51.8 10:55pm 7 0 0.00 4 16 7:04am SE 29.86 70 2 54.9 65.7 2:30pm 47.5 6:30am 10 0 0.00 6 19 4:53am ESE 29.91 66 3 48.8 50.8 6:15pm 46.9 7:02am 16 0 0.08 5 21 1:40am SSE 30.04 74 4 49.8 56.0 5:09pm 45.7 11:59pm 15 0 0.02 3 14 12:57pm S 30.18 83 5 54.4 66.0 3:14pm 41.3 4:16am 11 0 0.00 5 26 11:56pm E 30.19 57 6 63.3 76.5 2:21pm 53.7 2:41am 4 3 0.00 7 30 7:22am E 30.08 31 7 66.2 77.7 1:15pm 57.9 6:50am 3 4 0.00 7 26 5:08am E 30.02 31 8 67.9 79.9 2:41pm 58.7 2:33am 2 5 0.00 5 26 4:10am ESE 29.97 28 9 67.6 79.6 1:53pm 58.7 6:08am 2 5 0.00 5 23 4:38am ESE 29.93 41 10 64.8 75.6 2:36pm 56.7 5:15am 3 3 0.00 4 22 2:17am ESE 29.87 47 11 66.7 77.8 2:06pm 57.5 3:23am 2 4 0.00 5 24 6:56am E 29.93 37 12 67.9 79.3 3:42pm 58.3 6:36am 2 5 0.00 4 18 7:23am ESE 30.02 43 13 67.1 78.6 3:01pm 57.2 11:56pm 2 4 0.00 4 15 10:53pm E 29.99 49 14 55.4 64.3 3:05pm 48.4 8:08am 10 0 0.00 3 15 4:24pm SE 30.04 68 15 59.9 70.9 3:56pm 49.4 4:28am 7 1 0.00 2 14 5:57am ESE 30.03 69 16 65.8 75.9 1:57pm 57.3 5:10am 3 4 0.00 3 18 11:55pm ESE 29.98 68 17 63.0 72.1 2:05pm 55.4 11:52pm 3 1 0.00 6 23 3:07am S 29.83 55 18 60.2 69.8 4:46pm 50.8 6:14am 6 1 0.00 3 15 1:40pm ENE 29.92 57 19 63.5 74.2 3:01pm 53.9 6:38am 4 3 0.00 3 15 5:44am ESE 29.98 48 20 68.0 80.4 3:24pm 58.0 6:03am 2 5 0.00 4 16 12:22am ESE 29.98 46 21 67.0 76.5 2:58pm 57.7 11:57pm 1 3 0.00 6 20 1:40am ESE 29.99 52 22 61.5 71.0 1:58pm 52.4 6:26am 5 1 0.00 3 16 4:57pm ESE 30.05 58 23 58.5 66.2 4:44pm 51.3 6:14am 7 0 0.00 3 15 1:17pm ESE 29.95 55 24 58.1 67.1 2:06pm 50.5 5:57am 7 0 0.00 4 17 4:25pm ESE 29.78 51 25 46.3 52.3 12:00am 39.2 6:42am 19 0 0.01 3 17 12:38am S 29.73 69 26 47.6 58.0 3:01pm 42.4 5:52am 17 0 0.04 6 25 6:56pm ESE 29.98 81 27 53.9 64.0 2:21pm 44.6 5:49am 11 0 0.00 4 20 2:31am ESE 30.14 73 28 57.6 67.6 2:43pm 48.7 5:54am 8 0 0.00 5 18 6:31am ESE 30.05 63 29 61.1 72.4 2:05pm 51.3 5:57am 6 2 0.00 4 16 4:12am ESE 30.04 62 30 65.5 77.6 2:13pm 53.9 6:05am 4 4 0.00 2 11 12:00am WNW 30.06 55 31 70.4 82.0 2:57pm 59.3 6:16am 1 7 0.00 2 13 10:38pm E 29.97 57 --------------------------------------------------------------------------------------- TOT 60.7 82.0 5/31/12 39.2 5/25/12 199 65 0.16 4 30 5/6/12 ESE 29.98 56 HEAT BASE: 65.0 COOL BASE: 65.0
powered by Cumulus v1.9.3 (1059)
Ambient Weather VWS v14.00
Top Contact Website Map Copyright © 2007 - noaa Foresthillweather.com Never base important decisions on this or any weather information obtained from the Internet