NOAA-reports For Foresthill Weather.com
2018: Jan | Feb | Mar | Apr | May | Jun | Jul | Aug | Sep | Oct | Nov | Dec 
 2017: Jan | Feb | Mar | Apr | May | Jun | Jul | Aug | Sep | Oct | Nov | Dec 
2016: Jan | Feb | Mar | Apr | May | Jun | Jul | Aug | Sep | Oct | Nov | Dec 
2015: Jan | Feb | Mar | Apr | May | Jun | Jul | Aug | Sep | Oct | Nov | Dec 
2014: Jan | Feb | Mar | Apr | May | Jun | Jul | Aug | Sep | Oct | Nov | Dec 
2013: Jan | Feb | Mar | Apr | May | Jun | Jul | Aug | Sep | Oct | Nov | Dec 
2012: Jan | Feb | Mar | Apr | May | Jun | Jul | Aug | Sep | Oct | Nov | Dec 
2011: Jan | Feb | Mar | Apr | May | Jun | Jul | Aug | Sep | Oct | Nov | Dec 
2010: Jan | Feb | Mar | Apr | May | Jun | Jul | Aug | Sep | Oct | Nov | Dec 
2009: Jan | Feb | Mar | Apr | May | Jun | Jul | Aug | Sep | Oct | Nov | Dec 
2008: Jan | Feb | Mar | Apr | May | Jun | Jul | Aug | Sep | Oct | Nov | Dec 

Report for 2012 07
MONTHLY CLIMATOLOGICAL SUMMARY FOR 7/2012 HEAT COOL MEAN DEG DEG WIND SPEED DOM MEAN MEAN DAY TEMP HIGH TIME LOW TIME DAYS DAYS RAIN AVG HI TIME DIR BAROM HUM --------------------------------------------------------------------------------------- 1 67.5 75.4 3:09pm 61.1 5:58am 1 4 0.00 3 18 6:18am ESE 29.89 71 2 69.5 80.3 2:56pm 60.4 7:03am 1 6 0.00 2 12 11:53pm E 29.85 68 3 71.2 80.8 2:09pm 63.4 5:13am 0 6 0.00 4 19 4:59am ESE 29.84 58 4 72.1 82.4 2:45pm 64.4 6:12am 0 7 0.00 4 20 3:42pm ESE 29.82 50 5 70.5 79.7 3:06pm 63.5 6:58am 0 6 0.00 5 21 2:15am ESE 29.89 48 6 71.6 82.1 2:23pm 63.5 7:01am 0 7 0.00 4 20 2:56am ESE 29.97 47 7 73.9 86.9 3:15pm 63.4 6:52am 0 9 0.00 3 15 12:43am ESE 29.96 44 8 75.2 86.9 2:47pm 65.7 6:58am 0 10 0.00 4 13 12:11am E 29.96 41 9 74.4 86.2 1:42pm 65.1 6:29am 0 9 0.00 3 15 8:16am ESE 29.97 42 10 76.3 88.9 3:31pm 66.6 7:24am 0 11 0.00 3 16 2:03am ESE 29.90 39 11 79.0 91.8 2:49pm 69.7 7:02am 0 14 0.00 5 21 3:30am ESE 29.86 33 12 80.2 92.7 2:48pm 71.7 6:37am 0 15 0.00 5 23 6:13am ESE 29.81 35 13 76.6 87.4 2:53pm 68.4 11:07pm 0 12 0.00 5 21 7:42am ESE 29.81 41 14 72.4 82.6 2:46pm 65.6 7:11am 0 7 0.00 4 15 2:03am ESE 29.86 44 15 73.2 84.3 2:12pm 65.3 7:03am 0 8 0.00 4 19 7:39am ESE 29.84 43 16 67.8 76.0 2:15pm 57.1 11:57pm 1 4 0.00 6 21 11:25am S 29.79 53 17 58.8 67.3 4:35pm 51.9 8:12am 6 0 0.00 3 16 12:11pm SE 29.93 70 18 63.4 74.3 2:26pm 52.8 2:54am 4 3 0.00 3 15 7:08am ESE 30.00 68 19 67.0 74.4 5:37pm 61.1 11:56pm 1 3 0.00 3 18 12:43am ESE 30.00 63 20 70.8 82.7 2:43pm 60.6 12:31am 1 7 0.00 3 16 3:03am ESE 30.04 55 21 75.5 87.5 3:29pm 66.3 5:25am 0 11 0.00 3 14 12:11am E 29.95 42 22 78.6 91.1 3:07pm 68.7 11:59pm 0 14 0.02 3 22 11:24pm E 29.87 43 23 74.5 85.5 2:04pm 66.6 11:54pm 0 9 0.03 6 38 2:15am ESE 29.86 58 24 72.0 81.8 3:02pm 64.3 6:43am 0 7 0.00 3 14 1:34am ESE 29.91 52 25 71.5 83.1 1:43pm 62.2 5:19am 0 7 0.00 4 19 1:09am ESE 29.93 47 26 71.7 82.9 1:32pm 63.6 7:10am 0 7 0.00 4 20 2:14am ESE 29.91 44 27 70.9 81.0 2:53pm 62.8 7:08am 0 6 0.00 3 15 12:07am E 29.94 46 28 69.9 81.1 2:34pm 61.2 6:03am 1 6 0.00 2 15 3:51pm ESE 29.99 48 29 71.6 83.8 1:54pm 62.2 5:49am 0 7 0.00 3 16 6:59am ESE 29.98 46 30 74.2 87.8 2:21pm 64.9 5:58am 0 9 0.00 4 19 7:20am ESE 29.95 39 31 75.7 88.1 3:33pm 66.4 6:51am 0 11 0.00 4 19 12:29am ESE 29.95 36 --------------------------------------------------------------------------------------- TOT 72.2 92.7 7/12/12 51.9 7/17/12 20 242 0.05 4 38 7/23/12 ESE 29.91 49 HEAT BASE: 65.0 COOL BASE: 65.0
powered by Cumulus v1.9.3 (1059)
Ambient Weather VWS v14.00
Top Contact Website Map Copyright © 2007 - noaa Foresthillweather.com Never base important decisions on this or any weather information obtained from the Internet