NOAA-reports For Foresthill Weather.com
2018: Jan | Feb | Mar | Apr | May | Jun | Jul | Aug | Sep | Oct | Nov | Dec 
 2017: Jan | Feb | Mar | Apr | May | Jun | Jul | Aug | Sep | Oct | Nov | Dec 
2016: Jan | Feb | Mar | Apr | May | Jun | Jul | Aug | Sep | Oct | Nov | Dec 
2015: Jan | Feb | Mar | Apr | May | Jun | Jul | Aug | Sep | Oct | Nov | Dec 
2014: Jan | Feb | Mar | Apr | May | Jun | Jul | Aug | Sep | Oct | Nov | Dec 
2013: Jan | Feb | Mar | Apr | May | Jun | Jul | Aug | Sep | Oct | Nov | Dec 
2012: Jan | Feb | Mar | Apr | May | Jun | Jul | Aug | Sep | Oct | Nov | Dec 
2011: Jan | Feb | Mar | Apr | May | Jun | Jul | Aug | Sep | Oct | Nov | Dec 
2010: Jan | Feb | Mar | Apr | May | Jun | Jul | Aug | Sep | Oct | Nov | Dec 
2009: Jan | Feb | Mar | Apr | May | Jun | Jul | Aug | Sep | Oct | Nov | Dec 
2008: Jan | Feb | Mar | Apr | May | Jun | Jul | Aug | Sep | Oct | Nov | Dec 

Report for 2012 11
MONTHLY CLIMATOLOGICAL SUMMARY FOR 11/2012 HEAT COOL MEAN DEG DEG WIND SPEED DOM MEAN MEAN DAY TEMP HIGH TIME LOW TIME DAYS DAYS RAIN AVG HI TIME DIR BAROM HUM --------------------------------------------------------------------------------------- 1 51.8 56.4 3:12pm 48.6 3:19am 13 0 0.59 4 25 2:01am SE 30.06 92 2 51.5 59.3 2:30pm 45.9 7:41am 14 0 0.00 4 19 2:52am E 30.10 85 3 53.9 62.3 3:58pm 47.7 7:14am 11 0 0.00 3 15 7:22am E 30.18 82 4 57.4 65.4 1:36pm 52.3 7:29am 8 0 0.00 3 18 4:38am ESE 30.23 74 5 62.4 70.9 1:20pm 55.9 4:44am 4 1 0.00 3 15 8:07pm ESE 30.19 58 6 62.8 72.8 1:48pm 57.3 6:42am 4 1 0.00 5 21 11:31pm ESE 30.12 51 7 59.5 67.9 1:14pm 54.3 10:49pm 6 0 0.00 6 23 11:39pm ESE 30.00 53 8 43.7 55.3 12:10am 37.6 3:40pm 21 0 0.51 8 33 7:36am S 29.87 82 9 35.9 38.1 4:30pm 33.7 9:40am 29 0 0.23 4 19 12:17am SSE 29.98 93 10 35.5 38.5 12:45pm 32.1 11:49pm 30 0 0.12 4 19 11:40pm S 30.18 93 11 36.1 44.6 3:22pm 30.1 6:45am 29 0 0.01 4 18 3:43am E 30.44 85 12 42.7 50.6 2:52pm 36.7 12:08am 22 0 0.00 4 21 3:48am E 30.43 78 13 49.5 58.9 1:33pm 42.9 12:00am 16 0 0.00 5 22 1:31am E 30.27 72 14 52.4 60.6 2:15pm 47.8 6:05am 13 0 0.00 5 22 11:37pm E 30.16 71 15 52.5 60.8 2:14pm 48.1 7:03am 13 0 0.00 6 22 12:47am ESE 30.07 55 16 49.2 51.4 11:35am 47.7 3:04am 16 0 0.29 4 26 11:55pm SE 30.03 78 17 48.9 50.9 3:10pm 46.8 10:37pm 16 0 2.23 10 34 8:14am SSE 29.96 94 18 44.3 47.5 12:10am 42.2 11:24pm 21 0 0.70 5 26 12:47am S 30.16 95 19 46.5 51.4 1:50pm 42.2 12:00am 19 0 0.00 5 19 2:24am ESE 30.29 93 20 48.0 50.9 3:24pm 44.1 6:30am 17 0 0.34 7 27 9:07pm SE 30.18 92 21 47.8 49.3 2:16pm 44.1 10:33pm 17 0 1.41 5 21 2:40am S 30.19 95 22 46.6 55.1 2:40pm 40.1 7:12am 18 0 0.00 4 20 7:01am E 30.27 92 23 51.1 60.5 1:59pm 44.6 1:36am 14 0 0.00 5 21 1:32am ESE 30.30 78 24 52.3 60.2 1:26pm 48.7 7:39am 13 0 0.00 5 21 2:35am E 30.18 66 25 50.1 57.5 1:45pm 46.5 5:37am 15 0 0.00 5 21 5:55am ESE 30.04 66 26 49.8 57.9 2:15pm 44.8 6:05am 15 0 0.00 5 20 9:17pm ESE 30.10 66 27 50.1 56.7 1:26pm 46.3 4:13am 15 0 0.00 6 23 2:14am ESE 30.13 64 28 48.5 50.7 2:38am 45.6 10:01am 17 0 1.66 8 41 12:56pm SSE 30.03 84 29 49.5 51.0 2:08pm 46.9 6:59am 15 0 0.96 11 44 11:28pm SSE 30.06 95 30 50.1 51.3 1:57am 48.8 5:24pm 15 0 4.62 12 52 5:16am S 29.94 95 --------------------------------------------------------------------------------------- TOT 49.3 72.8 11/6/12 30.1 11/11/12 473 3 13.66 6 52 11/30/12 ESE 30.14 79 HEAT BASE: 65.0 COOL BASE: 65.0
powered by Cumulus v1.9.3 (1059)
Ambient Weather VWS v14.00
Top Contact Website Map Copyright © 2007 - noaa Foresthillweather.com Never base important decisions on this or any weather information obtained from the Internet