NOAA-reports For Foresthill Weather.com
2018: Jan | Feb | Mar | Apr | May | Jun | Jul | Aug | Sep | Oct | Nov | Dec 
2017: Jan | Feb | Mar | Apr | May | Jun | Jul | Aug | Sep | Oct | Nov | Dec 
2016: Jan | Feb | Mar | Apr | May | Jun | Jul | Aug | Sep | Oct | Nov | Dec 
2015: Jan | Feb | Mar | Apr | May | Jun | Jul | Aug | Sep | Oct | Nov | Dec 
2014: Jan | Feb | Mar | Apr | May | Jun | Jul | Aug | Sep | Oct | Nov | Dec 
2013: Jan | Feb | Mar | Apr | May | Jun | Jul | Aug | Sep | Oct | Nov | Dec 
2012: Jan | Feb | Mar | Apr | May | Jun | Jul | Aug | Sep | Oct | Nov | Dec 
2011: Jan | Feb | Mar | Apr | May | Jun | Jul | Aug | Sep | Oct | Nov | Dec 
2010: Jan | Feb | Mar | Apr | May | Jun | Jul | Aug | Sep | Oct | Nov | Dec 
2009: Jan | Feb | Mar | Apr | May | Jun | Jul | Aug | Sep | Oct | Nov | Dec 
2008: Jan | Feb | Mar | Apr | May | Jun | Jul | Aug | Sep | Oct | Nov | Dec 

Report for 2012 12
MONTHLY CLIMATOLOGICAL SUMMARY FOR 12/2012 HEAT COOL MEAN DEG DEG WIND SPEED DOM MEAN MEAN DAY TEMP HIGH TIME LOW TIME DAYS DAYS RAIN AVG HI TIME DIR BAROM HUM --------------------------------------------------------------------------------------- 1 49.7 51.2 3:00pm 47.9 9:12pm 15 0 1.54 11 35 11:39am SSE 30.04 95 2 48.2 52.6 4:38am 40.7 11:51pm 17 0 2.16 10 50 7:14am SSE 29.94 95 3 46.3 51.7 1:29pm 40.4 12:30am 19 0 0.01 4 23 10:09pm SE 30.23 96 4 47.5 49.9 12:08pm 43.4 11:56pm 18 0 0.29 5 28 8:46pm SE 30.27 97 5 49.4 52.6 1:29pm 42.7 2:33am 16 0 1.47 4 34 2:24am SE 30.22 97 6 48.6 51.0 12:00am 43.4 11:55pm 16 0 0.01 3 13 8:43am E 30.13 98 7 45.1 54.2 2:14pm 38.8 4:20am 20 0 0.00 4 18 9:40pm E 30.16 89 8 43.3 51.1 1:17pm 37.9 6:31am 22 0 0.00 2 15 12:09am E 30.13 72 9 48.2 55.9 1:23pm 42.2 4:46am 17 0 0.00 3 19 6:25pm E 30.21 73 10 50.0 58.4 1:33pm 45.6 3:40am 15 0 0.00 3 18 5:55am E 30.23 72 11 47.2 55.3 1:10pm 40.8 11:59pm 18 0 0.14 7 26 6:59pm ESE 30.01 71 12 38.5 41.1 3:46am 34.6 10:28pm 27 0 0.28 5 19 4:45am SSE 29.89 94 13 35.4 40.9 2:51pm 31.7 7:56am 30 0 0.00 3 14 10:54pm ESE 29.95 91 14 34.4 39.6 1:23pm 30.5 5:44am 31 0 0.00 4 18 1:59am ESE 29.98 88 15 33.5 37.2 1:02pm 29.7 6:16am 32 0 0.01 4 18 6:46am ESE 30.14 87 16 39.0 42.9 11:12pm 35.2 12:00am 26 0 0.22 7 31 10:52pm SE 30.17 90 17 43.4 45.6 10:27am 39.7 10:13pm 22 0 1.04 7 35 4:09am S 30.05 96 18 34.2 39.8 12:00am 28.9 11:55pm 31 0 0.01 3 16 2:12pm E 30.06 92 19 31.5 38.3 1:57pm 27.1 2:56am 34 0 0.00 4 18 4:08am ESE 30.34 75 20 37.7 46.4 2:17pm 30.3 12:52am 27 0 0.00 8 27 2:05pm SE 30.24 61 21 39.7 43.0 11:52pm 34.2 1:51pm 25 0 0.44 10 43 11:59am SSE 30.04 70 22 39.8 43.7 1:47am 36.9 9:44am 25 0 1.33 9 39 8:03am S 30.02 96 23 39.8 42.1 10:32pm 37.1 6:08am 25 0 1.71 11 46 10:49am SSE 30.05 96 24 39.2 42.1 12:00am 36.4 9:53pm 26 0 0.05 3 21 11:20pm SW 30.19 95 25 36.4 39.1 10:56am 33.4 7:49pm 29 0 1.03 8 31 9:18pm SE 30.08 92 26 45.5 45.8 3:29pm 45.2 3:39pm 0 0 0.00 0 1 3:29pm N 30.21 73 --------------------------------------------------------------------------------------- TOT 45.5 45.8 1/5/13 45.2 1/5/13 579 0 0.00 0 1 1/5/13 N 30.21 73 HEAT BASE: 65.0 COOL BASE: 65.0
powered by Cumulus v1.9.3 (1059)
Ambient Weather VWS v14.00
Top Contact Website Map Copyright © 2007 - noaa Foresthillweather.com Never base important decisions on this or any weather information obtained from the Internet