NOAA-reports For Foresthill Weather.com
2018: Jan | Feb | Mar | Apr | May | Jun | Jul | Aug | Sep | Oct | Nov | Dec 
2017: Jan | Feb | Mar | Apr | May | Jun | Jul | Aug | Sep | Oct | Nov | Dec 
2016: Jan | Feb | Mar | Apr | May | Jun | Jul | Aug | Sep | Oct | Nov | Dec 
2015: Jan | Feb | Mar | Apr | May | Jun | Jul | Aug | Sep | Oct | Nov | Dec 
2014: Jan | Feb | Mar | Apr | May | Jun | Jul | Aug | Sep | Oct | Nov | Dec 
2013: Jan | Feb | Mar | Apr | May | Jun | Jul | Aug | Sep | Oct | Nov | Dec 
2012: Jan | Feb | Mar | Apr | May | Jun | Jul | Aug | Sep | Oct | Nov | Dec 
2011: Jan | Feb | Mar | Apr | May | Jun | Jul | Aug | Sep | Oct | Nov | Dec 
2010: Jan | Feb | Mar | Apr | May | Jun | Jul | Aug | Sep | Oct | Nov | Dec 
2009: Jan | Feb | Mar | Apr | May | Jun | Jul | Aug | Sep | Oct | Nov | Dec 
2008: Jan | Feb | Mar | Apr | May | Jun | Jul | Aug | Sep | Oct | Nov | Dec 

Report for 2013 01
MONTHLY CLIMATOLOGICAL SUMMARY FOR 1/2013 HEAT COOL MEAN DEG DEG WIND SPEED DOM MEAN MEAN DAY TEMP HIGH TIME LOW TIME DAYS DAYS RAIN AVG HI TIME DIR BAROM HUM --------------------------------------------------------------------------------------- 1 2 3 4 5 41.2 49.3 2:16pm 38.3 10:59pm 8 0 0.00 2 18 3:43am SSW 30.17 82 6 38.1 40.7 3:41pm 35.0 11:46pm 26 0 0.08 2 14 5:54am E 30.19 92 7 41.9 49.9 12:55pm 34.0 1:07am 23 0 0.00 4 20 7:49am NE 30.26 82 8 45.1 51.7 2:01pm 39.2 8:26am 20 0 0.00 2 16 10:39pm E 30.24 84 9 42.9 48.9 11:28am 32.9 11:53pm 22 0 0.56 6 24 8:03pm SSE 30.08 80 10 31.1 34.4 4:09pm 28.4 11:38pm 34 0 0.00 1 11 1:43pm NE 30.13 91 11 29.9 35.8 3:17pm 26.7 6:35am 35 0 0.00 3 14 6:35am ESE 30.25 87 12 29.3 35.5 2:17pm 24.9 7:28am 36 0 0.00 4 20 2:23am ESE 30.26 71 13 29.3 37.1 2:33pm 24.7 7:29am 36 0 0.00 5 25 10:47pm ESE 30.29 63 14 33.0 42.0 2:45pm 26.6 6:49am 32 0 0.00 4 30 1:36am E 30.42 50 15 34.5 42.4 3:26pm 28.5 7:34am 31 0 0.00 1 8 12:46pm E 30.53 71 16 40.7 51.0 2:45pm 34.3 12:29am 24 0 0.00 2 10 6:32am SE 30.47 62 17 47.2 57.7 2:07pm 39.2 12:00am 18 0 0.00 3 15 3:32am E 30.32 42 18 47.7 58.7 2:37pm 41.7 5:57am 17 0 0.00 4 16 6:08am E 30.27 45 19 48.3 58.5 2:59pm 42.2 4:57am 17 0 0.00 5 20 7:33am E 30.29 45 20 48.2 58.2 3:10pm 43.0 11:54pm 17 0 0.00 4 21 7:26am E 30.27 46 21 49.3 57.4 2:08pm 42.9 12:05am 16 0 0.00 5 21 6:40pm E 30.23 43 22 50.2 61.2 2:06pm 44.0 5:31am 15 0 0.00 6 21 8:48pm ESE 30.16 42 23 51.1 60.0 1:31pm 47.0 12:00am 14 0 0.01 6 22 1:06pm ESE 30.12 49 24 49.6 52.1 12:13pm 47.0 1:06am 15 0 0.23 3 19 12:30am ESE 30.18 88 25 50.7 54.2 2:38pm 48.8 6:20am 14 0 0.42 2 16 8:28pm ESE 30.17 94 26 45.1 49.6 1:12am 37.6 7:09pm 20 0 0.06 5 20 4:12pm SSE 30.01 95 27 35.8 39.7 3:22pm 32.1 11:59pm 29 0 0.22 2 14 12:20am SSW 30.14 93 28 36.0 44.2 3:13pm 29.7 7:43am 29 0 0.00 4 14 12:28am E 30.27 82 29 41.1 49.0 2:56pm 33.8 1:44am 24 0 0.00 4 19 11:47am E 30.37 80 30 46.7 53.4 2:11pm 43.1 7:07am 18 0 0.00 3 18 5:26am E 30.37 76 31 47.1 56.5 2:22pm 40.8 6:47am 18 0 0.00 4 19 10:50pm E 30.32 74 --------------------------------------------------------------------------------------- TOT 41.9 61.2 1/22/13 24.7 1/13/13 607 0 1.59 4 30 1/14/13 ESE 30.25 70 HEAT BASE: 65.0 COOL BASE: 65.0
powered by Cumulus v1.9.3 (1059)
Ambient Weather VWS v14.00
Top Contact Website Map Copyright © 2007 - noaa Foresthillweather.com Never base important decisions on this or any weather information obtained from the Internet