NOAA-reports For Foresthill Weather.com
2018: Jan | Feb | Mar | Apr | May | Jun | Jul | Aug | Sep | Oct | Nov | Dec 
 2017: Jan | Feb | Mar | Apr | May | Jun | Jul | Aug | Sep | Oct | Nov | Dec 
2016: Jan | Feb | Mar | Apr | May | Jun | Jul | Aug | Sep | Oct | Nov | Dec 
2015: Jan | Feb | Mar | Apr | May | Jun | Jul | Aug | Sep | Oct | Nov | Dec 
2014: Jan | Feb | Mar | Apr | May | Jun | Jul | Aug | Sep | Oct | Nov | Dec 
2013: Jan | Feb | Mar | Apr | May | Jun | Jul | Aug | Sep | Oct | Nov | Dec 
2012: Jan | Feb | Mar | Apr | May | Jun | Jul | Aug | Sep | Oct | Nov | Dec 
2011: Jan | Feb | Mar | Apr | May | Jun | Jul | Aug | Sep | Oct | Nov | Dec 
2010: Jan | Feb | Mar | Apr | May | Jun | Jul | Aug | Sep | Oct | Nov | Dec 
2009: Jan | Feb | Mar | Apr | May | Jun | Jul | Aug | Sep | Oct | Nov | Dec 
2008: Jan | Feb | Mar | Apr | May | Jun | Jul | Aug | Sep | Oct | Nov | Dec 

Report for 2013 03
MONTHLY CLIMATOLOGICAL SUMMARY FOR 3/2013 HEAT COOL MEAN DEG DEG WIND SPEED DOM MEAN MEAN DAY TEMP HIGH TIME LOW TIME DAYS DAYS RAIN AVG HI TIME DIR BAROM HUM --------------------------------------------------------------------------------------- 1 52.8 64.8 2:30pm 44.6 6:40am 12 0 0.00 3 18 10:19pm E 30.41 68 2 55.2 64.4 2:39pm 48.8 7:16am 10 0 0.00 5 19 5:04am ESE 30.22 60 3 49.2 53.4 1:55pm 42.9 11:50pm 16 0 0.07 4 18 7:45am SE 30.08 83 4 47.8 58.4 2:13pm 39.8 6:47am 17 0 0.00 4 15 2:47pm E 30.12 80 5 46.3 52.3 1:18pm 42.1 8:09pm 19 0 0.00 6 28 11:41pm SE 29.99 82 6 39.0 44.1 12:00am 37.1 11:59pm 26 0 0.62 8 44 5:48am S 30.03 91 7 38.8 45.8 12:57pm 34.9 3:08am 26 0 0.04 5 16 3:41pm ESE 30.01 87 8 42.2 52.0 1:03pm 33.4 6:17am 23 0 0.09 4 22 9:52pm E 29.94 81 9 44.7 57.1 1:53pm 34.6 6:45am 20 0 0.00 4 17 11:30am N 30.28 70 10 46.6 56.9 2:46pm 37.6 7:39am 18 0 0.00 3 18 1:05am E 30.37 61 11 50.4 62.4 3:00pm 41.9 5:39am 15 0 0.00 3 18 5:59am E 30.26 68 12 54.9 67.5 3:26pm 45.9 7:39am 10 0 0.00 4 19 11:38pm ESE 30.18 70 13 58.5 70.7 2:38pm 50.4 6:40am 7 1 0.00 5 23 6:50am ESE 30.19 60 14 59.7 70.5 2:20pm 53.1 7:58am 6 1 0.00 5 22 3:45am ESE 30.15 57 15 57.3 67.7 2:42pm 50.5 5:39am 8 0 0.00 4 22 9:22am E 30.10 59 16 54.1 64.6 3:13pm 46.6 7:41am 11 0 0.00 3 19 7:45am E 30.07 58 17 50.6 60.6 3:03pm 43.3 7:46am 14 0 0.00 4 18 11:19pm ESE 30.10 60 18 51.9 63.4 2:38pm 43.7 7:05am 13 0 0.00 3 18 12:23am ESE 30.11 55 19 52.1 60.9 2:24pm 47.2 11:58pm 13 0 0.33 5 22 7:04am ESE 30.13 70 20 47.1 48.6 12:40pm 44.3 8:26am 18 0 1.56 7 27 1:50pm SSE 30.14 93 21 47.8 53.6 4:23pm 42.9 10:26pm 17 0 0.00 3 14 3:00pm S 30.09 88 22 44.5 53.5 1:51pm 34.6 7:44am 20 0 0.00 6 24 2:43pm E 30.09 59 23 47.3 58.6 2:46pm 39.4 1:52am 18 0 0.00 4 19 7:48am E 30.14 50 24 51.2 63.1 3:05pm 42.5 5:44am 14 0 0.00 4 18 11:48pm E 30.10 56 25 52.9 62.9 2:21pm 45.6 7:21am 12 0 0.00 6 21 5:27am ESE 30.00 64 26 51.7 59.8 2:09pm 45.0 7:27am 13 0 0.00 4 21 12:14am SSE 29.98 71 27 52.5 62.7 2:19pm 45.3 4:31am 13 0 0.00 5 18 2:09pm ESE 30.00 73 28 50.9 56.4 2:03pm 47.4 6:53am 14 0 0.01 3 18 11:59pm S 30.10 82 29 56.4 68.5 2:57pm 47.3 6:00am 9 1 0.00 5 22 6:04am E 30.14 64 30 58.7 68.0 2:49pm 52.4 11:56pm 7 0 0.01 5 25 4:24pm E 30.05 66 31 49.4 53.7 4:50pm 45.4 11:58pm 16 0 0.69 4 20 5:33am SE 30.07 88 --------------------------------------------------------------------------------------- TOT 50.4 70.7 3/13/13 33.4 3/8/13 455 3 3.43 4 44 3/6/13 ESE 30.12 70 HEAT BASE: 65.0 COOL BASE: 65.0
powered by Cumulus v1.9.3 (1059)
Ambient Weather VWS v14.00
Top Contact Website Map Copyright © 2007 - noaa Foresthillweather.com Never base important decisions on this or any weather information obtained from the Internet