NOAA-reports For Foresthill Weather.com
2018: Jan | Feb | Mar | Apr | May | Jun | Jul | Aug | Sep | Oct | Nov | Dec 
2017: Jan | Feb | Mar | Apr | May | Jun | Jul | Aug | Sep | Oct | Nov | Dec 
2016: Jan | Feb | Mar | Apr | May | Jun | Jul | Aug | Sep | Oct | Nov | Dec 
2015: Jan | Feb | Mar | Apr | May | Jun | Jul | Aug | Sep | Oct | Nov | Dec 
2014: Jan | Feb | Mar | Apr | May | Jun | Jul | Aug | Sep | Oct | Nov | Dec 
2013: Jan | Feb | Mar | Apr | May | Jun | Jul | Aug | Sep | Oct | Nov | Dec 
2012: Jan | Feb | Mar | Apr | May | Jun | Jul | Aug | Sep | Oct | Nov | Dec 
2011: Jan | Feb | Mar | Apr | May | Jun | Jul | Aug | Sep | Oct | Nov | Dec 
2010: Jan | Feb | Mar | Apr | May | Jun | Jul | Aug | Sep | Oct | Nov | Dec 
2009: Jan | Feb | Mar | Apr | May | Jun | Jul | Aug | Sep | Oct | Nov | Dec 
2008: Jan | Feb | Mar | Apr | May | Jun | Jul | Aug | Sep | Oct | Nov | Dec 

Report for 2013 11
MONTHLY CLIMATOLOGICAL SUMMARY FOR 11/2013 HEAT COOL MEAN DEG DEG WIND SPEED DOM MEAN MEAN DAY TEMP HIGH TIME LOW TIME DAYS DAYS RAIN AVG HI TIME DIR BAROM HUM --------------------------------------------------------------------------------------- 1 55.8 67.5 2:22pm 48.7 5:43am 9 0 0.00 5 20 5:57am ESE 30.17 53 2 55.6 64.8 1:49pm 48.7 7:36am 9 0 0.00 4 22 12:39am ESE 30.01 53 3 49.2 54.7 2:07pm 42.9 11:57pm 16 0 0.00 2 12 4:58am ESE 29.96 65 4 48.9 59.3 2:34pm 41.4 7:18am 16 0 0.00 4 20 2:19pm E 30.01 46 5 50.8 59.6 2:38pm 44.3 1:13am 14 0 0.00 3 19 4:44am ENE 30.21 42 6 53.3 62.2 2:32pm 46.2 3:22am 12 0 0.00 4 23 10:09pm ESE 30.30 53 7 56.8 67.1 1:52pm 51.4 7:18am 8 0 0.00 5 19 12:59am ESE 30.19 42 8 56.1 66.6 1:46pm 50.4 6:26am 9 0 0.00 5 18 5:06am ESE 30.07 42 9 56.6 66.4 1:50pm 50.4 7:14am 9 0 0.00 5 19 3:31am ESE 30.06 47 10 57.6 68.1 1:55pm 51.5 3:36am 8 0 0.00 6 24 4:21am ESE 30.12 38 11 58.5 68.2 2:45pm 52.7 2:10am 7 0 0.00 5 24 11:24pm ESE 30.16 30 12 59.9 68.3 12:35pm 55.0 11:54pm 5 0 0.00 3 22 12:00am ESE 30.26 35 13 59.4 70.1 1:42pm 52.5 6:41am 6 1 0.00 4 20 9:21pm E 30.20 43 14 56.2 64.7 12:19pm 48.1 11:58pm 9 0 0.00 4 21 2:43am ESE 30.00 49 15 49.4 57.3 2:28pm 44.3 6:53am 16 0 0.00 3 14 7:01am ESE 29.80 61 16 47.0 54.0 2:09pm 43.1 6:33am 18 0 0.00 5 18 10:10pm ESE 29.87 63 17 47.7 56.7 2:41pm 41.7 7:04am 17 0 0.00 4 16 12:43am ESE 30.08 66 18 48.2 56.5 2:00pm 43.1 4:35am 17 0 0.00 4 19 12:27am ESE 30.15 70 19 47.6 50.8 3:53pm 44.6 4:10am 17 0 0.73 4 18 11:54pm ESE 30.08 89 20 47.7 49.2 1:27pm 45.0 11:54pm 17 0 1.22 5 18 1:02am SE 29.95 93 21 44.1 49.6 2:09pm 40.0 11:57pm 21 0 0.02 5 45 2:11pm ESE 29.99 78 22 45.6 56.8 1:34pm 37.4 5:14am 19 0 0.00 4 28 10:57pm E 30.10 42 23 48.4 54.6 1:48pm 40.5 11:57pm 17 0 0.00 4 33 12:46am E 30.09 47 24 43.7 51.4 2:15pm 38.1 6:55am 21 0 0.00 3 12 11:57pm ESE 30.25 71 25 45.4 54.2 2:01pm 39.6 4:53am 20 0 0.00 4 14 3:53am E 30.37 72 26 49.1 56.2 1:30pm 44.2 1:09am 16 0 0.00 4 19 3:17am E 30.25 69 27 51.1 59.9 1:56pm 46.8 4:48am 14 0 0.00 6 21 12:17am ESE 30.01 56 28 51.2 59.4 2:01pm 46.5 11:55pm 14 0 0.00 5 19 12:05am E 30.02 57 29 49.8 58.6 1:46pm 45.0 5:40am 15 0 0.00 5 19 8:29am ESE 30.21 62 30 49.7 57.8 2:37pm 45.3 4:19am 15 0 0.00 4 18 4:39am E 30.29 63 --------------------------------------------------------------------------------------- TOT 51.3 70.1 11/13/13 37.4 11/22/13 412 3 1.97 4 45 11/21/13 ESE 30.11 57 HEAT BASE: 65.0 COOL BASE: 65.0
powered by Cumulus v1.9.3 (1059)
Ambient Weather VWS v14.00
Top Contact Website Map Copyright © 2007 - noaa Foresthillweather.com Never base important decisions on this or any weather information obtained from the Internet