NOAA-reports For Foresthill Weather.com
2018: Jan | Feb | Mar | Apr | May | Jun | Jul | Aug | Sep | Oct | Nov | Dec 
2017: Jan | Feb | Mar | Apr | May | Jun | Jul | Aug | Sep | Oct | Nov | Dec 
2016: Jan | Feb | Mar | Apr | May | Jun | Jul | Aug | Sep | Oct | Nov | Dec 
2015: Jan | Feb | Mar | Apr | May | Jun | Jul | Aug | Sep | Oct | Nov | Dec 
2014: Jan | Feb | Mar | Apr | May | Jun | Jul | Aug | Sep | Oct | Nov | Dec 
2013: Jan | Feb | Mar | Apr | May | Jun | Jul | Aug | Sep | Oct | Nov | Dec 
2012: Jan | Feb | Mar | Apr | May | Jun | Jul | Aug | Sep | Oct | Nov | Dec 
2011: Jan | Feb | Mar | Apr | May | Jun | Jul | Aug | Sep | Oct | Nov | Dec 
2010: Jan | Feb | Mar | Apr | May | Jun | Jul | Aug | Sep | Oct | Nov | Dec 
2009: Jan | Feb | Mar | Apr | May | Jun | Jul | Aug | Sep | Oct | Nov | Dec 
2008: Jan | Feb | Mar | Apr | May | Jun | Jul | Aug | Sep | Oct | Nov | Dec 

Report for 2013 12
MONTHLY CLIMATOLOGICAL SUMMARY FOR 12/2013 HEAT COOL MEAN DEG DEG WIND SPEED DOM MEAN MEAN DAY TEMP HIGH TIME LOW TIME DAYS DAYS RAIN AVG HI TIME DIR BAROM HUM --------------------------------------------------------------------------------------- 1 50.8 59.3 2:35pm 45.4 2:16am 14 0 0.00 4 19 3:02am E 30.34 62 2 51.4 59.1 12:15pm 47.3 8:04am 14 0 0.00 7 23 11:24pm SSE 30.12 60 3 39.1 48.4 12:00am 28.9 11:59pm 26 0 0.06 5 26 7:00am S 29.86 84 4 31.3 38.2 1:42pm 27.4 7:50am 34 0 0.00 3 20 7:46am NE 30.07 65 5 30.9 37.8 1:38pm 27.0 7:03am 34 0 0.00 3 16 9:57pm ESE 30.19 61 6 30.4 36.3 1:29pm 26.4 7:29am 35 0 0.22 7 31 9:13pm ESE 30.18 73 7 28.1 30.7 12:00am 22.7 11:53pm 37 0 0.17 2 22 1:10am SSW 30.13 91 8 25.0 30.8 2:49pm 20.2 7:26am 40 0 0.00 1 16 11:53pm E 30.36 89 9 28.9 35.0 2:26pm 24.0 5:34am 36 0 0.00 3 22 1:20am ESE 30.48 87 10 34.0 41.6 1:39pm 28.0 5:39am 31 0 0.00 2 15 12:00am E 30.41 75 11 40.0 49.2 2:36pm 33.5 2:37am 25 0 0.00 3 22 9:14pm ESE 30.32 64 12 43.3 53.3 1:33pm 38.9 12:29am 22 0 0.00 4 22 6:11am ESE 30.31 51 13 44.2 53.0 1:48pm 38.1 4:07am 21 0 0.00 4 20 6:40am E 30.33 49 14 45.1 55.0 1:53pm 37.3 5:10am 20 0 0.00 3 16 11:38pm SE 30.43 55 15 49.4 58.5 2:34pm 43.2 7:19am 16 0 0.00 4 15 2:35am E 30.39 49 16 55.5 65.7 1:58pm 49.1 12:00am 9 0 0.00 5 22 11:16pm E 30.27 43 17 57.7 65.8 1:23pm 53.3 11:18pm 7 0 0.00 6 25 2:01am ESE 30.18 40 18 53.1 61.0 12:20pm 46.4 9:06pm 12 0 0.00 4 18 12:51am ESE 29.91 49 19 43.6 51.2 1:49pm 36.7 11:49pm 21 0 0.00 3 26 7:57pm E 29.80 61 20 42.5 51.9 1:26pm 36.1 8:07am 23 0 0.00 3 16 2:15am E 30.01 44 21 46.6 55.6 2:24pm 40.9 7:48am 18 0 0.00 3 19 2:53pm NE 30.08 63 22 48.4 56.2 1:11pm 42.5 7:13am 17 0 0.00 2 17 9:03pm E 30.27 57 23 49.4 58.6 2:01pm 43.8 6:59am 16 0 0.00 3 18 7:56am ESE 30.42 59 24 52.7 61.4 1:24pm 46.1 1:08am 12 0 0.00 4 15 7:16pm E 30.33 50 25 53.1 63.1 2:23pm 47.4 7:27am 12 0 0.00 3 14 8:59pm ESE 30.32 34 26 53.2 63.6 1:30pm 47.9 6:12am 12 0 0.00 4 19 5:17am E 30.30 35 27 52.9 60.9 12:23pm 47.9 11:57pm 12 0 0.00 5 24 2:55am ESE 30.25 36 28 51.3 62.6 2:59pm 43.0 7:36am 14 0 0.00 5 19 5:25am E 30.14 32 29 49.9 56.9 2:43pm 46.1 7:01am 15 0 0.00 3 21 5:30am E 30.20 38 30 50.9 59.9 1:21pm 45.9 2:12am 14 0 0.00 5 20 12:03am E 30.29 38 31 50.4 59.0 1:56pm 46.1 2:23am 15 0 0.00 4 16 3:47am ESE 30.26 40 --------------------------------------------------------------------------------------- TOT 44.6 65.8 12/17/13 20.2 12/8/13 632 0 0.45 4 31 12/6/13 E 30.22 56 HEAT BASE: 65.0 COOL BASE: 65.0
powered by Cumulus v1.9.3 (1059)
Ambient Weather VWS v14.00
Top Contact Website Map Copyright © 2007 - noaa Foresthillweather.com Never base important decisions on this or any weather information obtained from the Internet