NOAA-reports For Foresthill Weather.com
2018: Jan | Feb | Mar | Apr | May | Jun | Jul | Aug | Sep | Oct | Nov | Dec 
 2017: Jan | Feb | Mar | Apr | May | Jun | Jul | Aug | Sep | Oct | Nov | Dec 
2016: Jan | Feb | Mar | Apr | May | Jun | Jul | Aug | Sep | Oct | Nov | Dec 
2015: Jan | Feb | Mar | Apr | May | Jun | Jul | Aug | Sep | Oct | Nov | Dec 
2014: Jan | Feb | Mar | Apr | May | Jun | Jul | Aug | Sep | Oct | Nov | Dec 
2013: Jan | Feb | Mar | Apr | May | Jun | Jul | Aug | Sep | Oct | Nov | Dec 
2012: Jan | Feb | Mar | Apr | May | Jun | Jul | Aug | Sep | Oct | Nov | Dec 
2011: Jan | Feb | Mar | Apr | May | Jun | Jul | Aug | Sep | Oct | Nov | Dec 
2010: Jan | Feb | Mar | Apr | May | Jun | Jul | Aug | Sep | Oct | Nov | Dec 
2009: Jan | Feb | Mar | Apr | May | Jun | Jul | Aug | Sep | Oct | Nov | Dec 
2008: Jan | Feb | Mar | Apr | May | Jun | Jul | Aug | Sep | Oct | Nov | Dec 

Report for 2014 01
MONTHLY CLIMATOLOGICAL SUMMARY FOR 1/2014 HEAT COOL MEAN DEG DEG WIND SPEED DOM MEAN MEAN DAY TEMP HIGH TIME LOW TIME DAYS DAYS RAIN AVG HI TIME DIR BAROM HUM --------------------------------------------------------------------------------------- 1 51.5 59.5 2:20pm 46.7 4:24am 13 0 0.00 3 21 11:33pm E 30.22 44 2 53.1 62.3 2:00pm 48.2 4:41am 12 0 0.00 4 20 6:29am ESE 30.18 51 3 52.8 61.2 2:41pm 47.6 6:45am 12 0 0.00 4 19 1:10am ESE 30.07 51 4 52.6 63.1 2:55pm 46.1 8:11am 12 0 0.00 5 25 7:52pm E 30.07 39 5 50.7 60.0 1:08pm 43.8 6:09am 14 0 0.00 3 20 12:39am ESE 30.22 33 6 51.0 59.1 2:23pm 46.5 5:54am 14 0 0.00 4 21 12:28am ESE 30.29 42 7 49.3 56.7 2:46pm 45.0 6:41am 16 0 0.00 4 19 8:23am ESE 30.21 47 8 45.6 51.7 12:58pm 41.9 6:12am 19 0 0.00 3 18 8:03am ESE 30.21 69 9 44.9 51.0 3:30pm 40.8 8:34am 20 0 0.00 2 14 2:44am ESE 30.25 78 10 47.4 57.0 2:28pm 40.9 7:33am 18 0 0.00 2 15 10:00pm E 30.29 71 11 45.6 48.6 11:42am 41.4 11:58pm 19 0 0.15 5 21 9:11am S 30.24 80 12 42.3 51.2 3:08pm 35.0 7:19am 23 0 0.00 3 18 9:07pm E 30.38 77 13 48.4 56.1 2:29pm 42.3 5:17am 17 0 0.00 3 20 6:56am E 30.48 55 14 58.6 70.3 2:26pm 49.3 12:00am 7 1 0.00 4 28 2:43am E 30.47 26 15 59.8 69.2 12:31pm 52.1 6:24am 6 1 0.00 5 23 7:56am E 30.33 21 16 59.7 68.5 2:54pm 54.1 11:58pm 6 1 0.00 6 25 6:49am ESE 30.23 20 17 57.0 67.2 2:31pm 50.6 7:27am 8 0 0.00 5 21 4:24am ESE 30.21 28 18 55.5 65.3 12:56pm 50.4 6:59am 9 0 0.00 5 19 1:50am ESE 30.17 31 19 54.9 65.6 2:21pm 49.5 7:16am 10 0 0.00 5 22 7:23am ESE 30.17 31 20 54.7 64.8 1:10pm 49.7 4:43am 10 0 0.00 5 22 6:55am E 30.23 27 21 54.3 65.4 1:51pm 48.1 7:34am 11 0 0.00 4 20 4:44am E 30.27 27 22 52.6 62.0 2:06pm 47.4 7:07am 12 0 0.00 3 19 3:18am E 30.09 29 23 52.2 62.3 1:38pm 43.6 5:54am 13 0 0.00 9 39 4:52pm E 30.01 34 24 56.9 65.5 2:27pm 52.2 11:52pm 8 0 0.00 7 30 2:09am E 30.23 29 25 54.0 64.0 1:27pm 48.1 8:15am 11 0 0.00 4 20 12:16am ESE 30.25 35 26 52.0 60.8 1:03pm 46.3 7:27am 13 0 0.00 4 18 1:48am ESE 30.14 36 27 51.1 58.8 2:52pm 45.2 5:19am 14 0 0.00 2 14 6:58am E 30.17 43 28 54.3 61.7 3:02pm 49.8 6:23am 11 0 0.00 1 11 1:16am ESE 30.24 49 29 51.3 54.2 9:42am 48.0 11:58pm 14 0 1.19 5 23 5:56pm ESE 30.12 75 30 43.8 48.2 2:55pm 39.5 11:31pm 21 0 0.13 2 20 4:47am E 29.92 91 31 39.1 45.2 2:18pm 33.8 11:52pm 26 0 0.01 2 18 7:08pm E 30.05 82 --------------------------------------------------------------------------------------- TOT 51.5 70.3 1/14/14 33.8 1/31/14 420 2 1.47 4 39 1/23/14 ESE 30.21 47 HEAT BASE: 65.0 COOL BASE: 65.0
powered by Cumulus v1.9.3 (1059)
Ambient Weather VWS v14.00
Top Contact Website Map Copyright © 2007 - noaa Foresthillweather.com Never base important decisions on this or any weather information obtained from the Internet