NOAA-reports For Foresthill Weather.com
2018: Jan | Feb | Mar | Apr | May | Jun | Jul | Aug | Sep | Oct | Nov | Dec 
 2017: Jan | Feb | Mar | Apr | May | Jun | Jul | Aug | Sep | Oct | Nov | Dec 
2016: Jan | Feb | Mar | Apr | May | Jun | Jul | Aug | Sep | Oct | Nov | Dec 
2015: Jan | Feb | Mar | Apr | May | Jun | Jul | Aug | Sep | Oct | Nov | Dec 
2014: Jan | Feb | Mar | Apr | May | Jun | Jul | Aug | Sep | Oct | Nov | Dec 
2013: Jan | Feb | Mar | Apr | May | Jun | Jul | Aug | Sep | Oct | Nov | Dec 
2012: Jan | Feb | Mar | Apr | May | Jun | Jul | Aug | Sep | Oct | Nov | Dec 
2011: Jan | Feb | Mar | Apr | May | Jun | Jul | Aug | Sep | Oct | Nov | Dec 
2010: Jan | Feb | Mar | Apr | May | Jun | Jul | Aug | Sep | Oct | Nov | Dec 
2009: Jan | Feb | Mar | Apr | May | Jun | Jul | Aug | Sep | Oct | Nov | Dec 
2008: Jan | Feb | Mar | Apr | May | Jun | Jul | Aug | Sep | Oct | Nov | Dec 

Report for 2014 02
MONTHLY CLIMATOLOGICAL SUMMARY FOR 2/2014 HEAT COOL MEAN DEG DEG WIND SPEED DOM MEAN MEAN DAY TEMP HIGH TIME LOW TIME DAYS DAYS RAIN AVG HI TIME DIR BAROM HUM --------------------------------------------------------------------------------------- 1 38.0 46.8 1:54pm 33.0 12:50am 27 0 0.00 4 19 5:16am E 30.17 61 2 37.1 43.4 1:09pm 33.1 11:51pm 28 0 0.00 3 23 12:18pm ESE 30.05 74 3 37.8 44.6 1:48pm 33.0 12:01am 27 0 0.00 1 12 3:54pm ESE 30.08 80 4 37.2 44.5 2:42pm 32.0 5:37am 28 0 0.00 2 14 10:33pm E 30.17 73 5 38.7 45.8 2:52pm 32.2 7:13am 26 0 0.00 3 16 7:45am ESE 30.20 70 6 38.2 40.5 2:23pm 34.3 4:22am 27 0 0.43 3 22 10:59pm SE 30.05 88 7 40.5 42.7 11:55pm 38.8 4:55pm 24 0 0.92 9 34 6:17pm S 30.12 93 8 46.5 49.0 9:34pm 42.7 12:00am 19 0 4.92 9 32 12:56pm SSE 30.18 94 9 49.2 49.7 11:46am 48.6 12:19am 16 0 3.46 8 30 9:25pm S 30.15 94 10 48.2 52.0 4:02pm 44.8 8:25am 17 0 0.84 3 22 1:25am ESE 30.24 93 11 47.0 54.2 2:31pm 41.5 6:55am 18 0 0.01 3 18 6:43am ESE 30.26 88 12 48.1 55.6 3:14pm 41.5 7:26am 17 0 0.00 4 19 1:51am ESE 30.28 76 13 52.2 59.6 1:46pm 46.4 1:21am 13 0 0.02 3 21 8:37am ESE 30.22 79 14 53.2 59.4 3:24pm 48.6 6:56am 12 0 0.00 3 20 7:40pm SE 30.14 87 15 50.8 56.7 1:36pm 48.3 10:38pm 14 0 0.60 6 29 1:03pm SSE 30.04 77 16 47.3 52.4 3:15pm 42.8 6:58am 18 0 0.34 3 24 2:55am ESE 30.16 90 17 45.9 54.6 1:50pm 40.6 6:33am 19 0 0.00 3 20 12:12am ESE 30.18 79 18 47.9 56.6 3:35pm 41.5 4:09am 17 0 0.00 3 19 9:06pm E 30.18 61 19 45.6 51.3 3:02pm 41.7 7:55pm 19 0 0.06 3 20 1:38am SSE 30.17 81 20 47.0 58.0 12:54pm 39.0 6:50am 18 0 0.00 2 13 11:37pm E 30.23 68 21 49.0 59.6 1:50pm 42.8 5:06am 16 0 0.00 3 14 5:21am E 30.12 62 22 50.4 60.2 1:27pm 43.7 3:59am 15 0 0.00 3 18 4:44am ESE 30.03 66 23 51.4 62.8 1:46pm 44.0 5:46am 14 0 0.00 3 18 6:55am ESE 30.04 67 24 53.3 63.9 2:26pm 45.8 6:37am 12 0 0.00 4 20 7:32am ESE 30.03 59 25 54.5 65.9 1:26pm 48.1 4:33am 11 0 0.00 5 21 7:21am ESE 29.98 54 26 48.9 53.2 3:28pm 46.1 7:34am 16 0 0.97 6 34 8:17pm SE 29.90 81 27 44.8 47.6 3:45pm 40.6 11:57pm 20 0 0.46 6 31 2:12am S 29.87 94 28 43.0 47.3 10:21am 40.5 12:09am 22 0 2.23 5 28 12:45am SE 29.57 93 --------------------------------------------------------------------------------------- TOT 46.1 65.9 2/25/14 32.0 2/4/14 529 0 15.27 4 34 2/7/14 ESE 30.10 78 HEAT BASE: 65.0 COOL BASE: 65.0
powered by Cumulus v1.9.3 (1059)
Ambient Weather VWS v14.00
Top Contact Website Map Copyright © 2007 - noaa Foresthillweather.com Never base important decisions on this or any weather information obtained from the Internet