NOAA-reports For Foresthill Weather.com
2018: Jan | Feb | Mar | Apr | May | Jun | Jul | Aug | Sep | Oct | Nov | Dec 
 2017: Jan | Feb | Mar | Apr | May | Jun | Jul | Aug | Sep | Oct | Nov | Dec 
2016: Jan | Feb | Mar | Apr | May | Jun | Jul | Aug | Sep | Oct | Nov | Dec 
2015: Jan | Feb | Mar | Apr | May | Jun | Jul | Aug | Sep | Oct | Nov | Dec 
2014: Jan | Feb | Mar | Apr | May | Jun | Jul | Aug | Sep | Oct | Nov | Dec 
2013: Jan | Feb | Mar | Apr | May | Jun | Jul | Aug | Sep | Oct | Nov | Dec 
2012: Jan | Feb | Mar | Apr | May | Jun | Jul | Aug | Sep | Oct | Nov | Dec 
2011: Jan | Feb | Mar | Apr | May | Jun | Jul | Aug | Sep | Oct | Nov | Dec 
2010: Jan | Feb | Mar | Apr | May | Jun | Jul | Aug | Sep | Oct | Nov | Dec 
2009: Jan | Feb | Mar | Apr | May | Jun | Jul | Aug | Sep | Oct | Nov | Dec 
2008: Jan | Feb | Mar | Apr | May | Jun | Jul | Aug | Sep | Oct | Nov | Dec 

Report for 2014 03
MONTHLY CLIMATOLOGICAL SUMMARY FOR 3/2014 HEAT COOL MEAN DEG DEG WIND SPEED DOM MEAN MEAN DAY TEMP HIGH TIME LOW TIME DAYS DAYS RAIN AVG HI TIME DIR BAROM HUM --------------------------------------------------------------------------------------- 1 44.9 50.9 3:27pm 40.1 1:41am 20 0 0.03 4 23 11:37am SE 29.80 92 2 45.7 47.6 2:42pm 42.5 5:43am 19 0 0.58 5 24 6:58am S 30.07 94 3 46.6 48.8 1:06pm 44.9 6:06am 18 0 0.97 4 17 7:53pm SSE 30.18 95 4 48.9 54.7 4:19pm 43.9 3:24am 16 0 0.17 2 19 1:52am ESE 30.15 94 5 52.2 56.9 2:37pm 48.6 12:42am 13 0 0.54 4 27 11:52pm SSE 30.11 93 6 48.7 52.4 2:20pm 43.7 11:58pm 16 0 0.28 3 26 12:01am S 30.16 91 7 48.8 61.0 1:38pm 39.0 6:57am 16 0 0.00 3 19 10:42pm E 30.18 78 8 52.2 62.5 2:28pm 44.2 3:39am 13 0 0.00 2 20 12:17am ESE 30.22 63 9 55.0 61.7 3:56pm 50.0 12:00am 10 0 0.00 3 25 4:51am SSE 30.21 64 10 50.1 54.4 12:00am 43.3 11:20pm 15 0 0.69 3 18 6:21am SSE 30.18 79 11 49.4 62.7 1:28pm 41.3 2:45am 16 0 0.00 4 34 1:57pm E 30.17 49 12 52.3 63.7 3:00pm 43.2 7:48am 13 0 0.00 5 40 3:50am E 30.18 37 13 53.7 65.9 2:24pm 45.1 8:04am 11 0 0.00 4 23 3:43am E 30.08 39 14 54.1 64.8 2:22pm 46.5 7:18am 11 0 0.00 3 21 5:17am E 30.18 48 15 58.0 69.4 1:53pm 51.0 12:28am 8 1 0.00 2 24 1:00am ESE 30.31 49 16 59.2 72.2 2:49pm 50.5 8:09am 7 1 0.00 3 19 6:01am ESE 30.29 53 17 50.7 58.2 2:10pm 42.8 7:53am 14 0 0.00 3 21 11:14pm SSE 30.06 59 18 51.7 61.4 1:45pm 44.8 1:05am 13 0 0.00 3 24 2:49am ESE 29.97 44 19 53.5 65.8 2:42pm 45.3 7:29am 11 0 0.00 4 22 3:26am ESE 30.10 49 20 55.3 66.7 3:11pm 48.0 4:52am 10 0 0.00 3 19 12:41am E 30.05 50 21 54.5 64.6 2:55pm 47.2 7:15am 11 0 0.00 2 14 3:19pm E 29.97 50 22 54.4 65.8 1:54pm 45.5 5:18am 11 0 0.00 3 18 7:12am E 30.06 44 23 55.1 67.8 1:50pm 46.5 5:49am 10 0 0.00 3 18 7:10am E 30.15 49 24 58.3 70.7 3:20pm 49.6 7:24am 8 1 0.00 3 19 7:55am ESE 30.12 46 25 51.1 56.6 12:26pm 45.2 11:57pm 14 0 0.33 3 20 3:29pm ESE 29.94 61 26 41.9 45.2 12:00am 39.8 9:57am 23 0 1.80 3 30 10:14pm S 29.88 93 27 42.9 45.9 4:28pm 40.7 3:15am 22 0 0.39 2 19 12:04am S 30.12 94 28 47.5 54.6 3:13pm 42.4 7:21am 18 0 0.01 3 23 4:02pm ESE 30.22 89 29 44.7 48.6 12:00am 37.7 10:25pm 20 0 2.25 3 21 8:25pm S 30.10 92 30 41.2 47.7 2:26pm 34.6 3:40am 24 0 0.13 1 22 3:15am SSW 30.13 91 31 39.6 45.6 12:06pm 33.3 8:39pm 25 0 0.42 2 28 3:25pm SE 29.98 92 --------------------------------------------------------------------------------------- TOT 50.4 72.2 3/16/14 33.3 3/31/14 456 4 8.57 3 40 3/12/14 ESE 30.11 68 HEAT BASE: 65.0 COOL BASE: 65.0
powered by Cumulus v1.9.3 (1059)
Ambient Weather VWS v14.00
Top Contact Website Map Copyright © 2007 - noaa Foresthillweather.com Never base important decisions on this or any weather information obtained from the Internet