NOAA-reports For Foresthill Weather.com
2018: Jan | Feb | Mar | Apr | May | Jun | Jul | Aug | Sep | Oct | Nov | Dec 
 2017: Jan | Feb | Mar | Apr | May | Jun | Jul | Aug | Sep | Oct | Nov | Dec 
2016: Jan | Feb | Mar | Apr | May | Jun | Jul | Aug | Sep | Oct | Nov | Dec 
2015: Jan | Feb | Mar | Apr | May | Jun | Jul | Aug | Sep | Oct | Nov | Dec 
2014: Jan | Feb | Mar | Apr | May | Jun | Jul | Aug | Sep | Oct | Nov | Dec 
2013: Jan | Feb | Mar | Apr | May | Jun | Jul | Aug | Sep | Oct | Nov | Dec 
2012: Jan | Feb | Mar | Apr | May | Jun | Jul | Aug | Sep | Oct | Nov | Dec 
2011: Jan | Feb | Mar | Apr | May | Jun | Jul | Aug | Sep | Oct | Nov | Dec 
2010: Jan | Feb | Mar | Apr | May | Jun | Jul | Aug | Sep | Oct | Nov | Dec 
2009: Jan | Feb | Mar | Apr | May | Jun | Jul | Aug | Sep | Oct | Nov | Dec 
2008: Jan | Feb | Mar | Apr | May | Jun | Jul | Aug | Sep | Oct | Nov | Dec 

Report for 2014 07
MONTHLY CLIMATOLOGICAL SUMMARY FOR 7/2014 HEAT COOL MEAN DEG DEG WIND SPEED DOM MEAN MEAN DAY TEMP HIGH TIME LOW TIME DAYS DAYS RAIN AVG HI TIME DIR BAROM HUM --------------------------------------------------------------------------------------- 1 80.1 90.8 2:06pm 72.8 6:56am 0 15 0.00 3 18 5:43am ESE 29.75 40 2 77.7 89.0 2:22pm 68.9 3:54am 0 13 0.00 2 15 5:20am ESE 29.79 40 3 77.9 89.5 3:07pm 69.8 6:23am 0 13 0.00 3 22 4:34am ESE 29.84 40 4 77.9 91.7 1:57pm 68.9 6:39am 0 13 0.00 3 22 2:36am ESE 29.91 35 5 78.0 90.1 2:11pm 69.5 6:30am 0 13 0.00 3 21 4:38am ESE 29.99 32 6 78.4 90.1 1:42pm 69.2 6:16am 0 13 0.00 2 18 12:59am E 29.96 33 7 77.5 87.9 2:09pm 69.2 5:26am 0 12 0.00 1 13 1:47pm E 29.86 36 8 78.1 88.8 4:52pm 72.0 8:02am 0 13 0.00 1 14 7:04am ESE 29.85 42 9 78.7 89.9 2:51pm 71.2 11:58pm 0 14 0.00 2 19 6:42am ESE 29.84 41 10 74.8 84.3 3:04pm 67.0 7:02am 0 10 0.00 2 18 2:52am ESE 29.83 48 11 72.1 81.8 3:58pm 65.0 6:56am 0 7 0.00 1 15 3:39pm WSW 29.93 56 12 73.8 85.4 5:35pm 64.0 6:25am 0 9 0.00 1 12 2:31pm W 29.99 51 13 79.0 90.9 4:09pm 68.6 6:17am 0 14 0.00 1 12 1:12pm WNW 29.93 46 14 83.2 96.4 2:02pm 73.5 5:23am 0 18 0.00 2 16 7:31am E 29.85 37 15 77.7 86.9 4:29pm 72.1 8:06am 0 13 0.00 1 14 5:00am SE 29.90 38 16 75.1 83.9 2:45pm 67.9 6:36am 0 10 0.00 1 12 1:41pm SW 29.90 53 17 72.9 81.3 2:05pm 65.7 5:37am 0 8 0.00 2 16 10:57pm SW 29.90 60 18 71.5 81.0 5:26pm 62.4 3:08am 0 7 0.00 1 13 3:35am WSW 29.93 56 19 74.4 86.2 3:20pm 64.9 3:45am 0 9 0.00 1 15 3:44pm WSW 29.90 58 20 71.6 79.8 2:04pm 67.2 9:35pm 0 7 0.00 4 28 10:01pm ESE 29.90 62 21 71.4 80.1 2:30pm 66.6 11:05pm 0 6 0.00 2 22 2:22am E 29.97 64 22 72.0 81.0 2:41pm 62.1 11:59pm 0 7 0.00 2 16 2:51am E 30.01 61 23 67.1 79.0 2:14pm 56.9 6:13am 3 5 0.00 1 14 2:41pm SE 30.07 63 24 72.6 84.8 3:11pm 61.7 6:41am 1 8 0.00 1 14 2:31pm E 29.95 44 25 76.9 89.3 1:19pm 66.3 6:50am 0 12 0.00 2 18 12:29pm E 29.86 38 26 79.8 93.7 3:11pm 69.1 5:15am 0 15 0.00 2 18 7:57am E 29.91 30 27 80.9 94.1 1:59pm 73.2 5:22am 0 16 0.00 3 23 4:51am E 29.93 29 28 80.6 91.4 1:13pm 72.8 6:59am 0 16 0.00 2 14 1:04am E 29.97 32 29 80.1 91.3 3:48pm 73.9 5:58am 0 15 0.00 3 18 6:18am ESE 29.98 31 30 81.2 92.9 3:21pm 69.6 2:15am 0 16 0.01 2 16 10:58pm ESE 29.94 35 31 82.8 93.4 1:09pm 74.6 6:31am 0 18 0.00 3 19 12:43am E 29.89 35 --------------------------------------------------------------------------------------- TOT 76.6 96.4 7/14/14 56.9 7/23/14 4 365 0.01 2 28 7/20/14 ESE 29.91 44 HEAT BASE: 65.0 COOL BASE: 65.0
powered by Cumulus v1.9.3 (1059)
Ambient Weather VWS v14.00
Top Contact Website Map Copyright © 2007 - noaa Foresthillweather.com Never base important decisions on this or any weather information obtained from the Internet