NOAA-reports For Foresthill Weather.com
2018: Jan | Feb | Mar | Apr | May | Jun | Jul | Aug | Sep | Oct | Nov | Dec 
 2017: Jan | Feb | Mar | Apr | May | Jun | Jul | Aug | Sep | Oct | Nov | Dec 
2016: Jan | Feb | Mar | Apr | May | Jun | Jul | Aug | Sep | Oct | Nov | Dec 
2015: Jan | Feb | Mar | Apr | May | Jun | Jul | Aug | Sep | Oct | Nov | Dec 
2014: Jan | Feb | Mar | Apr | May | Jun | Jul | Aug | Sep | Oct | Nov | Dec 
2013: Jan | Feb | Mar | Apr | May | Jun | Jul | Aug | Sep | Oct | Nov | Dec 
2012: Jan | Feb | Mar | Apr | May | Jun | Jul | Aug | Sep | Oct | Nov | Dec 
2011: Jan | Feb | Mar | Apr | May | Jun | Jul | Aug | Sep | Oct | Nov | Dec 
2010: Jan | Feb | Mar | Apr | May | Jun | Jul | Aug | Sep | Oct | Nov | Dec 
2009: Jan | Feb | Mar | Apr | May | Jun | Jul | Aug | Sep | Oct | Nov | Dec 
2008: Jan | Feb | Mar | Apr | May | Jun | Jul | Aug | Sep | Oct | Nov | Dec 

Report for 2014 11
MONTHLY CLIMATOLOGICAL SUMMARY FOR 11/2014 HEAT COOL MEAN DEG DEG WIND SPEED DOM MEAN MEAN DAY TEMP HIGH TIME LOW TIME DAYS DAYS RAIN AVG HI TIME DIR BAROM HUM --------------------------------------------------------------------------------------- 1 43.6 47.2 4:50pm 39.3 9:09am 21 0 1.83 2 21 8:34am SE 29.92 93 2 44.0 52.7 2:06pm 37.7 6:56am 21 0 0.01 2 19 11:17pm E 30.18 86 3 47.1 55.1 2:07pm 42.4 7:04am 18 0 0.00 2 20 2:21am E 30.28 68 4 50.0 59.7 2:02pm 42.6 5:12am 15 0 0.00 0 9 7:25pm ESE 30.35 74 5 56.1 64.3 1:58pm 49.7 3:12am 9 0 0.00 2 18 11:47pm ESE 30.23 74 6 58.8 68.6 2:13pm 53.6 5:53am 7 0 0.00 2 18 5:19am ESE 30.24 63 7 59.2 68.8 1:43pm 54.2 5:36am 6 1 0.00 1 16 12:33am E 30.20 60 8 60.7 70.1 2:03pm 54.0 5:32am 5 1 0.00 2 18 6:40am ESE 30.13 58 9 61.2 70.8 1:56pm 56.6 3:53am 5 1 0.00 2 23 7:13am ESE 29.96 55 10 58.6 67.7 1:51pm 53.7 11:51pm 7 0 0.00 2 18 12:00am ESE 29.84 59 11 52.5 57.7 11:19am 49.4 11:56pm 12 0 0.00 2 15 12:30am ESE 29.92 77 12 49.2 52.7 2:56pm 46.7 8:19pm 16 0 0.01 1 11 9:47pm S 30.03 88 13 50.2 51.8 3:14pm 48.0 1:00am 15 0 0.57 3 20 12:45am S 30.07 93 14 49.2 52.2 1:03pm 45.1 11:59pm 16 0 0.01 0 11 9:37pm SE 30.11 93 15 46.7 52.5 2:31pm 42.5 11:58pm 18 0 0.00 0 15 2:15am ESE 30.19 89 16 46.2 53.1 1:32pm 40.0 3:05am 19 0 0.00 2 28 6:56am E 30.29 67 17 48.1 57.2 1:19pm 42.4 6:57am 17 0 0.00 2 16 11:07pm E 30.27 68 18 50.3 58.2 12:44pm 44.2 6:23am 15 0 0.00 2 23 6:46am ESE 30.21 53 19 49.4 53.7 11:20am 46.6 9:31pm 16 0 0.09 5 30 10:36am SE 30.13 66 20 45.9 48.8 10:56am 42.2 11:30pm 19 0 0.32 1 18 12:29am ESE 30.12 91 21 45.1 50.2 2:48pm 39.6 7:20am 20 0 0.02 1 13 11:28pm SE 30.15 91 22 46.9 50.9 12:41pm 40.5 11:50pm 18 0 1.24 5 28 2:55am SSE 30.18 93 23 42.4 49.9 1:43pm 36.3 6:16am 23 0 0.01 1 14 9:13pm E 30.35 90 24 46.0 55.7 1:33pm 39.5 1:38am 19 0 0.00 1 16 7:12am E 30.44 74 25 50.1 59.2 1:16pm 44.0 3:50am 15 0 0.00 2 18 11:49pm ESE 30.49 68 26 54.6 62.2 1:01pm 48.5 6:53am 10 0 0.00 2 20 4:21am ESE 30.34 66 27 55.1 63.8 2:26pm 50.0 11:52pm 10 0 0.00 2 18 1:09am ESE 30.19 60 28 51.4 59.8 11:15am 45.1 11:52pm 14 0 0.34 3 22 11:18pm ESE 30.00 62 29 46.3 48.0 3:55pm 43.0 2:43am 19 0 1.40 5 34 1:30am SE 29.89 93 30 45.6 47.7 11:41pm 42.9 3:03pm 19 0 0.51 4 25 7:38pm SE 29.97 94 --------------------------------------------------------------------------------------- TOT 50.3 70.8 11/9/14 36.3 11/23/14 443 3 6.35 2 34 11/29/14 ESE 30.16 76 HEAT BASE: 65.0 COOL BASE: 65.0
powered by Cumulus v1.9.3 (1059)
Ambient Weather VWS v14.00
Top Contact Website Map Copyright © 2007 - noaa Foresthillweather.com Never base important decisions on this or any weather information obtained from the Internet