NOAA-reports For Foresthill Weather.com
2018: Jan | Feb | Mar | Apr | May | Jun | Jul | Aug | Sep | Oct | Nov | Dec 
 2017: Jan | Feb | Mar | Apr | May | Jun | Jul | Aug | Sep | Oct | Nov | Dec 
2016: Jan | Feb | Mar | Apr | May | Jun | Jul | Aug | Sep | Oct | Nov | Dec 
2015: Jan | Feb | Mar | Apr | May | Jun | Jul | Aug | Sep | Oct | Nov | Dec 
2014: Jan | Feb | Mar | Apr | May | Jun | Jul | Aug | Sep | Oct | Nov | Dec 
2013: Jan | Feb | Mar | Apr | May | Jun | Jul | Aug | Sep | Oct | Nov | Dec 
2012: Jan | Feb | Mar | Apr | May | Jun | Jul | Aug | Sep | Oct | Nov | Dec 
2011: Jan | Feb | Mar | Apr | May | Jun | Jul | Aug | Sep | Oct | Nov | Dec 
2010: Jan | Feb | Mar | Apr | May | Jun | Jul | Aug | Sep | Oct | Nov | Dec 
2009: Jan | Feb | Mar | Apr | May | Jun | Jul | Aug | Sep | Oct | Nov | Dec 
2008: Jan | Feb | Mar | Apr | May | Jun | Jul | Aug | Sep | Oct | Nov | Dec 

Report for 2015 02
MONTHLY CLIMATOLOGICAL SUMMARY FOR 2/2015 HEAT COOL MEAN DEG DEG WIND SPEED DOM MEAN MEAN DAY TEMP HIGH TIME LOW TIME DAYS DAYS RAIN AVG HI TIME DIR BAROM HUM --------------------------------------------------------------------------------------- 1 50.1 57.0 3:40pm 43.2 5:51am 15 0 0.00 2 18 8:24pm ESE 30.19 54 2 53.0 61.1 2:51pm 48.3 5:17am 12 0 0.00 2 20 5:53am ESE 30.20 64 3 54.6 63.1 2:23pm 50.3 5:39am 10 0 0.00 3 21 8:47am ESE 30.16 77 4 54.3 65.2 1:00pm 48.5 5:42am 11 0 0.00 4 19 1:38am ESE 30.11 59 5 55.7 61.7 12:43pm 48.8 6:06am 9 0 0.00 6 27 8:56pm SSE 30.02 47 6 53.3 63.3 6:33am 45.1 4:24pm 12 0 2.19 13 52 4:16pm SSE 29.91 60 7 51.9 53.2 10:48am 50.1 12:00am 13 0 0.33 5 38 1:30am S 30.09 94 8 50.6 53.0 2:24pm 48.5 11:28pm 14 0 1.29 6 39 1:41pm SE 30.03 94 9 47.5 50.0 2:08pm 42.5 11:58pm 18 0 0.74 5 31 4:48am S 30.23 94 10 45.0 56.3 2:50pm 35.7 7:12am 20 0 0.00 0 15 9:29pm E 30.22 85 11 50.5 60.0 2:20pm 43.1 1:13am 14 0 0.00 1 18 9:22pm ESE 30.23 75 12 55.0 65.9 1:55pm 48.9 7:05am 10 0 0.00 1 20 3:17am ESE 30.25 68 13 56.6 66.8 2:15pm 50.6 7:28am 9 0 0.00 0 15 11:55pm ESE 30.17 64 14 57.8 67.7 2:23pm 51.4 5:55am 8 0 0.00 2 28 8:01am E 30.12 58 15 56.9 66.8 2:03pm 50.4 5:51am 8 0 0.00 1 16 5:36am ESE 30.06 58 16 55.9 65.9 2:11pm 49.2 5:57am 9 0 0.00 1 20 3:20am ESE 30.04 60 17 55.7 65.0 2:08pm 50.0 7:34am 9 0 0.00 2 14 6:48am ESE 30.11 70 18 55.1 64.7 1:59pm 49.4 6:19am 10 0 0.00 3 15 7:28am ESE 30.17 76 19 54.0 63.1 2:34pm 48.4 5:26am 11 0 0.00 1 15 12:33am E 30.13 80 20 52.3 60.4 3:07pm 46.8 6:48am 13 0 0.00 1 16 2:51am E 30.03 80 21 48.9 56.9 1:39pm 43.8 6:44am 16 0 0.00 1 11 2:26pm SW 29.93 84 22 47.1 54.6 1:41pm 40.9 11:56pm 18 0 0.00 5 37 2:39pm E 29.90 47 23 44.7 52.4 3:24pm 39.2 10:19pm 20 0 0.00 6 35 4:00am E 30.10 34 24 46.1 57.2 1:14pm 38.6 4:05am 19 0 0.00 1 23 12:27am ESE 30.35 42 25 46.9 57.8 3:07pm 38.7 7:08am 18 0 0.00 1 12 10:15pm SE 30.26 62 26 50.3 61.0 1:10pm 40.7 7:07am 15 0 0.00 2 21 4:56pm WNW 30.03 66 27 47.1 53.5 2:40pm 36.0 11:51pm 18 0 0.29 3 20 7:15pm SSE 29.79 78 28 39.2 42.7 4:43pm 35.9 12:00am 26 0 0.58 2 18 1:29am SSE 29.84 93 --------------------------------------------------------------------------------------- TOT 51.3 67.7 2/14/15 35.7 2/10/15 385 1 5.42 3 52 2/6/15 ESE 30.10 69 HEAT BASE: 65.0 COOL BASE: 65.0
powered by Cumulus v1.9.3 (1059)
Ambient Weather VWS v14.00
Top Contact Website Map Copyright © 2007 - noaa Foresthillweather.com Never base important decisions on this or any weather information obtained from the Internet