NOAA-reports For Foresthill Weather.com
2018: Jan | Feb | Mar | Apr | May | Jun | Jul | Aug | Sep | Oct | Nov | Dec 
 2017: Jan | Feb | Mar | Apr | May | Jun | Jul | Aug | Sep | Oct | Nov | Dec 
2016: Jan | Feb | Mar | Apr | May | Jun | Jul | Aug | Sep | Oct | Nov | Dec 
2015: Jan | Feb | Mar | Apr | May | Jun | Jul | Aug | Sep | Oct | Nov | Dec 
2014: Jan | Feb | Mar | Apr | May | Jun | Jul | Aug | Sep | Oct | Nov | Dec 
2013: Jan | Feb | Mar | Apr | May | Jun | Jul | Aug | Sep | Oct | Nov | Dec 
2012: Jan | Feb | Mar | Apr | May | Jun | Jul | Aug | Sep | Oct | Nov | Dec 
2011: Jan | Feb | Mar | Apr | May | Jun | Jul | Aug | Sep | Oct | Nov | Dec 
2010: Jan | Feb | Mar | Apr | May | Jun | Jul | Aug | Sep | Oct | Nov | Dec 
2009: Jan | Feb | Mar | Apr | May | Jun | Jul | Aug | Sep | Oct | Nov | Dec 
2008: Jan | Feb | Mar | Apr | May | Jun | Jul | Aug | Sep | Oct | Nov | Dec 

Report for 2015 04
MONTHLY CLIMATOLOGICAL SUMMARY FOR 4/2015 HEAT COOL MEAN DEG DEG WIND SPEED DOM MEAN MEAN DAY TEMP HIGH TIME LOW TIME DAYS DAYS RAIN AVG HI TIME DIR BAROM HUM --------------------------------------------------------------------------------------- 1 48.2 56.2 4:02pm 41.1 7:25am 17 0 0.00 1 13 11:53pm E 30.13 49 2 50.3 63.0 2:40pm 40.9 6:36am 15 0 0.00 2 20 7:31am E 30.17 48 3 54.0 64.3 1:50pm 46.8 7:26am 11 0 0.00 2 21 7:31am ESE 30.18 38 4 51.8 62.2 1:37pm 43.9 6:47am 13 0 0.00 2 19 2:22am ESE 30.02 47 5 42.7 48.9 12:00am 39.2 10:32pm 22 0 0.26 3 20 3:00pm S 29.91 76 6 41.4 51.1 2:40pm 33.5 7:15am 24 0 0.00 2 20 2:35pm ESE 29.99 78 7 37.1 42.0 6:08am 33.1 11:19am 28 0 0.85 6 34 6:06am SE 29.95 86 8 41.0 48.8 3:53pm 35.0 12:16am 24 0 0.17 2 16 1:36am SSE 30.20 89 9 47.7 60.1 3:46pm 37.8 6:51am 17 0 0.00 2 15 11:37pm ESE 30.08 75 10 51.8 64.4 2:04pm 43.8 7:08am 13 0 0.00 2 16 1:35pm ESE 30.06 61 11 53.0 63.5 1:57pm 45.5 6:00am 12 0 0.00 2 18 6:17am ESE 30.06 62 12 56.2 68.8 2:33pm 44.4 7:13am 10 1 0.00 2 18 11:42pm E 30.04 58 13 58.1 69.7 1:06pm 47.8 11:57pm 8 1 0.00 5 22 6:38am ESE 30.04 51 14 44.6 53.6 4:43pm 33.2 7:06am 20 0 0.08 3 22 4:31am NW 30.23 65 15 52.8 65.7 2:35pm 41.4 4:27am 12 0 0.00 2 19 7:47pm NE 30.17 42 16 58.3 68.6 1:01pm 48.7 2:03am 8 1 0.00 3 38 6:00am E 30.06 34 17 59.8 70.6 2:32pm 50.7 6:51am 6 1 0.00 2 16 6:41am ESE 30.08 40 18 61.8 73.0 2:49pm 52.7 6:44am 5 2 0.00 2 12 3:16am E 30.00 51 19 64.4 75.1 1:31pm 56.3 2:19am 3 3 0.00 2 16 11:10pm ESE 29.90 48 20 63.6 73.1 3:09pm 56.6 7:11am 4 2 0.00 2 19 12:01am E 29.82 57 21 59.7 68.8 1:14pm 54.6 6:45am 6 0 0.00 2 18 12:44am E 29.79 67 22 57.5 65.1 3:58pm 52.2 6:15am 8 0 0.00 1 15 12:28am E 29.84 78 23 57.3 66.9 3:04pm 48.5 6:49am 8 0 0.02 2 19 11:22pm S 29.83 76 24 50.4 56.5 3:46pm 43.4 11:51pm 15 0 0.26 4 18 3:26pm S 29.91 80 25 46.7 50.8 3:39pm 43.3 12:02am 18 0 1.32 3 19 4:33am ESE 29.95 91 26 52.0 62.2 5:39pm 42.2 6:12am 13 0 0.00 3 18 2:49pm E 30.12 78 27 63.0 78.7 1:48pm 52.1 5:56am 5 3 0.00 2 22 8:21am E 30.04 56 28 64.0 75.9 12:57pm 54.6 5:57am 4 3 0.00 2 23 6:42am ESE 30.00 58 29 64.0 74.9 1:15pm 56.3 7:09am 3 2 0.00 2 21 2:22am ESE 29.95 59 30 66.6 77.5 12:25pm 56.7 4:47am 3 4 0.00 2 21 7:02am E 29.88 46 --------------------------------------------------------------------------------------- TOT 54.0 78.7 4/27/15 33.1 4/7/15 354 23 2.97 2 38 4/16/15 E 30.01 61 HEAT BASE: 65.0 COOL BASE: 65.0
powered by Cumulus v1.9.3 (1059)
Ambient Weather VWS v14.00
Top Contact Website Map Copyright © 2007 - noaa Foresthillweather.com Never base important decisions on this or any weather information obtained from the Internet