NOAA-reports For Foresthill Weather.com
2018: Jan | Feb | Mar | Apr | May | Jun | Jul | Aug | Sep | Oct | Nov | Dec 
 2017: Jan | Feb | Mar | Apr | May | Jun | Jul | Aug | Sep | Oct | Nov | Dec 
2016: Jan | Feb | Mar | Apr | May | Jun | Jul | Aug | Sep | Oct | Nov | Dec 
2015: Jan | Feb | Mar | Apr | May | Jun | Jul | Aug | Sep | Oct | Nov | Dec 
2014: Jan | Feb | Mar | Apr | May | Jun | Jul | Aug | Sep | Oct | Nov | Dec 
2013: Jan | Feb | Mar | Apr | May | Jun | Jul | Aug | Sep | Oct | Nov | Dec 
2012: Jan | Feb | Mar | Apr | May | Jun | Jul | Aug | Sep | Oct | Nov | Dec 
2011: Jan | Feb | Mar | Apr | May | Jun | Jul | Aug | Sep | Oct | Nov | Dec 
2010: Jan | Feb | Mar | Apr | May | Jun | Jul | Aug | Sep | Oct | Nov | Dec 
2009: Jan | Feb | Mar | Apr | May | Jun | Jul | Aug | Sep | Oct | Nov | Dec 
2008: Jan | Feb | Mar | Apr | May | Jun | Jul | Aug | Sep | Oct | Nov | Dec 

Report for 2015 06
MONTHLY CLIMATOLOGICAL SUMMARY FOR 6/2015 HEAT COOL MEAN DEG DEG WIND SPEED DOM MEAN MEAN DAY TEMP HIGH TIME LOW TIME DAYS DAYS RAIN AVG HI TIME DIR BAROM HUM --------------------------------------------------------------------------------------- 1 60.2 69.5 2:39pm 53.0 3:52am 5 1 0.00 3 18 1:49pm SE 29.97 60 2 61.9 71.9 2:20pm 52.5 5:37am 5 2 0.00 2 14 5:14am ESE 30.00 64 3 63.5 73.0 2:17pm 56.4 6:51am 3 2 0.00 2 16 12:39pm ESE 29.87 60 4 62.6 71.6 3:57pm 55.0 6:02am 4 2 0.00 1 19 4:05pm ESE 29.79 64 5 64.4 76.2 1:38pm 55.7 11:29pm 4 3 0.26 2 41 6:53pm E 29.80 65 6 63.9 77.6 2:41pm 55.7 12:00am 4 2 0.09 2 23 9:40pm E 29.86 76 7 72.4 87.4 1:30pm 60.2 5:49am 1 9 0.00 2 19 12:09am E 29.88 60 8 76.8 89.1 2:48pm 66.2 5:28am 0 12 0.00 2 16 12:17am E 29.86 47 9 74.4 86.2 12:33pm 67.0 11:58pm 0 9 0.00 4 31 5:34pm ESE 29.81 51 10 62.1 67.0 12:00am 59.4 5:47am 3 0 0.62 1 24 3:07am E 29.88 89 11 68.0 80.4 5:17pm 58.0 4:04am 2 5 0.00 1 13 12:42am WNW 29.87 80 12 76.0 89.0 4:36pm 64.6 5:41am 0 11 0.00 2 18 3:17pm E 29.79 49 13 77.7 90.1 3:12pm 70.1 6:23am 0 13 0.00 3 26 6:38am ESE 29.71 45 14 75.6 86.8 3:01pm 67.7 7:03am 0 10 0.00 3 21 7:33am ESE 29.71 42 15 73.4 85.1 2:25pm 64.7 6:41am 0 8 0.00 3 20 1:17am ESE 29.79 38 16 73.4 84.9 1:40pm 63.4 6:40am 0 8 0.00 3 21 4:38am E 29.89 32 17 74.9 85.6 2:11pm 66.9 6:53am 0 10 0.00 2 20 1:11am ESE 29.88 34 18 74.8 87.7 1:34pm 65.9 6:21am 0 10 0.00 4 21 1:27am ESE 29.90 31 19 72.4 84.0 3:32pm 62.7 6:47am 0 8 0.00 3 20 4:29am ESE 29.92 29 20 73.4 84.1 4:48pm 64.6 7:06am 0 8 0.00 2 18 12:58am E 29.86 32 21 70.3 82.3 2:05pm 62.0 7:05am 1 6 0.00 3 22 1:42pm ESE 29.91 28 22 70.1 81.9 2:16pm 60.8 6:04am 1 6 0.00 2 18 1:47am ESE 29.97 30 23 72.9 83.6 1:44pm 64.1 6:53am 0 8 0.00 2 18 3:52am E 29.93 35 24 74.3 85.8 4:06pm 64.7 5:46am 0 9 0.00 1 12 4:46pm E 29.87 45 25 78.6 90.4 2:30pm 69.0 5:53am 0 14 0.00 1 13 4:29pm E 29.87 47 26 81.0 92.9 2:50pm 71.1 6:59am 0 16 0.00 1 12 2:19am ESE 29.87 40 27 79.3 89.9 2:12pm 73.1 7:27am 0 14 0.00 1 15 6:19am ESE 29.90 41 28 76.6 85.4 1:25pm 68.6 3:14am 0 12 0.00 1 20 8:30am E 29.91 44 29 77.7 88.4 3:05pm 68.3 4:25am 0 13 0.00 1 12 2:55pm WNW 29.92 47 30 83.1 94.6 2:32pm 74.2 6:54am 0 18 0.00 1 14 11:40pm E 29.85 40 --------------------------------------------------------------------------------------- TOT 72.2 94.6 6/30/15 52.5 6/2/15 34 250 0.98 2 41 6/5/15 ESE 29.87 48 HEAT BASE: 65.0 COOL BASE: 65.0
powered by Cumulus v1.9.3 (1059)
Ambient Weather VWS v14.00
Top Contact Website Map Copyright © 2007 - noaa Foresthillweather.com Never base important decisions on this or any weather information obtained from the Internet