NOAA-reports For Foresthill Weather.com
2018: Jan | Feb | Mar | Apr | May | Jun | Jul | Aug | Sep | Oct | Nov | Dec 
 2017: Jan | Feb | Mar | Apr | May | Jun | Jul | Aug | Sep | Oct | Nov | Dec 
2016: Jan | Feb | Mar | Apr | May | Jun | Jul | Aug | Sep | Oct | Nov | Dec 
2015: Jan | Feb | Mar | Apr | May | Jun | Jul | Aug | Sep | Oct | Nov | Dec 
2014: Jan | Feb | Mar | Apr | May | Jun | Jul | Aug | Sep | Oct | Nov | Dec 
2013: Jan | Feb | Mar | Apr | May | Jun | Jul | Aug | Sep | Oct | Nov | Dec 
2012: Jan | Feb | Mar | Apr | May | Jun | Jul | Aug | Sep | Oct | Nov | Dec 
2011: Jan | Feb | Mar | Apr | May | Jun | Jul | Aug | Sep | Oct | Nov | Dec 
2010: Jan | Feb | Mar | Apr | May | Jun | Jul | Aug | Sep | Oct | Nov | Dec 
2009: Jan | Feb | Mar | Apr | May | Jun | Jul | Aug | Sep | Oct | Nov | Dec 
2008: Jan | Feb | Mar | Apr | May | Jun | Jul | Aug | Sep | Oct | Nov | Dec 

Report for 2016 02
MONTHLY CLIMATOLOGICAL SUMMARY FOR 2/2016 HEAT COOL MEAN DEG DEG WIND SPEED DOM MEAN MEAN DAY TEMP HIGH TIME LOW TIME DAYS DAYS RAIN AVG HI TIME DIR BAROM HUM --------------------------------------------------------------------------------------- 1 33.8 42.6 2:49pm 28.4 8:23am 31 0 0.00 2 20 6:36am N 30.20 77 2 33.5 36.6 3:33pm 32.0 11:58pm 32 0 0.08 2 19 4:49am SE 30.34 87 3 37.0 43.8 2:52pm 30.8 5:44am 28 0 0.00 2 22 2:19am ESE 30.47 87 4 42.5 51.8 2:44pm 36.4 6:48am 23 0 0.00 2 18 1:20am E 30.49 84 5 44.4 55.3 2:41pm 36.9 7:33am 21 0 0.00 2 15 11:36pm ESE 30.49 76 6 48.8 58.2 1:15pm 42.4 5:17am 16 0 0.00 2 20 2:00am E 30.44 63 7 57.7 70.3 2:29pm 46.4 12:00am 8 1 0.00 3 32 6:08pm E 30.32 44 8 58.6 70.1 2:43pm 51.7 11:38pm 7 1 0.00 2 25 7:49am NW 30.27 52 9 57.9 69.8 2:46pm 51.7 1:22am 8 1 0.00 2 21 10:00pm ESE 30.26 52 10 57.1 66.9 1:43pm 50.1 7:04am 8 0 0.00 2 21 3:53am ESE 30.26 50 11 57.0 68.1 1:18pm 50.4 7:05am 8 0 0.00 3 18 3:05am ESE 30.21 51 12 55.3 63.8 1:22pm 50.3 6:46am 10 0 0.00 2 20 8:19am E 30.23 53 13 54.5 64.6 2:44pm 46.6 7:27am 10 0 0.00 2 16 12:16am E 30.26 56 14 56.1 69.3 1:42pm 47.4 6:45am 9 0 0.00 2 24 3:41pm E 30.28 58 15 58.5 68.6 1:33pm 51.5 6:52am 7 0 0.00 2 16 1:57am E 30.16 61 16 59.2 69.3 2:31pm 51.7 6:57am 6 1 0.00 3 21 7:01am ESE 29.97 50 17 54.0 61.4 7:35am 37.1 11:59pm 11 0 1.17 9 48 7:38pm SSE 29.64 64 18 39.4 42.7 5:15pm 34.8 1:28am 26 0 0.72 5 29 1:35pm S 29.97 94 19 41.4 46.9 1:37pm 36.2 4:44am 24 0 0.08 3 28 12:39pm ESE 30.21 91 20 44.9 54.0 1:54pm 38.8 6:05am 20 0 0.01 1 15 7:46am ESE 30.27 90 21 46.6 56.7 1:41pm 39.2 5:52am 18 0 0.00 2 20 7:26am E 30.30 80 22 48.6 60.6 2:23pm 40.1 6:12am 16 0 0.00 3 17 3:42pm E 30.24 66 23 51.1 62.7 1:14pm 44.2 6:19am 14 0 0.00 3 21 11:39pm ESE 30.12 61 24 53.7 63.9 2:02pm 46.6 7:18am 11 0 0.00 2 19 12:11am ESE 30.19 68 25 55.3 66.2 2:03pm 48.1 4:40am 10 0 0.00 2 14 5:17am E 30.17 58 26 55.3 64.3 12:12pm 48.7 6:48am 10 0 0.00 2 15 7:46am ESE 30.16 65 27 52.0 58.4 3:20pm 47.0 6:08am 13 0 0.00 2 18 10:16pm ESE 30.18 80 28 51.5 60.8 1:54pm 46.0 4:32am 13 0 0.00 2 19 8:32am ESE 30.22 56 29 53.8 65.4 1:53pm 45.7 6:28am 11 0 0.00 3 19 6:25am E 30.22 50 --------------------------------------------------------------------------------------- TOT 50.3 70.3 2/7/16 28.4 2/1/16 430 5 2.07 3 48 2/17/16 ESE 30.22 66 HEAT BASE: 65.0 COOL BASE: 65.0
powered by Cumulus v1.9.3 (1059)
Ambient Weather VWS v14.00
Top Contact Website Map Copyright © 2007 - noaa Foresthillweather.com Never base important decisions on this or any weather information obtained from the Internet