NOAA-reports For Foresthill Weather.com
2018: Jan | Feb | Mar | Apr | May | Jun | Jul | Aug | Sep | Oct | Nov | Dec 
2017: Jan | Feb | Mar | Apr | May | Jun | Jul | Aug | Sep | Oct | Nov | Dec 
2016: Jan | Feb | Mar | Apr | May | Jun | Jul | Aug | Sep | Oct | Nov | Dec 
2015: Jan | Feb | Mar | Apr | May | Jun | Jul | Aug | Sep | Oct | Nov | Dec 
2014: Jan | Feb | Mar | Apr | May | Jun | Jul | Aug | Sep | Oct | Nov | Dec 
2013: Jan | Feb | Mar | Apr | May | Jun | Jul | Aug | Sep | Oct | Nov | Dec 
2012: Jan | Feb | Mar | Apr | May | Jun | Jul | Aug | Sep | Oct | Nov | Dec 
2011: Jan | Feb | Mar | Apr | May | Jun | Jul | Aug | Sep | Oct | Nov | Dec 
2010: Jan | Feb | Mar | Apr | May | Jun | Jul | Aug | Sep | Oct | Nov | Dec 
2009: Jan | Feb | Mar | Apr | May | Jun | Jul | Aug | Sep | Oct | Nov | Dec 
2008: Jan | Feb | Mar | Apr | May | Jun | Jul | Aug | Sep | Oct | Nov | Dec 

Report for 2016 04
MONTHLY CLIMATOLOGICAL SUMMARY FOR 4/2016 HEAT COOL MEAN DEG DEG WIND SPEED DOM MEAN MEAN DAY TEMP HIGH TIME LOW TIME DAYS DAYS RAIN AVG HI TIME DIR BAROM HUM --------------------------------------------------------------------------------------- 1 54.5 65.2 2:24pm 46.4 7:20am 11 0 0.00 2 13 2:39pm E 30.16 77 2 58.0 70.0 2:39pm 50.3 7:25am 8 1 0.00 4 19 4:37am ESE 30.17 73 3 59.4 72.1 1:19pm 51.5 7:07am 7 1 0.00 4 20 4:21am ESE 30.10 65 4 57.4 69.5 1:38pm 48.2 4:21am 8 0 0.00 1 22 1:25am E 30.17 65 5 61.2 74.0 1:43pm 49.7 4:49am 6 2 0.00 3 32 11:38pm E 30.19 49 6 69.6 82.3 1:48pm 61.4 6:56am 1 6 0.00 4 26 12:59am E 30.11 33 7 63.8 72.4 2:50pm 54.5 11:58pm 3 1 0.00 2 18 5:16pm ESE 29.90 48 8 59.4 68.7 12:59pm 53.9 3:06am 6 1 0.00 2 14 8:02pm ESE 29.86 68 9 51.5 55.3 12:00am 48.1 11:51pm 13 0 0.40 2 16 9:30am S 29.89 92 10 50.0 53.1 2:57pm 46.9 4:38am 15 0 0.22 1 12 12:39am ESE 29.93 94 11 53.2 57.0 2:20pm 50.3 7:26am 12 0 0.00 0 10 1:28pm W 30.10 92 12 53.1 57.2 1:46pm 50.7 3:41am 12 0 0.00 1 16 10:44pm SSW 30.18 90 13 51.6 59.3 2:54pm 46.0 9:02am 13 0 0.00 4 21 10:20pm S 30.14 79 14 46.4 52.9 3:19pm 40.5 7:11am 19 0 0.30 3 21 12:44am SE 30.11 79 15 50.6 64.0 2:51pm 38.2 5:21am 14 0 0.00 3 27 1:32pm NE 30.15 57 16 58.8 71.2 3:43pm 47.5 6:45am 8 1 0.00 2 25 11:00pm NW 30.13 43 17 63.9 74.6 1:52pm 55.3 7:46am 3 2 0.00 2 26 1:29am E 30.07 39 18 64.9 77.6 2:08pm 55.4 6:28am 4 4 0.00 2 16 8:12am E 30.07 44 19 64.9 77.4 2:26pm 56.5 6:18am 3 3 0.00 2 14 1:26am E 29.97 49 20 60.5 71.0 2:19pm 53.0 6:48am 6 1 0.00 2 16 1:40pm ESE 29.93 46 21 56.8 66.2 12:23pm 49.4 6:48am 8 0 0.00 2 16 12:05pm ESE 29.89 66 22 46.6 52.6 12:00am 42.9 4:47pm 18 0 1.34 4 31 9:53am S 29.89 91 23 47.4 55.4 4:15pm 42.9 12:00am 18 0 0.00 0 13 2:20pm NW 30.17 85 24 50.5 58.2 2:45pm 46.7 12:00am 14 0 0.01 1 20 8:04pm WNW 30.00 75 25 49.7 56.0 5:02pm 45.1 10:36am 15 0 0.00 1 18 2:23pm NW 29.94 65 26 50.9 60.7 1:30pm 45.4 12:00am 14 0 0.00 2 18 5:58am E 30.02 61 27 50.4 57.7 1:14pm 45.8 5:29pm 15 0 0.29 1 17 1:11pm ESE 29.89 73 28 54.6 65.0 1:53pm 47.5 12:00am 10 0 0.00 2 19 2:52pm NNE 29.87 70 29 55.9 63.6 3:08pm 48.9 11:59pm 9 0 0.00 3 23 9:02pm ESE 29.95 65 30 56.9 68.9 2:44pm 46.2 4:12am 9 1 0.00 3 30 12:27pm NNW 29.91 51 --------------------------------------------------------------------------------------- TOT 55.7 82.3 4/6/16 38.2 4/15/16 302 24 2.57 2 32 4/5/16 ESE 30.03 66 HEAT BASE: 65.0 COOL BASE: 65.0
powered by Cumulus v1.9.3 (1059)
Ambient Weather VWS v14.00
Top Contact Website Map Copyright © 2007 - noaa Foresthillweather.com Never base important decisions on this or any weather information obtained from the Internet