NOAA-reports For Foresthill Weather.com
2018: Jan | Feb | Mar | Apr | May | Jun | Jul | Aug | Sep | Oct | Nov | Dec 
 2017: Jan | Feb | Mar | Apr | May | Jun | Jul | Aug | Sep | Oct | Nov | Dec 
2016: Jan | Feb | Mar | Apr | May | Jun | Jul | Aug | Sep | Oct | Nov | Dec 
2015: Jan | Feb | Mar | Apr | May | Jun | Jul | Aug | Sep | Oct | Nov | Dec 
2014: Jan | Feb | Mar | Apr | May | Jun | Jul | Aug | Sep | Oct | Nov | Dec 
2013: Jan | Feb | Mar | Apr | May | Jun | Jul | Aug | Sep | Oct | Nov | Dec 
2012: Jan | Feb | Mar | Apr | May | Jun | Jul | Aug | Sep | Oct | Nov | Dec 
2011: Jan | Feb | Mar | Apr | May | Jun | Jul | Aug | Sep | Oct | Nov | Dec 
2010: Jan | Feb | Mar | Apr | May | Jun | Jul | Aug | Sep | Oct | Nov | Dec 
2009: Jan | Feb | Mar | Apr | May | Jun | Jul | Aug | Sep | Oct | Nov | Dec 
2008: Jan | Feb | Mar | Apr | May | Jun | Jul | Aug | Sep | Oct | Nov | Dec 

Report for 2016 07
MONTHLY CLIMATOLOGICAL SUMMARY FOR 7/2016 HEAT COOL MEAN DEG DEG WIND SPEED DOM MEAN MEAN DAY TEMP HIGH TIME LOW TIME DAYS DAYS RAIN AVG HI TIME DIR BAROM HUM --------------------------------------------------------------------------------------- 1 78.1 91.4 1:59pm 69.6 5:35am 0 13 0.00 2 18 11:23pm E 29.80 35 2 77.7 88.5 1:24pm 70.3 7:15am 0 13 0.00 2 19 6:07am ESE 29.86 41 3 75.8 87.4 2:25pm 68.4 7:22am 0 11 0.00 3 20 6:57am ESE 29.94 35 4 74.1 85.7 2:16pm 66.2 6:47am 0 9 0.00 3 22 2:56am ESE 29.93 38 5 71.9 83.8 2:03pm 64.1 6:56am 0 7 0.00 2 19 1:26pm ESE 29.90 45 6 70.4 81.1 1:49pm 62.3 7:06am 0 6 0.00 2 18 12:33am ESE 29.89 48 7 70.1 81.1 2:08pm 61.6 6:48am 1 6 0.00 2 16 3:42pm ESE 29.91 49 8 70.8 81.8 2:25pm 62.1 6:40am 0 6 0.00 2 17 3:12pm ESE 29.94 50 9 67.6 79.6 1:41pm 60.0 11:56pm 1 4 0.00 4 23 5:49pm S 30.00 59 10 62.1 72.5 2:13pm 51.4 7:07am 5 2 0.00 2 16 3:18am SE 30.01 55 11 66.8 79.6 2:39pm 56.3 5:45am 3 5 0.00 1 14 2:27pm E 29.93 40 12 70.1 82.2 2:58pm 60.5 6:05am 1 6 0.00 2 19 10:03am ESE 29.91 40 13 73.2 86.3 4:17pm 61.7 7:20am 1 9 0.00 1 12 3:12am E 29.96 38 14 76.7 89.7 3:07pm 66.1 6:49am 0 12 0.00 2 15 4:02am E 29.94 37 15 77.4 88.7 4:22pm 68.8 6:05am 0 12 0.00 2 16 3:30am ESE 29.87 34 16 75.3 87.2 1:48pm 67.8 7:11am 0 10 0.00 3 22 1:04pm ESE 29.81 36 17 72.8 84.5 1:53pm 64.0 7:22am 0 8 0.00 4 25 2:21pm ESE 29.84 39 18 68.5 79.7 3:04pm 60.2 6:55am 1 5 0.00 3 22 2:44pm SE 29.98 40 19 68.4 80.9 2:15pm 58.6 6:03am 2 5 0.00 2 18 2:12pm ESE 30.03 43 20 71.1 83.2 1:38pm 61.7 3:24am 1 7 0.00 2 15 12:42am ESE 30.01 42 21 72.9 85.6 2:18pm 64.6 6:20am 0 8 0.00 3 18 2:44am ESE 30.02 39 22 73.5 86.3 2:45pm 64.1 6:36am 0 9 0.00 2 18 4:10am ESE 30.05 34 23 76.0 90.0 1:34pm 63.6 6:22am 0 11 0.00 1 13 1:07am E 29.92 27 24 78.6 91.7 2:48pm 68.5 5:35am 0 14 0.00 1 15 3:07pm ESE 29.84 31 25 79.4 91.9 1:17pm 71.1 6:22am 0 14 0.00 3 20 4:37am ESE 29.88 33 26 80.4 93.8 1:32pm 70.8 5:44am 0 15 0.00 2 15 12:59am E 29.87 33 27 82.3 96.7 2:16pm 72.9 5:43am 0 17 0.00 2 19 6:40am ESE 29.86 30 28 83.1 94.9 3:12pm 75.9 7:34am 0 18 0.00 2 18 5:06am ESE 29.83 32 29 84.0 96.7 3:22pm 75.7 6:53am 0 19 0.00 2 16 1:34am ESE 29.78 33 30 82.6 95.2 1:54pm 74.8 10:29pm 0 18 0.00 2 18 2:01am ESE 29.75 31 31 77.6 87.5 1:27pm 70.2 11:58pm 0 13 0.00 2 14 12:00am ESE 29.81 35 --------------------------------------------------------------------------------------- TOT 74.5 96.7 7/27/16 51.4 7/10/16 16 310 0.00 2 25 7/17/16 ESE 29.91 39 HEAT BASE: 65.0 COOL BASE: 65.0
powered by Cumulus v1.9.3 (1059)
Ambient Weather VWS v14.00
Top Contact Website Map Copyright © 2007 - noaa Foresthillweather.com Never base important decisions on this or any weather information obtained from the Internet