NOAA-reports For Foresthill Weather.com
2018: Jan | Feb | Mar | Apr | May | Jun | Jul | Aug | Sep | Oct | Nov | Dec 
2017: Jan | Feb | Mar | Apr | May | Jun | Jul | Aug | Sep | Oct | Nov | Dec 
2016: Jan | Feb | Mar | Apr | May | Jun | Jul | Aug | Sep | Oct | Nov | Dec 
2015: Jan | Feb | Mar | Apr | May | Jun | Jul | Aug | Sep | Oct | Nov | Dec 
2014: Jan | Feb | Mar | Apr | May | Jun | Jul | Aug | Sep | Oct | Nov | Dec 
2013: Jan | Feb | Mar | Apr | May | Jun | Jul | Aug | Sep | Oct | Nov | Dec 
2012: Jan | Feb | Mar | Apr | May | Jun | Jul | Aug | Sep | Oct | Nov | Dec 
2011: Jan | Feb | Mar | Apr | May | Jun | Jul | Aug | Sep | Oct | Nov | Dec 
2010: Jan | Feb | Mar | Apr | May | Jun | Jul | Aug | Sep | Oct | Nov | Dec 
2009: Jan | Feb | Mar | Apr | May | Jun | Jul | Aug | Sep | Oct | Nov | Dec 
2008: Jan | Feb | Mar | Apr | May | Jun | Jul | Aug | Sep | Oct | Nov | Dec 

Report for 2016 08
MONTHLY CLIMATOLOGICAL SUMMARY FOR 8/2016 HEAT COOL MEAN DEG DEG WIND SPEED DOM MEAN MEAN DAY TEMP HIGH TIME LOW TIME DAYS DAYS RAIN AVG HI TIME DIR BAROM HUM --------------------------------------------------------------------------------------- 1 76.3 89.8 2:24pm 67.8 3:28am 0 11 0.00 2 16 6:59am ESE 29.89 37 2 77.5 90.9 2:58pm 68.4 7:31am 0 12 0.00 2 21 3:14am ESE 29.93 33 3 78.1 92.1 3:11pm 69.3 5:45am 0 13 0.00 2 18 6:38am ESE 29.90 34 4 76.0 89.9 2:44pm 67.6 7:28am 0 11 0.00 2 19 6:01am ESE 29.82 33 5 71.8 84.8 2:25pm 64.5 6:52am 0 7 0.00 2 17 2:53pm ESE 29.82 33 6 72.2 84.6 1:22pm 64.2 6:58am 0 7 0.00 3 21 7:19am E 29.82 31 7 71.6 83.2 2:48pm 62.9 6:44am 0 7 0.00 2 18 5:28am ESE 29.83 37 8 72.5 84.3 1:34pm 63.5 6:43am 0 8 0.00 2 16 3:45am ESE 29.80 32 9 72.8 85.2 2:19pm 63.8 7:20am 0 8 0.00 2 20 1:30am ESE 29.79 32 10 73.0 82.7 2:43pm 64.7 6:32am 0 8 0.00 2 16 7:49am ESE 29.84 38 11 73.6 85.6 1:40pm 64.2 7:10am 0 9 0.00 1 12 1:15pm ESE 29.94 42 12 76.0 88.9 1:25pm 66.4 6:35am 0 11 0.00 1 13 2:34pm E 29.98 41 13 78.7 92.7 2:05pm 68.6 7:24am 0 14 0.00 1 15 11:40pm E 29.93 37 14 80.3 93.1 1:14pm 72.1 5:54am 0 15 0.00 2 20 4:48am ESE 29.86 31 15 78.7 89.3 1:53pm 71.5 4:49am 0 14 0.00 2 18 3:40am E 29.86 35 16 78.0 89.5 3:08pm 69.4 6:48am 0 13 0.00 1 12 2:02pm ESE 29.84 38 17 78.3 91.3 3:06pm 69.4 5:55am 0 13 0.00 1 18 11:49pm E 29.80 38 18 78.7 91.3 1:56pm 72.2 6:49am 0 14 0.00 2 18 1:24am ESE 29.80 39 19 78.6 88.9 1:46pm 71.4 7:35am 0 14 0.00 1 16 11:15pm ESE 29.84 41 20 78.8 89.0 1:53pm 71.7 7:25am 0 14 0.00 2 20 7:19am ESE 29.85 38 21 76.7 87.3 2:23pm 70.0 11:36pm 0 12 0.00 2 18 3:49am ESE 29.83 42 22 75.6 86.6 2:37pm 69.4 5:46am 0 11 0.00 3 20 2:14am ESE 29.86 44 23 75.1 87.8 2:17pm 67.6 7:37am 0 10 0.00 3 18 2:29am ESE 29.97 39 24 74.1 87.4 2:18pm 64.9 6:32am 0 9 0.00 3 19 11:59pm ESE 29.99 28 25 74.9 90.3 1:59pm 66.7 6:55am 0 10 0.00 2 19 12:00am ESE 29.87 28 26 73.8 84.5 3:01pm 67.2 6:43am 0 9 0.00 2 17 3:00am ESE 29.85 33 27 71.2 81.6 3:01pm 64.0 1:41am 0 6 0.00 1 13 4:14am E 29.92 41 28 73.0 85.5 2:15pm 64.6 12:29am 0 8 0.00 2 20 2:31am ESE 30.02 39 29 74.6 87.2 2:15pm 67.2 7:41am 0 10 0.00 2 21 4:43am ESE 30.00 35 30 74.8 87.4 1:47pm 66.3 7:34am 0 10 0.00 1 19 1:33am ESE 29.91 33 31 72.3 84.8 2:13pm 65.2 6:39am 0 7 0.00 1 17 3:18pm ESE 29.87 38 --------------------------------------------------------------------------------------- TOT 75.4 93.1 8/14/16 62.9 8/7/16 1 323 0.00 2 21 8/2/16 ESE 29.88 36 HEAT BASE: 65.0 COOL BASE: 65.0
powered by Cumulus v1.9.3 (1059)
Ambient Weather VWS v14.00
Top Contact Website Map Copyright © 2007 - noaa Foresthillweather.com Never base important decisions on this or any weather information obtained from the Internet