NOAA-reports For Foresthill Weather.com
2018: Jan | Feb | Mar | Apr | May | Jun | Jul | Aug | Sep | Oct | Nov | Dec 
2017: Jan | Feb | Mar | Apr | May | Jun | Jul | Aug | Sep | Oct | Nov | Dec 
2016: Jan | Feb | Mar | Apr | May | Jun | Jul | Aug | Sep | Oct | Nov | Dec 
2015: Jan | Feb | Mar | Apr | May | Jun | Jul | Aug | Sep | Oct | Nov | Dec 
2014: Jan | Feb | Mar | Apr | May | Jun | Jul | Aug | Sep | Oct | Nov | Dec 
2013: Jan | Feb | Mar | Apr | May | Jun | Jul | Aug | Sep | Oct | Nov | Dec 
2012: Jan | Feb | Mar | Apr | May | Jun | Jul | Aug | Sep | Oct | Nov | Dec 
2011: Jan | Feb | Mar | Apr | May | Jun | Jul | Aug | Sep | Oct | Nov | Dec 
2010: Jan | Feb | Mar | Apr | May | Jun | Jul | Aug | Sep | Oct | Nov | Dec 
2009: Jan | Feb | Mar | Apr | May | Jun | Jul | Aug | Sep | Oct | Nov | Dec 
2008: Jan | Feb | Mar | Apr | May | Jun | Jul | Aug | Sep | Oct | Nov | Dec 

Report for 2017 01
MONTHLY CLIMATOLOGICAL SUMMARY FOR 1/2017 HEAT COOL MEAN DEG DEG WIND SPEED DOM MEAN MEAN DAY TEMP HIGH TIME LOW TIME DAYS DAYS RAIN AVG HI TIME DIR BAROM HUM --------------------------------------------------------------------------------------- 1 35.8 36.8 2:15pm 33.4 11:49pm 29 0 0.07 5 26 5:42pm S 29.96 94 2 33.0 34.7 11:59pm 31.3 9:10am 32 0 0.69 6 26 5:08pm S 30.07 95 3 36.9 44.1 11:59pm 33.1 3:57am 28 0 1.44 11 43 9:57pm SSE 30.11 96 4 43.6 45.3 10:58am 41.3 8:15pm 21 0 2.54 6 36 12:14am SSW 29.98 97 5 36.4 41.6 12:00am 31.3 10:08pm 29 0 0.05 1 20 11:29pm E 30.04 95 6 35.3 41.1 2:20pm 30.3 7:05am 30 0 0.00 2 22 2:02am E 30.17 83 7 44.9 50.8 11:56pm 36.7 4:43am 20 0 1.02 9 33 1:06pm SSE 30.08 95 8 51.7 53.5 9:16am 49.4 11:56pm 13 0 3.22 14 44 10:08am S 29.93 97 9 43.5 49.4 12:00am 41.5 11:15am 22 0 1.00 8 30 12:21am S 30.02 96 10 43.6 46.8 8:58pm 40.4 1:21pm 21 0 3.50 12 48 8:16pm S 29.90 96 11 40.4 44.0 12:00am 35.9 11:58pm 25 0 0.70 6 37 12:34am SSW 29.89 97 12 36.3 38.5 3:37pm 33.6 11:09pm 29 0 0.14 0 12 1:14am ESE 29.98 96 13 38.6 47.5 2:17pm 32.3 4:14am 26 0 0.00 3 22 11:42pm E 30.21 87 14 39.8 46.6 3:07pm 35.2 7:15am 25 0 0.00 0 16 12:01am E 30.24 84 15 36.6 43.3 2:41pm 33.2 7:53am 28 0 0.01 0 9 7:20am E 30.18 92 16 39.7 45.6 1:05pm 35.3 12:00am 25 0 0.00 1 13 7:18pm SE 30.19 81 17 42.8 52.4 2:05pm 37.1 2:58am 22 0 0.00 2 24 11:33pm ESE 30.19 73 18 41.7 45.1 11:01am 37.0 2:56pm 23 0 1.02 10 37 11:53am SE 29.99 87 19 39.0 41.2 12:00am 36.8 9:15am 26 0 1.40 6 29 12:04am SSE 29.87 95 20 37.2 38.5 3:16pm 34.1 6:12am 28 0 0.81 9 32 6:51am S 29.45 95 21 37.1 39.3 2:24pm 35.8 4:57am 28 0 0.68 8 24 4:19am S 29.83 96 22 38.0 42.3 1:13pm 33.0 7:42pm 27 0 1.18 7 41 3:01am S 29.76 96 23 33.4 35.6 3:04pm 32.7 8:36pm 32 0 0.48 0 11 1:55pm SE 29.89 96 24 33.7 37.4 4:33pm 31.1 8:32am 31 0 0.00 1 16 11:15pm NNW 30.15 95 25 34.2 39.8 3:15pm 30.0 7:27am 31 0 0.00 2 16 1:40am ESE 30.39 88 26 37.0 45.4 2:07pm 31.5 7:44am 28 0 0.00 0 14 12:47am ESE 30.50 81 27 38.9 49.5 2:22pm 32.5 12:03am 26 0 0.00 2 22 2:07am E 30.62 72 28 29 48.0 57.9 2:01pm 40.7 8:04am 14 0 0.00 1 15 5:27am ESE 30.46 63 30 49.3 59.6 2:14pm 43.4 5:13am 16 0 0.00 1 18 5:05am ESE 30.29 60 31 49.4 60.2 12:29pm 43.2 7:28am 16 0 0.00 3 21 1:17am ESE 30.16 55 --------------------------------------------------------------------------------------- TOT 39.9 60.2 1/31/17 30.0 1/25/17 752 0 19.95 4 48 1/10/17 S 30.10 88 HEAT BASE: 65.0 COOL BASE: 65.0
powered by Cumulus v1.9.3 (1059)
Ambient Weather VWS v14.00
Top Contact Website Map Copyright © 2007 - noaa Foresthillweather.com Never base important decisions on this or any weather information obtained from the Internet