NOAA-reports For Foresthill Weather.com
2018: Jan | Feb | Mar | Apr | May | Jun | Jul | Aug | Sep | Oct | Nov | Dec 
2017: Jan | Feb | Mar | Apr | May | Jun | Jul | Aug | Sep | Oct | Nov | Dec 
2016: Jan | Feb | Mar | Apr | May | Jun | Jul | Aug | Sep | Oct | Nov | Dec 
2015: Jan | Feb | Mar | Apr | May | Jun | Jul | Aug | Sep | Oct | Nov | Dec 
2014: Jan | Feb | Mar | Apr | May | Jun | Jul | Aug | Sep | Oct | Nov | Dec 
2013: Jan | Feb | Mar | Apr | May | Jun | Jul | Aug | Sep | Oct | Nov | Dec 
2012: Jan | Feb | Mar | Apr | May | Jun | Jul | Aug | Sep | Oct | Nov | Dec 
2011: Jan | Feb | Mar | Apr | May | Jun | Jul | Aug | Sep | Oct | Nov | Dec 
2010: Jan | Feb | Mar | Apr | May | Jun | Jul | Aug | Sep | Oct | Nov | Dec 
2009: Jan | Feb | Mar | Apr | May | Jun | Jul | Aug | Sep | Oct | Nov | Dec 
2008: Jan | Feb | Mar | Apr | May | Jun | Jul | Aug | Sep | Oct | Nov | Dec 

Report for 2017 02
MONTHLY CLIMATOLOGICAL SUMMARY FOR 2/2017 HEAT COOL MEAN DEG DEG WIND SPEED DOM MEAN MEAN DAY TEMP HIGH TIME LOW TIME DAYS DAYS RAIN AVG HI TIME DIR BAROM HUM --------------------------------------------------------------------------------------- 1 48.4 55.0 1:09pm 42.3 7:37am 17 0 0.00 4 25 9:00pm ESE 30.04 58 2 47.0 50.9 12:57am 41.6 5:45am 18 0 0.61 5 34 3:04am SSE 30.04 88 3 47.3 48.9 3:33am 46.0 11:27pm 18 0 2.19 9 34 7:57am S 29.96 94 4 46.3 48.0 2:55pm 44.4 10:38pm 19 0 0.21 4 21 10:34am S 30.14 95 5 44.8 49.4 12:30pm 41.1 7:13am 20 0 0.58 6 39 5:58pm S 29.94 92 6 45.6 47.2 12:11pm 43.0 11:54pm 19 0 2.78 11 34 10:32am S 29.88 95 7 49.9 52.0 12:06pm 42.8 12:16am 15 0 1.32 10 43 3:45am S 29.95 96 8 54.0 55.1 5:38pm 51.9 12:00am 11 0 2.26 6 26 7:29am S 30.11 99 9 51.4 54.5 12:00am 48.7 11:57pm 14 0 1.73 8 39 10:42am SSE 29.97 98 10 46.6 48.7 12:00am 42.7 11:08pm 18 0 0.84 1 16 3:32am WSW 30.04 97 11 44.7 53.9 2:18pm 37.2 7:28am 20 0 0.02 2 26 4:53pm E 30.21 81 12 47.2 55.9 2:44pm 41.4 8:05am 18 0 0.00 3 30 3:14am E 30.24 67 13 46.6 54.2 2:17pm 40.3 7:50am 18 0 0.00 1 16 2:11am ESE 30.20 75 14 50.0 60.3 2:15pm 42.3 7:15am 15 0 0.00 1 18 11:34pm E 30.18 66 15 52.0 57.8 3:53pm 45.5 7:12am 13 0 0.00 3 22 9:44pm SSE 30.13 62 16 48.7 57.0 3:29am 44.4 8:27am 16 0 0.62 7 41 4:15am S 29.91 82 17 44.7 45.8 12:02am 42.3 9:19am 20 0 1.08 5 37 2:36pm SE 29.46 93 18 44.9 47.5 1:16pm 40.3 11:56pm 20 0 0.26 6 26 12:12am SSE 29.59 93 19 41.4 45.6 11:13pm 37.4 4:11am 24 0 0.14 6 29 10:13pm SSE 29.91 93 20 46.6 48.3 8:49pm 44.7 6:07pm 18 0 4.08 10 43 7:55pm S 29.99 94 21 42.9 46.9 12:07am 40.1 10:29pm 22 0 1.22 6 38 12:46am SW 30.19 94 22 37.5 42.1 3:11pm 32.0 8:18pm 28 0 0.02 2 19 1:11am WSW 30.23 91 23 32.3 37.3 1:54pm 29.3 6:55am 33 0 0.08 0 14 2:40pm WNW 30.24 92 24 33.0 40.9 1:59pm 27.6 5:35am 32 0 0.00 3 21 5:58am ESE 30.31 81 25 37.3 45.0 3:54pm 31.9 12:24am 28 0 0.00 2 15 11:17pm SE 30.19 82 26 38.1 45.5 1:49pm 32.2 7:12am 27 0 0.00 6 20 6:52pm ESE 29.99 78 27 35.6 43.0 2:46pm 31.9 10:15pm 29 0 0.01 1 13 12:00am SSW 29.99 86 28 37.2 46.6 1:41pm 30.0 6:44am 28 0 0.00 1 13 12:00am ESE 30.26 73 --------------------------------------------------------------------------------------- TOT 44.4 60.3 2/14/17 27.6 2/24/17 578 0 20.07 5 43 2/7/17 S 30.05 86 HEAT BASE: 65.0 COOL BASE: 65.0
powered by Cumulus v1.9.3 (1059)
Ambient Weather VWS v14.00
Top Contact Website Map Copyright © 2007 - noaa Foresthillweather.com Never base important decisions on this or any weather information obtained from the Internet