NOAA-reports For Foresthill Weather.com
2018: Jan | Feb | Mar | Apr | May | Jun | Jul | Aug | Sep | Oct | Nov | Dec 
2017: Jan | Feb | Mar | Apr | May | Jun | Jul | Aug | Sep | Oct | Nov | Dec 
2016: Jan | Feb | Mar | Apr | May | Jun | Jul | Aug | Sep | Oct | Nov | Dec 
2015: Jan | Feb | Mar | Apr | May | Jun | Jul | Aug | Sep | Oct | Nov | Dec 
2014: Jan | Feb | Mar | Apr | May | Jun | Jul | Aug | Sep | Oct | Nov | Dec 
2013: Jan | Feb | Mar | Apr | May | Jun | Jul | Aug | Sep | Oct | Nov | Dec 
2012: Jan | Feb | Mar | Apr | May | Jun | Jul | Aug | Sep | Oct | Nov | Dec 
2011: Jan | Feb | Mar | Apr | May | Jun | Jul | Aug | Sep | Oct | Nov | Dec 
2010: Jan | Feb | Mar | Apr | May | Jun | Jul | Aug | Sep | Oct | Nov | Dec 
2009: Jan | Feb | Mar | Apr | May | Jun | Jul | Aug | Sep | Oct | Nov | Dec 
2008: Jan | Feb | Mar | Apr | May | Jun | Jul | Aug | Sep | Oct | Nov | Dec 

Report for 2017 06
MONTHLY CLIMATOLOGICAL SUMMARY FOR 6/2017 HEAT COOL MEAN DEG DEG WIND SPEED DOM MEAN MEAN DAY TEMP HIGH TIME LOW TIME DAYS DAYS RAIN AVG HI TIME DIR BAROM HUM --------------------------------------------------------------------------------------- 1 62.8 72.1 3:08pm 54.4 6:20am 4 2 0.00 1 14 5:36am ESE 29.93 74 2 66.3 77.6 4:34pm 55.8 6:02am 3 4 0.00 1 11 5:08am E 29.93 62 3 69.2 78.9 4:36pm 62.5 6:03am 1 5 0.00 3 18 4:03am ESE 29.88 54 4 68.5 78.8 1:44pm 60.5 6:08am 1 5 0.00 4 18 5:54am ESE 29.87 46 5 68.3 80.9 3:09pm 58.0 6:16am 2 5 0.00 1 20 1:08am ESE 29.88 38 6 70.0 80.9 1:41pm 60.6 6:47am 1 6 0.00 2 17 7:45am ESE 29.88 40 7 67.5 77.0 2:29pm 60.8 6:29am 1 4 0.00 4 16 1:40am ESE 29.85 44 8 54.4 61.0 12:00am 48.1 8:43am 11 0 0.33 2 20 12:45pm SE 29.98 76 9 55.9 60.3 5:49pm 50.3 11:58pm 9 0 0.00 1 16 2:12pm S 29.95 86 10 53.4 61.8 3:07pm 45.6 6:28am 12 0 0.00 2 19 3:24pm S 29.92 72 11 46.6 54.0 2:19pm 42.2 9:21pm 18 0 0.05 3 23 8:06pm S 29.92 81 12 48.1 54.9 6:20pm 42.5 3:13am 17 0 0.01 2 16 6:24am SE 30.13 82 13 57.8 70.2 5:13pm 44.8 5:08am 8 1 0.00 1 12 1:22pm NNW 30.08 69 14 65.0 76.8 2:26pm 53.2 6:33am 4 4 0.00 1 13 11:22pm ESE 29.98 61 15 69.4 81.1 2:49pm 59.2 6:51am 2 6 0.00 2 16 3:04am E 30.00 51 16 74.7 87.7 2:02pm 62.6 5:33am 0 10 0.00 1 15 7:05pm NNW 29.94 54 17 76.9 87.1 2:40pm 67.8 7:01am 0 12 0.00 1 13 2:23pm E 29.86 56 18 82.2 91.9 1:48pm 73.3 1:51am 0 17 0.00 2 22 5:58am E 29.76 50 19 82.7 93.7 1:58pm 73.6 9:12am 0 18 0.00 1 19 5:48am E 29.76 52 20 82.5 93.3 3:30pm 74.3 7:26am 0 17 0.00 2 19 3:40am E 29.78 50 21 82.0 92.5 3:12pm 72.6 7:10am 0 17 0.00 2 15 12:18am E 29.71 52 22 82.9 94.2 2:27pm 74.2 6:10am 0 18 0.00 1 23 6:27am E 29.70 47 23 82.3 94.1 2:27pm 74.9 5:58am 0 17 0.00 2 18 7:15am ESE 29.81 45 24 81.4 90.4 12:58pm 73.5 7:19am 0 16 0.00 1 14 11:07pm E 29.84 52 25 78.9 88.8 1:51pm 70.6 11:58pm 0 14 0.00 2 18 3:24am ESE 29.88 46 26 72.8 83.4 1:16pm 65.1 6:51am 0 8 0.00 2 15 11:23pm SE 29.92 54 27 71.3 82.7 2:16pm 63.8 7:12am 0 6 0.00 3 16 1:17am ESE 29.88 49 28 71.6 83.0 3:06pm 62.8 6:48am 0 7 0.00 3 18 5:48am ESE 29.86 49 29 73.0 83.4 1:44pm 64.0 5:26am 0 8 0.00 2 16 5:31am E 29.90 49 30 73.9 84.7 1:42pm 64.6 6:37am 0 9 0.00 1 11 1:13pm W 29.87 57 --------------------------------------------------------------------------------------- TOT 69.8 94.2 6/22/17 42.2 6/11/17 94 236 0.39 2 23 6/11/17 ESE 29.89 57 HEAT BASE: 65.0 COOL BASE: 65.0
powered by Cumulus v1.9.3 (1059)
Ambient Weather VWS v14.00
Top Contact Website Map Copyright © 2007 - noaa Foresthillweather.com Never base important decisions on this or any weather information obtained from the Internet