NOAA-reports For Foresthill Weather.com
2018: Jan | Feb | Mar | Apr | May | Jun | Jul | Aug | Sep | Oct | Nov | Dec 
2017: Jan | Feb | Mar | Apr | May | Jun | Jul | Aug | Sep | Oct | Nov | Dec 
2016: Jan | Feb | Mar | Apr | May | Jun | Jul | Aug | Sep | Oct | Nov | Dec 
2015: Jan | Feb | Mar | Apr | May | Jun | Jul | Aug | Sep | Oct | Nov | Dec 
2014: Jan | Feb | Mar | Apr | May | Jun | Jul | Aug | Sep | Oct | Nov | Dec 
2013: Jan | Feb | Mar | Apr | May | Jun | Jul | Aug | Sep | Oct | Nov | Dec 
2012: Jan | Feb | Mar | Apr | May | Jun | Jul | Aug | Sep | Oct | Nov | Dec 
2011: Jan | Feb | Mar | Apr | May | Jun | Jul | Aug | Sep | Oct | Nov | Dec 
2010: Jan | Feb | Mar | Apr | May | Jun | Jul | Aug | Sep | Oct | Nov | Dec 
2009: Jan | Feb | Mar | Apr | May | Jun | Jul | Aug | Sep | Oct | Nov | Dec 
2008: Jan | Feb | Mar | Apr | May | Jun | Jul | Aug | Sep | Oct | Nov | Dec 

Report for 2017 08
MONTHLY CLIMATOLOGICAL SUMMARY FOR 8/2017 HEAT COOL MEAN DEG DEG WIND SPEED DOM MEAN MEAN DAY TEMP HIGH TIME LOW TIME DAYS DAYS RAIN AVG HI TIME DIR BAROM HUM --------------------------------------------------------------------------------------- 1 81.9 94.9 1:33pm 72.6 6:10am 0 17 0.00 1 14 11:51pm E 29.86 48 2 83.8 94.7 1:35pm 76.2 7:25am 0 19 0.00 2 16 1:28am ESE 29.86 42 3 82.8 93.1 2:30pm 77.0 6:53am 0 18 0.00 3 22 9:41pm ESE 29.89 38 4 79.9 89.7 2:10pm 73.5 6:42am 0 15 0.00 2 19 2:11am ESE 29.88 42 5 75.9 80.9 2:41pm 71.7 11:55pm 0 11 0.00 2 18 3:56am ESE 29.85 55 6 75.9 89.4 2:27pm 68.5 7:54am 0 11 0.00 3 18 1:23am ESE 29.85 47 7 75.0 85.9 2:15pm 66.5 6:34am 0 10 0.00 2 16 1:51am ESE 29.88 48 8 75.7 86.2 1:11pm 68.1 6:48am 0 11 0.00 2 13 3:35am ESE 29.88 50 9 75.7 87.2 1:30pm 68.6 2:05am 0 11 0.00 2 16 4:15am ESE 29.88 49 10 75.8 87.3 1:17pm 68.0 7:06am 0 11 0.00 2 15 1:25am ESE 29.89 48 11 76.3 88.2 2:22pm 67.3 7:28am 0 11 0.00 2 18 2:06am ESE 29.88 44 12 76.9 88.0 1:18pm 68.9 6:30am 0 12 0.00 3 17 2:38am ESE 29.86 44 13 76.6 88.1 12:49pm 68.9 7:30am 0 12 0.00 3 20 5:53am ESE 29.84 39 14 70.3 80.6 2:15pm 63.4 11:26pm 0 5 0.00 3 21 1:45pm SE 29.78 55 15 68.2 77.8 2:13pm 61.4 6:04am 1 4 0.00 1 11 2:00pm WSW 29.81 65 16 69.5 80.0 3:27pm 61.8 6:49am 1 5 0.00 1 12 2:08pm SW 29.90 66 17 73.4 85.0 3:10pm 64.6 7:40am 0 8 0.00 1 10 3:05pm W 29.95 63 18 76.2 87.2 3:10pm 67.8 6:50am 0 11 0.00 1 12 11:57pm W 29.92 56 19 77.6 88.9 2:30pm 69.7 7:13am 0 13 0.00 1 13 12:30am E 29.83 51 20 76.3 86.7 2:21pm 69.9 3:56am 0 11 0.00 1 15 3:12am ESE 29.81 50 21 73.7 83.8 1:05pm 67.4 4:21am 0 9 0.00 1 18 10:28pm ESE 29.91 58 22 76.2 85.7 2:36pm 69.4 8:04am 0 11 0.00 1 23 4:48am E 29.96 53 23 78.0 89.5 2:07pm 70.1 7:04am 0 13 0.00 2 18 12:33am ESE 29.89 47 24 76.4 87.9 2:09pm 69.0 6:50am 0 11 0.00 3 15 2:06am E 29.81 40 25 77.4 92.4 2:03pm 68.6 6:37am 0 12 0.00 3 16 11:54pm E 29.82 37 26 81.9 95.5 1:50pm 72.9 6:16am 0 17 0.00 3 19 1:40am E 29.92 32 27 83.9 96.5 1:05pm 74.2 6:36am 0 19 0.00 2 15 10:49am E 29.91 26 28 85.5 100.8 2:24pm 76.2 5:26am 0 21 0.00 3 18 5:48am E 29.84 27 29 85.0 97.5 1:47pm 77.3 11:54pm 0 20 0.00 3 21 5:15am ESE 29.79 30 30 80.8 94.6 2:02pm 72.9 7:03am 0 16 0.00 3 20 1:07pm ESE 29.80 34 31 79.8 95.8 2:20pm 69.8 7:25am 0 15 0.00 3 18 3:30am E 29.82 30 --------------------------------------------------------------------------------------- TOT 77.5 100.8 8/28/17 61.4 8/15/17 2 389 0.00 2 23 8/22/17 ESE 29.86 46 HEAT BASE: 65.0 COOL BASE: 65.0
powered by Cumulus v1.9.3 (1059)
Ambient Weather VWS v14.00
Top Contact Website Map Copyright © 2007 - noaa Foresthillweather.com Never base important decisions on this or any weather information obtained from the Internet