NOAA-reports For Foresthill Weather.com
2018: Jan | Feb | Mar | Apr | May | Jun | Jul | Aug | Sep | Oct | Nov | Dec 
2017: Jan | Feb | Mar | Apr | May | Jun | Jul | Aug | Sep | Oct | Nov | Dec 
2016: Jan | Feb | Mar | Apr | May | Jun | Jul | Aug | Sep | Oct | Nov | Dec 
2015: Jan | Feb | Mar | Apr | May | Jun | Jul | Aug | Sep | Oct | Nov | Dec 
2014: Jan | Feb | Mar | Apr | May | Jun | Jul | Aug | Sep | Oct | Nov | Dec 
2013: Jan | Feb | Mar | Apr | May | Jun | Jul | Aug | Sep | Oct | Nov | Dec 
2012: Jan | Feb | Mar | Apr | May | Jun | Jul | Aug | Sep | Oct | Nov | Dec 
2011: Jan | Feb | Mar | Apr | May | Jun | Jul | Aug | Sep | Oct | Nov | Dec 
2010: Jan | Feb | Mar | Apr | May | Jun | Jul | Aug | Sep | Oct | Nov | Dec 
2009: Jan | Feb | Mar | Apr | May | Jun | Jul | Aug | Sep | Oct | Nov | Dec 
2008: Jan | Feb | Mar | Apr | May | Jun | Jul | Aug | Sep | Oct | Nov | Dec 

Report for 2017 12
MONTHLY CLIMATOLOGICAL SUMMARY FOR 12/2017 HEAT COOL MEAN DEG DEG WIND SPEED DOM MEAN MEAN DAY TEMP HIGH TIME LOW TIME DAYS DAYS RAIN AVG HI TIME DIR BAROM HUM --------------------------------------------------------------------------------------- 1 46.9 54.8 2:06pm 42.2 7:21am 18 0 0.00 1 16 11:41pm ESE 30.13 72 2 47.0 53.6 12:19pm 42.4 3:00am 18 0 0.07 3 18 11:57pm ESE 30.08 68 3 39.3 43.7 12:00am 33.6 11:19pm 26 0 0.24 2 24 1:36am S 30.18 88 4 40.6 48.7 1:03pm 34.3 6:54am 24 0 0.00 3 37 10:22am E 30.26 48 5 48.3 61.3 1:48pm 39.0 1:47am 17 0 0.00 3 34 3:48am E 30.30 45 6 46.7 55.4 6:29pm 38.6 7:11am 18 0 0.00 1 32 6:14pm E 30.35 50 7 53.9 63.8 1:03pm 44.9 4:01am 11 0 0.00 2 32 6:27pm E 30.46 34 8 51.2 58.3 11:35am 45.8 3:39am 14 0 0.00 1 14 10:42pm E 30.44 45 9 52.4 60.4 1:32pm 47.1 4:35am 13 0 0.00 2 16 8:29am ESE 30.37 44 10 52.9 60.9 1:22pm 49.0 8:23am 12 0 0.00 2 22 7:19am ESE 30.32 38 11 52.1 60.7 2:11pm 46.7 7:53am 13 0 0.00 2 16 10:30pm E 30.35 39 12 50.7 58.0 1:27pm 45.7 7:44am 14 0 0.00 1 19 3:21am E 30.31 44 13 50.8 58.5 1:22pm 44.2 3:05am 14 0 0.00 1 18 6:47am ESE 30.18 43 14 55.2 62.1 1:37pm 50.4 11:29pm 10 0 0.00 1 15 6:20pm E 30.15 46 15 52.9 62.1 1:18pm 47.9 11:57pm 12 0 0.00 2 20 6:19am ESE 30.14 44 16 45.8 51.9 2:02pm 39.7 11:27pm 19 0 0.00 2 31 7:15pm NE 29.95 42 17 44.5 54.9 12:16pm 39.7 12:55am 20 0 0.00 1 20 6:59am E 30.10 53 18 45.1 53.9 2:46pm 40.4 2:05am 20 0 0.00 1 15 10:48pm E 30.27 61 19 46.7 54.5 1:36pm 42.2 4:34am 18 0 0.00 4 25 7:28pm ESE 30.21 54 20 37.0 42.2 12:00am 31.4 11:10pm 28 0 0.50 2 24 2:49am SSE 30.19 87 21 36.6 47.1 2:27pm 29.9 6:51am 28 0 0.00 1 24 12:38am E 30.32 62 22 39.1 46.3 1:20pm 32.8 1:45am 26 0 0.00 1 20 5:57am ESE 30.40 64 23 45.6 53.4 1:43pm 41.0 3:57am 19 0 0.00 1 13 10:09pm ESE 30.32 57 24 47.4 51.1 1:28pm 44.3 6:35am 18 0 0.00 1 25 3:09pm ESE 30.23 51 25 48.7 55.6 12:41pm 43.1 6:54am 16 0 0.00 0 15 9:17am ESE 30.22 58 26 46.6 54.2 1:38pm 42.7 5:50am 18 0 0.00 1 14 7:06am E 30.25 69 27 46.8 55.5 2:18pm 42.3 7:15am 18 0 0.00 2 19 2:38am ESE 30.32 60 28 50.0 56.9 12:26pm 43.9 3:02am 15 0 0.00 3 19 11:15pm E 30.29 45 29 53.4 62.3 2:04pm 49.4 6:47am 12 0 0.00 3 19 1:41am ESE 30.23 41 30 51.9 58.9 1:50pm 48.4 4:57am 13 0 0.00 3 16 9:11am ESE 30.14 43 31 52.5 59.3 1:28pm 48.7 1:11am 12 0 0.00 3 20 8:07am ESE 30.13 45 --------------------------------------------------------------------------------------- TOT 47.7 63.8 12/7/17 29.9 12/21/17 536 0 0.82 2 37 12/4/17 ESE 30.24 53 HEAT BASE: 65.0 COOL BASE: 65.0
powered by Cumulus v1.9.3 (1059)
Ambient Weather VWS v14.00
Top Contact Website Map Copyright © 2007 - noaa Foresthillweather.com Never base important decisions on this or any weather information obtained from the Internet