NOAA-reports For Foresthill Weather.com
2019: Jan | Feb | Mar | Apr | May | Jun | Jul | Aug | Sep | Oct | Nov | Dec 
2018: Jan | Feb | Mar | Apr | May | Jun | Jul | Aug | Sep | Oct | Nov | Dec 
2017: Jan | Feb | Mar | Apr | May | Jun | Jul | Aug | Sep | Oct | Nov | Dec 
2016: Jan | Feb | Mar | Apr | May | Jun | Jul | Aug | Sep | Oct | Nov | Dec 
2015: Jan | Feb | Mar | Apr | May | Jun | Jul | Aug | Sep | Oct | Nov | Dec 
2014: Jan | Feb | Mar | Apr | May | Jun | Jul | Aug | Sep | Oct | Nov | Dec 
2013: Jan | Feb | Mar | Apr | May | Jun | Jul | Aug | Sep | Oct | Nov | Dec 
2012: Jan | Feb | Mar | Apr | May | Jun | Jul | Aug | Sep | Oct | Nov | Dec 
2011: Jan | Feb | Mar | Apr | May | Jun | Jul | Aug | Sep | Oct | Nov | Dec 
2010: Jan | Feb | Mar | Apr | May | Jun | Jul | Aug | Sep | Oct | Nov | Dec 
2009: Jan | Feb | Mar | Apr | May | Jun | Jul | Aug | Sep | Oct | Nov | Dec 
2008: Jan | Feb | Mar | Apr | May | Jun | Jul | Aug | Sep | Oct | Nov | Dec 

Report for 2018 03
MONTHLY CLIMATOLOGICAL SUMMARY FOR 3/2018 HEAT COOL MEAN DEG DEG WIND SPEED DOM MEAN MEAN DAY TEMP HIGH TIME LOW TIME DAYS DAYS RAIN AVG HI TIME DIR BAROM HUM --------------------------------------------------------------------------------------- 1 38.1 41.1 2:41pm 32.7 11:45pm 27 0 1.50 13 43 8:51am S 29.92 95 2 32.6 34.5 3:55pm 30.7 7:13am 32 0 0.56 2 25 12:00am SW 29.97 95 3 33.3 36.4 3:50pm 32.0 11:37pm 32 0 0.17 0 14 4:02pm SSE 30.09 96 4 34.0 40.0 2:17pm 31.4 7:50am 31 0 0.17 0 9 7:50am NNW 30.35 94 5 39.5 51.2 3:19pm 31.1 6:33am 26 0 0.00 2 23 5:42am ESE 30.34 71 6 46.7 60.2 1:42pm 36.9 4:32am 18 0 0.00 1 20 6:11am ESE 30.21 55 7 50.9 61.8 12:04pm 44.3 7:18am 14 0 0.00 2 18 3:53am ESE 30.09 52 8 48.8 59.3 1:50pm 41.9 5:28am 16 0 0.03 1 19 8:44am ESE 30.13 79 9 49.4 56.6 12:27pm 43.8 6:42am 16 0 0.00 0 13 12:11pm ESE 30.04 81 10 48.8 53.3 4:18pm 44.0 11:50pm 16 0 0.00 1 13 12:31am ESE 29.99 82 11 50.2 61.0 3:09pm 41.8 6:12am 14 0 0.00 1 12 3:26pm ESE 30.11 72 12 54.4 66.3 2:46pm 45.6 7:14am 11 0 0.10 4 20 9:18pm ESE 30.08 74 13 47.3 53.3 12:00am 36.2 10:23pm 18 0 2.54 7 35 12:10pm SSE 29.92 95 14 37.9 39.6 2:02pm 35.2 11:57pm 27 0 0.81 1 19 9:44am SE 30.02 96 15 35.3 38.0 11:28pm 32.5 7:03pm 30 0 1.01 4 26 12:37pm SSE 30.04 96 16 35.8 38.4 3:21am 33.2 12:01pm 29 0 1.06 3 32 2:20am SSW 29.94 97 17 35.2 42.8 3:11pm 31.9 11:55pm 30 0 0.19 3 20 2:41am S 30.08 94 18 37.7 48.6 2:47pm 29.6 7:28am 27 0 0.00 1 19 7:10am E 30.25 82 19 44.5 58.1 2:35pm 35.6 6:52am 20 0 0.00 2 21 9:03am E 30.19 69 20 45.7 49.5 11:15am 42.2 12:52am 19 0 0.10 1 21 5:22am ESE 30.04 78 21 50.2 53.4 4:00pm 45.3 12:00am 15 0 2.28 9 29 4:29pm SSE 29.89 97 22 48.0 51.9 12:00am 39.0 11:56pm 17 0 2.22 9 38 6:35am S 29.85 96 23 40.7 49.5 2:46pm 34.5 7:30am 24 0 0.00 4 18 1:50am SSE 30.19 80 24 37.1 39.8 12:52pm 33.4 11:14pm 28 0 0.79 3 18 5:24pm SSE 30.10 93 25 36.1 43.1 2:36pm 32.3 6:05am 29 0 0.09 0 12 12:09am SSE 30.19 89 26 42.5 55.9 4:34pm 31.4 6:14am 23 0 0.00 0 18 9:40am ENE 30.25 63 27 51.9 65.2 4:14pm 40.3 6:11am 13 0 0.00 1 11 4:06pm NW 30.26 51 28 57.3 69.1 2:57pm 46.9 7:33am 8 1 0.00 1 13 3:24pm ESE 30.17 56 29 60.4 72.1 1:03pm 51.7 2:05am 6 2 0.00 2 21 2:17am E 30.11 49 30 60.0 72.1 2:37pm 51.7 5:37am 6 1 0.00 1 15 5:41am E 30.10 51 31 60.0 73.4 2:11pm 52.4 7:20am 7 2 0.00 2 20 5:30am E 30.04 44 --------------------------------------------------------------------------------------- TOT 44.8 73.4 3/31/18 29.6 3/18/18 629 5 13.62 3 43 3/1/18 SSE 30.09 78 HEAT BASE: 65.0 COOL BASE: 65.0
powered by Cumulus v1.9.3 (1059)
Ambient Weather VWS v14.00
Top Contact Website Map Copyright © 2007 - noaa Foresthillweather.com Never base important decisions on this or any weather information obtained from the Internet