2024: Jan | Feb | Mar | Apr | May | Jun | Jul | Aug | Sep | Oct | Nov | Dec
2023: Jan | Feb | Mar | Apr | May | Jun | Jul | Aug | Sep | Oct | Nov | Dec
2022: Jan | Feb | Mar | Apr | May | Jun | Jul | Aug | Sep | Oct | Nov | Dec
2021: Jan | Feb | Mar | Apr | May | Jun | Jul | Aug | Sep | Oct | Nov | Dec
2020: Jan | Feb | Mar | Apr | May | Jun | Jul | Aug | Sep | Oct | Nov | Dec
2019: Jan | Feb | Mar | Apr | May | Jun | Jul | Aug | Sep | Oct | Nov | Dec
2018: Jan | Feb | Mar | Apr | May | Jun | Jul | Aug | Sep | Oct | Nov | Dec
2017: Jan | Feb | Mar | Apr | May | Jun | Jul | Aug | Sep | Oct | Nov | Dec
2016: Jan | Feb | Mar | Apr | May | Jun | Jul | Aug | Sep | Oct | Nov | Dec
2015: Jan | Feb | Mar | Apr | May | Jun | Jul | Aug | Sep | Oct | Nov | Dec
2014: Jan | Feb | Mar | Apr | May | Jun | Jul | Aug | Sep | Oct | Nov | Dec
2013: Jan | Feb | Mar | Apr | May | Jun | Jul | Aug | Sep | Oct | Nov | Dec
2012: Jan | Feb | Mar | Apr | May | Jun | Jul | Aug | Sep | Oct | Nov | Dec
2011: Jan | Feb | Mar | Apr | May | Jun | Jul | Aug | Sep | Oct | Nov | Dec
2010: Jan | Feb | Mar | Apr | May | Jun | Jul | Aug | Sep | Oct | Nov | Dec
2009: Jan | Feb | Mar | Apr | May | Jun | Jul | Aug | Sep | Oct | Nov | Dec
2008: Jan | Feb | Mar | Apr | May | Jun | Jul | Aug | Sep | Oct | Nov | Dec
Report for 2018 06
MONTHLY CLIMATOLOGICAL SUMMARY FOR 6/2018
HEAT COOL
MEAN DEG DEG WIND SPEED DOM MEAN MEAN
DAY TEMP HIGH TIME LOW TIME DAYS DAYS RAIN AVG HI TIME DIR BAROM HUM
---------------------------------------------------------------------------------------
1 59.9 73.5 6:00pm 46.3 5:51am 7 2 0.00 0 10 2:23pm WNW 30.07 53
2 70.1 82.3 3:05pm 58.2 4:28am 2 7 0.00 1 12 7:18am E 30.00 47
3 74.5 86.7 2:46pm 65.8 4:48am 0 9 0.00 2 18 6:51am E 29.89 45
4 72.1 83.4 2:53pm 62.0 11:58pm 0 7 0.00 2 20 12:16am S 29.83 39
5 66.7 76.5 3:15pm 59.3 4:58am 2 4 0.00 2 14 5:05am ESE 29.83 40
6 64.5 74.4 1:11pm 56.6 11:21pm 3 2 0.00 1 15 1:50am E 29.83 52
7 64.4 75.1 1:54pm 56.2 7:05am 3 3 0.00 2 14 12:37am ESE 29.94 57
8 66.3 76.3 2:08pm 56.3 7:01am 2 4 0.00 2 13 1:56am E 29.99 51
9 59.7 65.3 4:26pm 52.1 11:54pm 5 0 0.00 3 20 12:59pm S 29.98 59
10 58.7 69.1 4:28pm 48.2 6:17am 7 1 0.00 1 15 4:12am E 30.05 45
11 66.2 78.1 5:22pm 55.0 4:31am 3 5 0.00 1 12 5:01pm NW 29.93 45
12 72.5 85.7 1:47pm 61.3 4:35am 1 8 0.00 1 16 7:34am ESE 29.83 46
13 75.3 87.4 2:41pm 66.1 6:39am 0 10 0.00 2 18 6:30am E 29.77 43
14 72.7 84.2 2:00pm 64.2 6:45am 0 8 0.00 2 19 1:37am ESE 29.72 41
15 69.9 80.7 1:42pm 62.7 10:10pm 1 5 0.00 2 22 11:54am ESE 29.66 45
16 66.3 76.3 2:03pm 56.4 10:53pm 2 3 0.00 2 19 3:57pm SSW 29.64 50
17 57.5 66.7 6:05pm 47.8 5:45am 8 0 0.00 1 13 3:17pm SE 29.85 66
18 63.7 74.5 5:56pm 53.0 5:47am 4 3 0.00 2 17 2:23pm E 30.01 61
19 69.5 80.7 3:05pm 59.1 3:11am 2 6 0.00 1 10 2:32pm E 29.98 56
20 71.8 82.5 3:03pm 63.7 5:39am 0 7 0.00 2 21 11:29pm E 29.94 52
21 72.6 86.3 1:46pm 62.3 6:09am 0 8 0.00 2 15 5:05am ESE 29.94 38
22 74.6 87.2 4:23pm 62.5 5:56am 0 10 0.00 2 14 1:18am ESE 29.89 35
23 76.4 87.5 4:14pm 65.8 6:24am 0 11 0.00 1 11 12:00am E 29.76 41
24 78.8 91.4 2:17pm 70.7 10:39pm 0 14 0.00 2 23 7:22am E 29.76 38
25 74.6 83.8 2:12pm 68.5 6:16am 0 10 0.00 2 19 2:37am ESE 29.85 50
26 73.9 85.7 3:12pm 65.5 6:51am 0 9 0.00 2 19 5:40am ESE 29.88 40
27 72.4 84.3 2:14pm 63.7 6:41am 0 7 0.00 2 19 12:06pm E 29.86 38
28
29 75.3 82.1 3:47pm 59.8 5:33am 0 7 0.00 1 13 2:23pm ESE 29.86 43
30 77.7 87.8 4:06pm 67.7 4:05am 0 13 0.00 2 24 8:02am E 29.85 37
---------------------------------------------------------------------------------------
TOT 69.5 91.4 6/24/18 46.3 6/1/18 53 184 0.00 2 24 6/30/18 E 29.87 47
HEAT BASE: 65.0
COOL BASE: 65.0