2024: Jan | Feb | Mar | Apr | May | Jun | Jul | Aug | Sep | Oct | Nov | Dec
2023: Jan | Feb | Mar | Apr | May | Jun | Jul | Aug | Sep | Oct | Nov | Dec
2022: Jan | Feb | Mar | Apr | May | Jun | Jul | Aug | Sep | Oct | Nov | Dec
2021: Jan | Feb | Mar | Apr | May | Jun | Jul | Aug | Sep | Oct | Nov | Dec
2020: Jan | Feb | Mar | Apr | May | Jun | Jul | Aug | Sep | Oct | Nov | Dec
2019: Jan | Feb | Mar | Apr | May | Jun | Jul | Aug | Sep | Oct | Nov | Dec
2018: Jan | Feb | Mar | Apr | May | Jun | Jul | Aug | Sep | Oct | Nov | Dec
2017: Jan | Feb | Mar | Apr | May | Jun | Jul | Aug | Sep | Oct | Nov | Dec
2016: Jan | Feb | Mar | Apr | May | Jun | Jul | Aug | Sep | Oct | Nov | Dec
2015: Jan | Feb | Mar | Apr | May | Jun | Jul | Aug | Sep | Oct | Nov | Dec
2014: Jan | Feb | Mar | Apr | May | Jun | Jul | Aug | Sep | Oct | Nov | Dec
2013: Jan | Feb | Mar | Apr | May | Jun | Jul | Aug | Sep | Oct | Nov | Dec
2012: Jan | Feb | Mar | Apr | May | Jun | Jul | Aug | Sep | Oct | Nov | Dec
2011: Jan | Feb | Mar | Apr | May | Jun | Jul | Aug | Sep | Oct | Nov | Dec
2010: Jan | Feb | Mar | Apr | May | Jun | Jul | Aug | Sep | Oct | Nov | Dec
2009: Jan | Feb | Mar | Apr | May | Jun | Jul | Aug | Sep | Oct | Nov | Dec
2008: Jan | Feb | Mar | Apr | May | Jun | Jul | Aug | Sep | Oct | Nov | Dec
Report for 2020 05
MONTHLY CLIMATOLOGICAL SUMMARY FOR 5/2020
HEAT COOL
MEAN DEG DEG WIND SPEED DOM MEAN MEAN
DAY TEMP HIGH TIME LOW TIME DAYS DAYS RAIN AVG HI TIME DIR BAROM HUM
---------------------------------------------------------------------------------------
1 60.6 73.0 6:15pm 50.9 6:26am 6 2 0.00 1 16 2:07am ESE 30.03 53
2 57.4 66.3 12:37pm 49.8 6:12am 8 0 0.00 4 22 4:25am ESE 30.08 62
3 56.8 70.4 6:14pm 47.4 6:45am 9 1 0.00 1 15 2:16pm WSW 30.13 67
4 60.0 75.7 6:16pm 47.2 6:22am 7 2 0.00 2 20 3:44am E 30.16 37
5 62.6 75.7 2:15pm 51.0 6:15am 6 3 0.00 2 15 1:15pm ESE 30.10 38
6 62.6 77.2 4:31pm 49.1 6:49am 6 3 0.00 3 20 2:47am NNW 30.12 45
7 69.6 85.5 6:08pm 58.3 1:55am 2 6 0.00 2 21 7:08am E 29.96 33
8 71.7 88.2 1:55pm 61.4 6:51am 1 8 0.00 2 18 4:58am E 29.88 36
9 72.1 85.4 1:58pm 62.3 6:18am 0 8 0.00 2 16 12:28am ESE 29.87 35
10 68.1 79.4 1:48pm 57.9 11:43pm 1 5 0.00 3 20 7:05am E 29.84 39
11 57.7 67.3 12:15pm 50.4 11:56pm 7 0 0.07 3 18 12:00am SE 29.90 46
12 49.1 53.8 5:40pm 45.9 10:49am 16 0 0.21 2 20 2:26am S 29.98 90
13 50.3 58.6 3:25pm 44.0 6:01am 15 0 0.08 1 15 4:11pm SSW 30.07 81
14 51.3 58.4 2:04pm 44.6 6:10am 14 0 0.00 2 15 12:51am SSE 30.13 82
15 56.4 69.6 4:36pm 45.7 6:37am 9 1 0.00 1 12 2:54pm WNW 30.09 75
16 61.4 74.5 1:48pm 52.7 5:58am 5 2 0.00 4 20 4:13pm SSW 29.93 65
17 52.3 55.6 12:51am 47.8 11:55pm 13 0 0.93 3 25 2:00pm SSE 29.83 93
18 47.1 52.5 4:52pm 41.7 11:37pm 18 0 1.27 2 24 5:43am SSE 29.93 92
19 47.2 54.8 3:51pm 41.5 12:11am 18 0 0.01 2 19 6:27pm ESE 30.05 89
20 53.0 63.5 6:03pm 45.7 3:11am 12 0 0.01 1 16 1:49am ESE 30.14 81
21 58.6 72.2 5:59pm 46.1 5:36am 8 2 0.00 1 13 4:36pm E 30.03 66
22 58.0 67.2 4:17pm 50.5 6:56am 7 0 0.00 2 17 5:18am SE 29.89 60
23 61.5 74.6 4:38pm 50.3 12:34am 6 2 0.00 3 26 5:06am E 29.95 40
24 65.1 80.8 4:18pm 53.2 4:54am 4 4 0.00 1 14 6:12am ESE 29.96 51
25 71.9 87.8 4:35pm 59.8 6:30am 1 8 0.00 2 16 6:29am E 29.91 44
26 75.4 90.6 6:19pm 63.8 6:41am 0 10 0.00 2 16 12:00am ESE 29.88 49
27 77.9 93.2 6:14pm 67.4 6:09am 0 13 0.00 4 21 2:49am ESE 29.86 48
28 78.5 94.3 2:11pm 67.2 6:30am 0 14 0.00 4 22 2:00am ESE 29.85 39
29 73.7 86.9 5:00pm 57.4 11:59pm 0 9 0.00 3 24 3:10am E 29.78 50
30 55.3 66.6 2:25pm 49.5 4:43pm 10 0 0.43 1 26 4:11pm SSW 29.90 84
31 58.3 65.9 4:58pm 49.6 5:08am 7 0 0.00 1 18 5:33am E 29.98 82
---------------------------------------------------------------------------------------
TOT 61.3 94.3 5/28/20 41.5 5/19/20 216 102 3.02 2 26 5/23/20 ESE 29.97 60
HEAT BASE: 65.0
COOL BASE: 65.0