2024: Jan | Feb | Mar | Apr | May | Jun | Jul | Aug | Sep | Oct | Nov | Dec
2023: Jan | Feb | Mar | Apr | May | Jun | Jul | Aug | Sep | Oct | Nov | Dec
2022: Jan | Feb | Mar | Apr | May | Jun | Jul | Aug | Sep | Oct | Nov | Dec
2021: Jan | Feb | Mar | Apr | May | Jun | Jul | Aug | Sep | Oct | Nov | Dec
2020: Jan | Feb | Mar | Apr | May | Jun | Jul | Aug | Sep | Oct | Nov | Dec
2019: Jan | Feb | Mar | Apr | May | Jun | Jul | Aug | Sep | Oct | Nov | Dec
2018: Jan | Feb | Mar | Apr | May | Jun | Jul | Aug | Sep | Oct | Nov | Dec
2017: Jan | Feb | Mar | Apr | May | Jun | Jul | Aug | Sep | Oct | Nov | Dec
2016: Jan | Feb | Mar | Apr | May | Jun | Jul | Aug | Sep | Oct | Nov | Dec
2015: Jan | Feb | Mar | Apr | May | Jun | Jul | Aug | Sep | Oct | Nov | Dec
2014: Jan | Feb | Mar | Apr | May | Jun | Jul | Aug | Sep | Oct | Nov | Dec
2013: Jan | Feb | Mar | Apr | May | Jun | Jul | Aug | Sep | Oct | Nov | Dec
2012: Jan | Feb | Mar | Apr | May | Jun | Jul | Aug | Sep | Oct | Nov | Dec
2011: Jan | Feb | Mar | Apr | May | Jun | Jul | Aug | Sep | Oct | Nov | Dec
2010: Jan | Feb | Mar | Apr | May | Jun | Jul | Aug | Sep | Oct | Nov | Dec
2009: Jan | Feb | Mar | Apr | May | Jun | Jul | Aug | Sep | Oct | Nov | Dec
2008: Jan | Feb | Mar | Apr | May | Jun | Jul | Aug | Sep | Oct | Nov | Dec
Report for 2020 08
MONTHLY CLIMATOLOGICAL SUMMARY FOR 8/2020
HEAT COOL
MEAN DEG DEG WIND SPEED DOM MEAN MEAN
DAY TEMP HIGH TIME LOW TIME DAYS DAYS RAIN AVG HI TIME DIR BAROM HUM
---------------------------------------------------------------------------------------
1 77.6 92.9 4:44pm 67.9 6:26am 0 13 0.00 2 19 3:11am ESE 29.94 31
2 77.9 92.0 5:05pm 67.9 6:34am 0 13 0.00 3 18 2:04am ESE 29.95 31
3 78.1 93.0 4:47pm 67.8 6:36am 0 13 0.00 2 21 3:21am ESE 29.94 31
4 76.9 90.4 2:39pm 67.6 6:40am 0 12 0.00 2 18 5:08am ESE 29.87 38
5 72.0 83.2 1:32pm 62.2 10:59pm 0 7 0.00 2 15 7:14am ESE 29.83 48
6 69.2 81.8 5:11pm 59.5 6:45am 1 5 0.00 1 16 3:47pm ESE 29.85 54
7 71.3 84.5 4:22pm 60.4 6:39am 1 7 0.00 1 15 1:16am ESE 29.89 50
8 75.7 89.4 5:11pm 65.7 4:34am 0 11 0.00 1 15 2:18pm ESE 29.91 50
9 79.0 92.7 5:24pm 68.7 6:17am 0 14 0.00 1 15 1:05pm E 29.87 49
10 80.7 94.4 5:44pm 71.9 5:48am 0 16 0.00 2 16 2:05am ESE 29.82 48
11 78.5 90.4 4:52pm 70.5 11:57pm 0 13 0.00 4 19 3:52am ESE 29.82 41
12 77.9 92.0 2:04pm 67.7 6:04am 0 13 0.00 4 19 12:19am ESE 29.87 35
13 80.0 94.7 2:10pm 68.8 4:58am 0 15 0.00 4 22 1:07am ESE 29.91 32
14 83.8 99.0 2:28pm 71.7 4:59am 0 19 0.00 2 14 2:28pm E 29.88 32
15 86.8 101.8 2:09pm 77.1 6:54am 0 22 0.00 4 20 3:55am ESE 29.85 34
16 85.7 99.1 5:15pm 75.2 7:35am 0 21 0.01 4 20 1:18am E 29.89 35
17 86.8 101.7 1:07pm 77.5 12:03am 0 22 0.00 5 33 5:27pm NNW 29.89 34
18 85.5 98.5 1:51pm 77.0 4:57am 0 21 0.00 2 13 7:48am ESE 29.90 37
19 81.3 93.8 12:43pm 72.9 11:58pm 0 16 0.00 2 19 4:27am ESE 29.87 36
20 77.5 93.3 1:58pm 68.8 5:17am 0 13 0.00 3 22 5:44am ESE 29.82 31
21 73.6 86.5 4:29pm 67.3 7:14am 0 9 0.00 2 16 4:11am ESE 29.83 39
22 77.0 92.7 2:16pm 67.4 6:16am 0 12 0.00 2 19 12:04am ESE 29.85 35
23 78.3 92.5 2:46pm 70.2 6:14am 0 13 0.00 3 18 3:33am ESE 29.83 34
24 77.1 87.0 1:04pm 67.0 6:37am 0 12 0.00 1 14 1:50am ESE 29.81 45
25 76.8 88.5 2:15pm 69.9 6:51am 0 12 0.00 1 14 7:38am E 29.79 50
26 75.9 88.2 2:49pm 67.5 6:36am 0 11 0.00 2 16 3:38pm ESE 29.76 51
27 76.0 88.5 3:00pm 66.4 6:23am 0 11 0.00 3 20 2:08am ESE 29.76 46
28 76.3 89.9 2:00pm 65.9 6:20am 0 11 0.00 1 13 11:27am SW 29.76 41
29 77.6 90.3 1:47pm 69.6 6:56am 0 13 0.00 3 15 12:33am ESE 29.80 40
30 76.1 89.3 2:44pm 68.1 6:43am 0 11 0.00 2 15 2:18am ESE 29.79 41
31 75.1 87.6 4:37pm 67.3 5:11am 0 10 0.00 1 18 4:30am E 29.79 45
---------------------------------------------------------------------------------------
TOT 78.1 101.8 8/15/20 59.5 8/6/20 2 410 0.01 2 33 8/17/20 ESE 29.85 40
HEAT BASE: 65.0
COOL BASE: 65.0