2024: Jan | Feb | Mar | Apr | May | Jun | Jul | Aug | Sep | Oct | Nov | Dec
2023: Jan | Feb | Mar | Apr | May | Jun | Jul | Aug | Sep | Oct | Nov | Dec
2022: Jan | Feb | Mar | Apr | May | Jun | Jul | Aug | Sep | Oct | Nov | Dec
2021: Jan | Feb | Mar | Apr | May | Jun | Jul | Aug | Sep | Oct | Nov | Dec
2020: Jan | Feb | Mar | Apr | May | Jun | Jul | Aug | Sep | Oct | Nov | Dec
2019: Jan | Feb | Mar | Apr | May | Jun | Jul | Aug | Sep | Oct | Nov | Dec
2018: Jan | Feb | Mar | Apr | May | Jun | Jul | Aug | Sep | Oct | Nov | Dec
2017: Jan | Feb | Mar | Apr | May | Jun | Jul | Aug | Sep | Oct | Nov | Dec
2016: Jan | Feb | Mar | Apr | May | Jun | Jul | Aug | Sep | Oct | Nov | Dec
2015: Jan | Feb | Mar | Apr | May | Jun | Jul | Aug | Sep | Oct | Nov | Dec
2014: Jan | Feb | Mar | Apr | May | Jun | Jul | Aug | Sep | Oct | Nov | Dec
2013: Jan | Feb | Mar | Apr | May | Jun | Jul | Aug | Sep | Oct | Nov | Dec
2012: Jan | Feb | Mar | Apr | May | Jun | Jul | Aug | Sep | Oct | Nov | Dec
2011: Jan | Feb | Mar | Apr | May | Jun | Jul | Aug | Sep | Oct | Nov | Dec
2010: Jan | Feb | Mar | Apr | May | Jun | Jul | Aug | Sep | Oct | Nov | Dec
2009: Jan | Feb | Mar | Apr | May | Jun | Jul | Aug | Sep | Oct | Nov | Dec
2008: Jan | Feb | Mar | Apr | May | Jun | Jul | Aug | Sep | Oct | Nov | Dec
Report for 2021 05
MONTHLY CLIMATOLOGICAL SUMMARY FOR 5/2021
HEAT COOL
MEAN DEG DEG WIND SPEED DOM MEAN MEAN
DAY TEMP HIGH TIME LOW TIME DAYS DAYS RAIN AVG HI TIME DIR BAROM HUM
---------------------------------------------------------------------------------------
1 63.4 74.6 2:28pm 53.1 7:03am 4 2 0.00 3 23 2:59am ESE 29.92 47
2 61.3 72.3 1:57pm 51.2 6:17am 5 2 0.00 3 22 4:09pm NW 29.88 54
3 65.1 77.4 1:45pm 53.7 6:59am 4 4 0.00 3 19 6:24am NNW 29.90 36
4 68.0 81.2 5:12pm 57.8 7:09am 2 5 0.00 2 19 1:49am ESE 29.93 33
5 70.3 85.0 5:21pm 59.6 3:40am 1 7 0.00 3 18 7:22am E 29.91 39
6 66.9 77.8 1:59pm 56.4 11:59pm 2 4 0.00 3 17 2:31pm ESE 29.94 41
7 59.5 71.9 5:46pm 47.4 6:14am 7 1 0.00 1 24 2:09am WSW 29.98 49
8 64.4 78.5 2:16pm 53.9 2:08am 4 4 0.00 3 21 5:30pm E 29.99 33
9 65.2 77.2 5:13pm 55.8 5:39am 3 3 0.00 1 22 2:07am W 29.88 33
10 68.2 83.6 1:19pm 57.5 2:07am 2 5 0.00 4 24 4:40am E 29.85 33
11 70.3 82.9 1:50pm 61.1 6:48am 1 6 0.00 3 24 12:00am E 29.88 23
12 71.2 86.2 5:23pm 60.2 4:18am 1 7 0.00 2 18 7:16am ESE 29.95 30
13 71.4 85.5 4:36pm 61.1 6:40am 1 7 0.00 2 21 5:32am E 29.95 34
14 70.2 82.7 1:31pm 60.0 11:57pm 1 6 0.00 4 20 12:29am ESE 29.83 36
15 59.2 69.5 4:55pm 45.3 7:15am 6 0 0.00 1 14 12:48am W 29.79 64
16 62.2 74.3 5:19pm 54.7 7:03am 5 2 0.00 2 16 6:15pm SW 29.88 64
17 63.1 75.3 4:56pm 54.8 6:07am 4 2 0.00 3 20 11:11pm ESE 29.96 64
18 64.5 76.6 5:36pm 55.1 6:09am 4 3 0.00 3 22 11:04pm ESE 29.99 53
19 57.3 66.7 2:14pm 48.6 6:34am 8 0 0.00 5 21 9:48am SSE 29.88 40
20 46.8 56.4 1:03pm 38.2 6:16am 18 0 0.00 2 31 1:31pm SSE 29.97 60
21 49.0 62.3 2:36pm 40.1 3:53am 16 0 0.00 2 23 3:24pm N 29.98 55
22 52.5 65.7 4:44pm 42.9 5:48am 13 0 0.00 2 17 2:36pm E 30.06 60
23 58.5 70.1 4:43pm 49.9 4:42am 7 1 0.00 2 18 12:57pm SE 30.11 51
24 63.9 78.4 4:29pm 51.4 5:05am 5 4 0.00 1 15 6:53am E 30.09 46
25 63.4 75.2 4:59pm 55.7 6:37am 4 2 0.00 3 18 9:47am SSE 30.01 44
26 64.7 79.7 4:43pm 53.8 5:05am 4 4 0.00 1 18 7:51am E 30.02 32
27 66.6 81.9 5:23pm 55.2 5:54am 3 5 0.00 2 19 4:57am E 30.03 32
28 67.7 81.4 3:56pm 57.1 6:23am 2 5 0.00 1 14 4:06am E 29.95 43
29 68.0 80.7 5:27pm 58.5 5:52am 2 5 0.00 1 12 12:59pm WSW 29.85 55
30 74.6 91.0 4:59pm 60.5 5:57am 1 11 0.00 2 15 6:48am WNW 29.84 43
31 79.2 95.2 4:30pm 66.3 7:02am 0 14 0.00 3 19 4:32am ESE 29.86 31
---------------------------------------------------------------------------------------
TOT 64.4 95.2 5/31/21 38.2 5/20/21 141 123 0.00 2 31 5/20/21 ESE 29.94 44
HEAT BASE: 65.0
COOL BASE: 65.0